000
CDUS43 KARX 190645
CLILSE


CLIMATE REPORT
NATIONAL WEATHER SERVICE LA CROSSE WI
1240 AM CST SAT JAN 19 2019


...................................

...THE LA CROSSE WI CLIMATE SUMMARY FOR JANUARY 18 2019...

CLIMATE NORMAL PERIOD 1981 TO 2010
CLIMATE RECORD PERIOD 1873 TO 2019


WEATHER ITEM   OBSERVED TIME   RECORD YEAR NORMAL DEPARTURE LAST
                VALUE   (LST)  VALUE       VALUE  FROM      YEAR
                                                  NORMAL
..................................................................
TEMPERATURE (F)
 YESTERDAY
  MAXIMUM         18   1211 PM  53    1880  26     -8       36
  MINIMUM         10    608 AM -43    1873   8      2       17
  AVERAGE         14                        17     -3       27

PRECIPITATION (IN)
  YESTERDAY        0.27          0.56 1931   0.03   0.24     0.00
  MONTH TO DATE    0.56                      0.63  -0.07     0.46
  SINCE DEC 1      2.57                      1.99   0.58     0.99
  SINCE JAN 1      0.56                      0.63  -0.07     0.46

SNOWFALL (IN)
  YESTERDAY        3.5           6.7  1931   0.4    3.1      0.0
  MONTH TO DATE    3.7                       5.7   -2.0      8.1
  SINCE JUL 1      9.7                      21.3  -11.6     12.5
  SNOW DEPTH       T

DEGREE DAYS
 HEATING
  YESTERDAY       51                        48      3       38
  MONTH TO DATE  688                       860   -172      950
  SINCE JUL 1   3422                      3704   -282     3514

 COOLING
  YESTERDAY        0                         0      0        0
  MONTH TO DATE    0                         0      0        0
  SINCE JAN 1      0                         0      0        0
..................................................................


WIND (MPH)
  HIGHEST WIND SPEED    12   HIGHEST WIND DIRECTION     N (360)
  HIGHEST GUST SPEED    17   HIGHEST GUST DIRECTION     N (360)
  AVERAGE WIND SPEED     5.8


SKY COVER
  POSSIBLE SUNSHINE  MM
  AVERAGE SKY COVER 0.7


WEATHER CONDITIONS
 THE FOLLOWING WEATHER WAS RECORDED YESTERDAY.
  SNOW
  LIGHT SNOW
  FOG


RELATIVE HUMIDITY (PERCENT)
 HIGHEST    88           200 PM
 LOWEST     49          1100 AM
 AVERAGE    69

..........................................................


THE LA CROSSE WI CLIMATE NORMALS FOR TODAY
                         NORMAL    RECORD    YEAR
 MAXIMUM TEMPERATURE (F)   26        50      1947
 MINIMUM TEMPERATURE (F)    8       -32      1970


SUNRISE AND SUNSET
JANUARY 19 2019.......SUNRISE   734 AM CST   SUNSET   458 PM CST
JANUARY 20 2019.......SUNRISE   733 AM CST   SUNSET   459 PM CST


-  INDICATES NEGATIVE NUMBERS.
R  INDICATES RECORD WAS SET OR TIED.
MM INDICATES DATA IS MISSING.
T  INDICATES TRACE AMOUNT.




$$
