000
CDUS43 KARX 040634
CLILSE


CLIMATE REPORT
NATIONAL WEATHER SERVICE LA CROSSE WI
134 AM CDT SAT AUG 4 2018


...................................

...THE LA CROSSE WI CLIMATE SUMMARY FOR AUGUST 3 2018...

CLIMATE NORMAL PERIOD 1981 TO 2010
CLIMATE RECORD PERIOD 1873 TO 2018


WEATHER ITEM   OBSERVED TIME   RECORD YEAR NORMAL DEPARTURE LAST
                VALUE   (LST)  VALUE       VALUE  FROM      YEAR
                                                  NORMAL
..................................................................
TEMPERATURE (F)
 YESTERDAY
  MAXIMUM         84    501 PM 101    1988  83      1       77
  MINIMUM         55    558 AM  44    1894  63     -8       56
  AVERAGE         70                        73     -3       67

PRECIPITATION (IN)
  YESTERDAY        T             2.95 1924   0.14  -0.14     0.19
  MONTH TO DATE    0.33                      0.42  -0.09     0.20
  SINCE JUN 1      7.15                      9.02  -1.87    13.21
  SINCE JAN 1     21.28                     20.09   1.19    30.90

SNOWFALL (IN)
  YESTERDAY        0.0           0.0  2002   0.0    0.0      0.0
                                      2001
  MONTH TO DATE    0.0                       0.0    0.0      0.0
  SINCE JUL 1      0.0                       0.0    0.0      0.0
  SNOW DEPTH       0

DEGREE DAYS
 HEATING
  YESTERDAY        0                         0      0        0
  MONTH TO DATE    0                         0      0        0
  SINCE JUL 1      0                         5     -5        0

 COOLING
  YESTERDAY        5                         8     -3        2
  MONTH TO DATE   17                        24     -7       28
  SINCE JAN 1    777                       511    266      651
..................................................................


WIND (MPH)
  HIGHEST WIND SPEED    24   HIGHEST WIND DIRECTION     S (160)
  HIGHEST GUST SPEED    33   HIGHEST GUST DIRECTION     S (170)
  AVERAGE WIND SPEED     8.2


SKY COVER
  POSSIBLE SUNSHINE  MM
  AVERAGE SKY COVER 0.2


WEATHER CONDITIONS
 THE FOLLOWING WEATHER WAS RECORDED YESTERDAY.
  THUNDERSTORM
  LIGHT RAIN
  FOG


RELATIVE HUMIDITY (PERCENT)
 HIGHEST    93           100 AM
 LOWEST     58           300 PM
 AVERAGE    76

..........................................................


THE LA CROSSE WI CLIMATE NORMALS FOR TODAY
                         NORMAL    RECORD    YEAR
 MAXIMUM TEMPERATURE (F)   83        99      1896
 MINIMUM TEMPERATURE (F)   63        45      1912


SUNRISE AND SUNSET
AUGUST  4 2018........SUNRISE   557 AM CDT   SUNSET   825 PM CDT
AUGUST  5 2018........SUNRISE   558 AM CDT   SUNSET   823 PM CDT


-  INDICATES NEGATIVE NUMBERS.
R  INDICATES RECORD WAS SET OR TIED.
MM INDICATES DATA IS MISSING.
T  INDICATES TRACE AMOUNT.




$$
