502
CDUS43 KARX 230641
CLILSE


CLIMATE REPORT
NATIONAL WEATHER SERVICE LA CROSSE WI
139 AM CDT SAT JUN 23 2018

...THE LA CROSSE WI CLIMATE SUMMARY FOR JUNE 22 2018...

CLIMATE NORMAL PERIOD 1981 TO 2010
CLIMATE RECORD PERIOD 1873 TO 2018

WEATHER ITEM   OBSERVED TIME   RECORD YEAR NORMAL DEPARTURE LAST
                VALUE   (LST)  VALUE       VALUE  FROM      YEAR
                                                  NORMAL
..................................................................
TEMPERATURE (F)
 YESTERDAY
  MAXIMUM         83    550 PM  97    1995  82      1       76
                                      1911
  MINIMUM         62    411 AM  44    1902  61      1       69
  AVERAGE         73                        71      2       73

PRECIPITATION (IN)
  YESTERDAY        0.00          2.43 1964   0.15  -0.15     1.35
  MONTH TO DATE    3.53                      3.17   0.36     4.09
  SINCE JUN 1      3.53                      3.17   0.36     4.09
  SINCE JAN 1     17.66                     14.24   3.42    21.78

SNOWFALL (IN)
  YESTERDAY        0.0           0.0  2002   0.0    0.0      0.0
                                      2001
  MONTH TO DATE    0.0                       0.0    0.0      0.0
  SINCE JUL 1     49.8                      43.3    6.5     42.2
  SNOW DEPTH       0

DEGREE DAYS
 HEATING
  YESTERDAY        0                         1     -1        0
  MONTH TO DATE    3                        36    -33        2
  SINCE JUL 1   6988                      7193   -205     5768

 COOLING
  YESTERDAY        8                         7      1        8
  MONTH TO DATE  170                       104     66      202
  SINCE JAN 1    329                       152    177      239
..................................................................

WIND (MPH)
  HIGHEST WIND SPEED    12   HIGHEST WIND DIRECTION    NE (30)
  HIGHEST GUST SPEED    17   HIGHEST GUST DIRECTION     E (70)
  AVERAGE WIND SPEED     4.8

SKY COVER
  POSSIBLE SUNSHINE  MM
  AVERAGE SKY COVER 0.2

WEATHER CONDITIONS
 THE FOLLOWING WEATHER WAS RECORDED YESTERDAY.
  NO SIGNIFICANT WEATHER WAS OBSERVED.

RELATIVE HUMIDITY (PERCENT)
 HIGHEST    93           200 AM
 LOWEST     43           500 PM
 AVERAGE    68

..........................................................

THE LA CROSSE WI CLIMATE NORMALS FOR TODAY
                         NORMAL    RECORD    YEAR
 MAXIMUM TEMPERATURE (F)   82        98      2005
 MINIMUM TEMPERATURE (F)   61        42      1972

SUNRISE AND SUNSET
JUNE 23 2018..........SUNRISE   523 AM CDT   SUNSET   851 PM CDT
JUNE 24 2018..........SUNRISE   523 AM CDT   SUNSET   851 PM CDT

-  INDICATES NEGATIVE NUMBERS.
R  INDICATES RECORD WAS SET OR TIED.
MM INDICATES DATA IS MISSING.
T  INDICATES TRACE AMOUNT.

$$

Boyne
