818
CDUS43 KARX 160641
CLILSE


CLIMATE REPORT
NATIONAL WEATHER SERVICE LA CROSSE WI
1241 AM CST FRI NOV 16 2018


...................................

...THE LA CROSSE WI CLIMATE SUMMARY FOR NOVEMBER 15 2018...

CLIMATE NORMAL PERIOD 1981 TO 2010
CLIMATE RECORD PERIOD 1873 TO 2018


WEATHER ITEM   OBSERVED TIME   RECORD YEAR NORMAL DEPARTURE LAST
                VALUE   (LST)  VALUE       VALUE  FROM      YEAR
                                                  NORMAL
..................................................................
TEMPERATURE (F)
 YESTERDAY
  MAXIMUM         43    241 PM  70    2001  44     -1       48
  MINIMUM         27    728 AM   3    1940  29     -2       32
                                      1883
  AVERAGE         35                        36     -1       40

PRECIPITATION (IN)
  YESTERDAY        0.01          1.16 1988   0.07  -0.06      T
  MONTH TO DATE    2.54                      1.02   1.52     0.21
  SINCE SEP 1     12.57                      6.75   5.82     7.17
  SINCE JAN 1     40.40                     30.71   9.69    38.93

SNOWFALL (IN)
  YESTERDAY        T             1.0  2014   0.1   -0.1      0.0
                                      1909
  MONTH TO DATE    0.3                       1.1   -0.8       T
  SINCE JUL 1      0.4                       1.3   -0.9       T
  SNOW DEPTH       0

DEGREE DAYS
 HEATING
  YESTERDAY       30                        29      1       25
  MONTH TO DATE  473                       373    100      444
  SINCE JUL 1   1091                      1001     90      836

 COOLING
  YESTERDAY        0                         0      0        0
  MONTH TO DATE    0                         0      0        0
  SINCE JAN 1   1188                       782    406     1001
..................................................................


WIND (MPH)
  HIGHEST WIND SPEED    21   HIGHEST WIND DIRECTION     S (170)
  HIGHEST GUST SPEED    25   HIGHEST GUST DIRECTION     S (170)
  AVERAGE WIND SPEED    11.4


SKY COVER
  POSSIBLE SUNSHINE  MM
  AVERAGE SKY COVER 0.1


WEATHER CONDITIONS
 THE FOLLOWING WEATHER WAS RECORDED YESTERDAY.
  LIGHT RAIN
  LIGHT SNOW


RELATIVE HUMIDITY (PERCENT)
 HIGHEST    63           300 AM
 LOWEST     30           300 PM
 AVERAGE    47

..........................................................


THE LA CROSSE WI CLIMATE NORMALS FOR TODAY
                         NORMAL    RECORD    YEAR
 MAXIMUM TEMPERATURE (F)   44        70      1953
 MINIMUM TEMPERATURE (F)   28         2      1959


SUNRISE AND SUNSET
NOVEMBER 16 2018......SUNRISE   701 AM CST   SUNSET   438 PM CST
NOVEMBER 17 2018......SUNRISE   702 AM CST   SUNSET   437 PM CST


-  INDICATES NEGATIVE NUMBERS.
R  INDICATES RECORD WAS SET OR TIED.
MM INDICATES DATA IS MISSING.
T  INDICATES TRACE AMOUNT.




$$
