000
CDUS43 KARX 182130
CLILSE


CLIMATE REPORT
NATIONAL WEATHER SERVICE LA CROSSE WI
429 PM CDT TUE JUN 18 2019


...................................

...THE LA CROSSE WI CLIMATE SUMMARY FOR JUNE 18 2019...
VALID TODAY AS OF 0400 PM LOCAL TIME.

CLIMATE NORMAL PERIOD 1981 TO 2010
CLIMATE RECORD PERIOD 1873 TO 2019


WEATHER ITEM   OBSERVED TIME   RECORD YEAR NORMAL DEPARTURE LAST
                VALUE   (LST)  VALUE       VALUE  FROM      YEAR
                                                  NORMAL
..................................................................
TEMPERATURE (F)
 TODAY
  MAXIMUM         79    212 PM  96    1995  81     -2       87
                                      1988
  MINIMUM         65    118 AM  40    1876  60      5       69
  AVERAGE         72                        70      2       78

PRECIPITATION (IN)
  TODAY            0.01          4.50 2011   0.14  -0.13     0.39
  MONTH TO DATE    2.34                      2.57  -0.23     1.99
  SINCE JUN 1      2.34                      2.57  -0.23     1.99
  SINCE JAN 1     17.68                     13.64   4.04    16.12

SNOWFALL (IN)
  TODAY            0.0           0.0  2002   0.0    0.0      0.0
                                      2001
  MONTH TO DATE    0.0                       0.0    0.0      0.0
  SINCE JUL 1     64.3                      43.3   21.0     49.8
  SNOW DEPTH       0

DEGREE DAYS
 HEATING
  TODAY            0                         1     -1        0
  MONTH TO DATE   20                        32    -12        3
  SINCE JUL 1   7450                      7189    261     6988

 COOLING
  TODAY            7                         6      1       13
  MONTH TO DATE   70                        77     -7      154
  SINCE JAN 1    101                       125    -24      313
..................................................................


WIND (MPH)
  HIGHEST WIND SPEED     8   HIGHEST WIND DIRECTION     W (290)
  HIGHEST GUST SPEED    12   HIGHEST GUST DIRECTION    NW (300)
  AVERAGE WIND SPEED     3.3


SKY COVER
  POSSIBLE SUNSHINE  MM
  AVERAGE SKY COVER 0.8


WEATHER CONDITIONS
 THE FOLLOWING WEATHER WAS RECORDED TODAY.
  LIGHT RAIN
  FOG
  HAZE


RELATIVE HUMIDITY (PERCENT)
 HIGHEST    87          1200 AM
 LOWEST     46          1200 PM
 AVERAGE    67

..........................................................


THE LA CROSSE WI CLIMATE NORMALS FOR TOMORROW
                         NORMAL    RECORD    YEAR
 MAXIMUM TEMPERATURE (F)   81        98      1953
 MINIMUM TEMPERATURE (F)   60        43      1982


SUNRISE AND SUNSET
JUNE 18 2019..........SUNRISE   522 AM CDT   SUNSET   850 PM CDT
JUNE 19 2019..........SUNRISE   522 AM CDT   SUNSET   850 PM CDT


-  INDICATES NEGATIVE NUMBERS.
R  INDICATES RECORD WAS SET OR TIED.
MM INDICATES DATA IS MISSING.
T  INDICATES TRACE AMOUNT.




$$
