646
CDUS43 KARX 210631
CLILSE


CLIMATE REPORT
NATIONAL WEATHER SERVICE LA CROSSE WI
130 AM CDT SAT APR 21 2018


...................................

...THE LA CROSSE WI CLIMATE SUMMARY FOR APRIL 20 2018...

CLIMATE NORMAL PERIOD 1981 TO 2010
CLIMATE RECORD PERIOD 1873 TO 2018


WEATHER ITEM   OBSERVED TIME   RECORD YEAR NORMAL DEPARTURE LAST
                VALUE   (LST)  VALUE       VALUE  FROM      YEAR
                                                  NORMAL
..................................................................
TEMPERATURE (F)
 YESTERDAY
  MAXIMUM         57    439 PM  89    1987  62     -5       55
  MINIMUM         24    442 AM  22    2013  40    -16       41
  AVERAGE         41                        51    -10       48

PRECIPITATION (IN)
  YESTERDAY        0.00          1.57 1968   0.12  -0.12     0.06
  MONTH TO DATE    2.96                      2.13   0.83     3.97
  SINCE MAR 1      4.10                      4.17  -0.07     5.73
  SINCE JAN 1      6.70                      6.34   0.36     9.59

SNOWFALL (IN)
  YESTERDAY        0.0           0.1  2011   0.0    0.0      0.0
  MONTH TO DATE   19.0                       1.4   17.6      0.0
  SINCE JUL 1     49.8                      43.0    6.8     42.2
  SNOW DEPTH       3

DEGREE DAYS
 HEATING
  YESTERDAY       24                        15      9       17
  MONTH TO DATE  646                       375    271      232
  SINCE JUL 1   6798                      6828    -30     5414

 COOLING
  YESTERDAY        0                         0      0        0
  MONTH TO DATE    0                         0      0        6
  SINCE JAN 1      0                         0      0        6
..................................................................


WIND (MPH)
  HIGHEST WIND SPEED    13   HIGHEST WIND DIRECTION    SW (210)
  HIGHEST GUST SPEED    16   HIGHEST GUST DIRECTION     S (200)
  AVERAGE WIND SPEED     3.1


SKY COVER
  POSSIBLE SUNSHINE  MM
  AVERAGE SKY COVER 0.0


WEATHER CONDITIONS
 THE FOLLOWING WEATHER WAS RECORDED YESTERDAY.
  NO SIGNIFICANT WEATHER WAS OBSERVED.


RELATIVE HUMIDITY (PERCENT)
 HIGHEST    85           100 AM
 LOWEST     20           200 PM
 AVERAGE    53

..........................................................


THE LA CROSSE WI CLIMATE NORMALS FOR TODAY
                         NORMAL    RECORD    YEAR
 MAXIMUM TEMPERATURE (F)   62        91      1980
 MINIMUM TEMPERATURE (F)   40        26      1988
                                             1978


SUNRISE AND SUNSET
APRIL 21 2018.........SUNRISE   612 AM CDT   SUNSET   756 PM CDT
APRIL 22 2018.........SUNRISE   610 AM CDT   SUNSET   757 PM CDT


-  INDICATES NEGATIVE NUMBERS.
R  INDICATES RECORD WAS SET OR TIED.
MM INDICATES DATA IS MISSING.
T  INDICATES TRACE AMOUNT.




$$
