000
CDUS43 KARX 180634
CLILSE


CLIMATE REPORT
NATIONAL WEATHER SERVICE LA CROSSE WI
134 AM CDT WED APR 18 2018


...................................

...THE LA CROSSE WI CLIMATE SUMMARY FOR APRIL 17 2018...

CLIMATE NORMAL PERIOD 1981 TO 2010
CLIMATE RECORD PERIOD 1873 TO 2018


WEATHER ITEM   OBSERVED TIME   RECORD YEAR NORMAL DEPARTURE LAST
                VALUE   (LST)  VALUE       VALUE  FROM      YEAR
                                                  NORMAL
..................................................................
TEMPERATURE (F)
 YESTERDAY
  MAXIMUM         42    510 PM  83    2016  60    -18       68
  MINIMUM         28    539 AM  15    1875  39    -11       49
  AVERAGE         35                        49    -14       59

PRECIPITATION (IN)
  YESTERDAY        0.00          1.59 1976   0.12  -0.12      T
  MONTH TO DATE    2.49                      1.78   0.71     2.87
  SINCE MAR 1      3.63                      3.82  -0.19     4.63
  SINCE JAN 1      6.23                      5.99   0.24     8.49

SNOWFALL (IN)
  YESTERDAY        0.0           1.6  1965   0.1   -0.1      0.0
  MONTH TO DATE   13.0                       1.3   11.7      0.0
  SINCE JUL 1     43.8                      42.9    0.9     42.2
  SNOW DEPTH       5

DEGREE DAYS
 HEATING
  YESTERDAY       30                        16     14        6
  MONTH TO DATE  560                       330    230      197
  SINCE JUL 1   6712                      6783    -71     5379

 COOLING
  YESTERDAY        0                         0      0        0
  MONTH TO DATE    0                         0      0        6
  SINCE JAN 1      0                         0      0        6
..................................................................


WIND (MPH)
  HIGHEST WIND SPEED    20   HIGHEST WIND DIRECTION    NW (320)
  HIGHEST GUST SPEED    26   HIGHEST GUST DIRECTION     N (340)
  AVERAGE WIND SPEED    10.5


SKY COVER
  POSSIBLE SUNSHINE  MM
  AVERAGE SKY COVER 0.3


WEATHER CONDITIONS
 THE FOLLOWING WEATHER WAS RECORDED YESTERDAY.
  NO SIGNIFICANT WEATHER WAS OBSERVED.


RELATIVE HUMIDITY (PERCENT)
 HIGHEST    69           400 AM
 LOWEST     43           400 PM
 AVERAGE    56

..........................................................


THE LA CROSSE WI CLIMATE NORMALS FOR TODAY
                         NORMAL    RECORD    YEAR
 MAXIMUM TEMPERATURE (F)   61        89      1985
 MINIMUM TEMPERATURE (F)   39        20      1983


SUNRISE AND SUNSET
APRIL 18 2018.........SUNRISE   617 AM CDT   SUNSET   753 PM CDT
APRIL 19 2018.........SUNRISE   615 AM CDT   SUNSET   754 PM CDT


-  INDICATES NEGATIVE NUMBERS.
R  INDICATES RECORD WAS SET OR TIED.
MM INDICATES DATA IS MISSING.
T  INDICATES TRACE AMOUNT.




$$
