711
CDUS43 KARX 190636
CLILSE


CLIMATE REPORT
NATIONAL WEATHER SERVICE LA CROSSE WI
135 AM CDT THU APR 19 2018


...................................

...THE LA CROSSE WI CLIMATE SUMMARY FOR APRIL 18 2018...

CLIMATE NORMAL PERIOD 1981 TO 2010
CLIMATE RECORD PERIOD 1873 TO 2018


WEATHER ITEM   OBSERVED TIME   RECORD YEAR NORMAL DEPARTURE LAST
                VALUE   (LST)  VALUE       VALUE  FROM      YEAR
                                                  NORMAL
..................................................................
TEMPERATURE (F)
 YESTERDAY
  MAXIMUM         36   1140 AM  89    1985  61    -25       69
  MINIMUM         28   1159 PM  20    1983  39    -11       46
  AVERAGE         32                        50    -18       58

PRECIPITATION (IN)
  YESTERDAY        0.47          1.58 2008   0.11   0.36      T
  MONTH TO DATE    2.96                      1.89   1.07     2.87
  SINCE MAR 1      4.10                      3.93   0.17     4.63
  SINCE JAN 1      6.70                      6.10   0.60     8.49

SNOWFALL (IN)
  YESTERDAY        6.0 R         0.1  1910   0.0    6.0      0.0
                                      2001
  MONTH TO DATE   19.0                       1.3   17.7      0.0
  SINCE JUL 1     49.8                      42.9    6.9     42.2
  SNOW DEPTH       3

DEGREE DAYS
 HEATING
  YESTERDAY       33                        15     18        7
  MONTH TO DATE  593                       345    248      204
  SINCE JUL 1   6745                      6798    -53     5386

 COOLING
  YESTERDAY        0                         0      0        0
  MONTH TO DATE    0                         0      0        6
  SINCE JAN 1      0                         0      0        6
..................................................................


WIND (MPH)
  HIGHEST WIND SPEED    17   HIGHEST WIND DIRECTION     E (70)
  HIGHEST GUST SPEED    25   HIGHEST GUST DIRECTION     E (80)
  AVERAGE WIND SPEED     8.3


SKY COVER
  POSSIBLE SUNSHINE  MM
  AVERAGE SKY COVER 0.9


WEATHER CONDITIONS
 THE FOLLOWING WEATHER WAS RECORDED YESTERDAY.
  HEAVY SNOW
  SNOW
  LIGHT SNOW
  FOG
  FOG W/VISIBILITY <= 1/4 MILE


RELATIVE HUMIDITY (PERCENT)
 HIGHEST    96           500 PM
 LOWEST     56           100 AM
 AVERAGE    76

..........................................................


THE LA CROSSE WI CLIMATE NORMALS FOR TODAY
                         NORMAL    RECORD    YEAR
 MAXIMUM TEMPERATURE (F)   61        87      1985
 MINIMUM TEMPERATURE (F)   40        20      1983


SUNRISE AND SUNSET
APRIL 19 2018.........SUNRISE   615 AM CDT   SUNSET   754 PM CDT
APRIL 20 2018.........SUNRISE   614 AM CDT   SUNSET   755 PM CDT


-  INDICATES NEGATIVE NUMBERS.
R  INDICATES RECORD WAS SET OR TIED.
MM INDICATES DATA IS MISSING.
T  INDICATES TRACE AMOUNT.




$$
