000
CDUS43 KARX 102128
CLILSE


CLIMATE REPORT
NATIONAL WEATHER SERVICE LA CROSSE WI
426 PM CDT THU MAY 10 2018


...................................

...THE LA CROSSE WI CLIMATE SUMMARY FOR MAY 10 2018...
VALID TODAY AS OF 0400 PM LOCAL TIME.

CLIMATE NORMAL PERIOD 1981 TO 2010
CLIMATE RECORD PERIOD 1873 TO 2018


WEATHER ITEM   OBSERVED TIME   RECORD YEAR NORMAL DEPARTURE LAST
                VALUE   (LST)  VALUE       VALUE  FROM      YEAR
                                                  NORMAL
..................................................................
TEMPERATURE (F)
 TODAY
  MAXIMUM         67    259 PM  90    1911  69     -2       67
  MINIMUM         54    328 AM  27    1966  47      7       49
  AVERAGE         61                        58      3       58

PRECIPITATION (IN)
  TODAY            0.00          1.02 1892   0.11  -0.11     0.02
  MONTH TO DATE    3.21                      1.13   2.08     1.15
  SINCE MAR 1      7.33                      6.51   0.82     7.78
  SINCE JAN 1      9.93                      8.68   1.25    11.64

SNOWFALL (IN)
  TODAY            0.0           0.0  2002   0.0    0.0      0.0
                                      2001
  MONTH TO DATE    0.0                       0.1   -0.1       T
  SINCE JUL 1     49.8                      43.4    6.4     42.2
  SNOW DEPTH       0

DEGREE DAYS
 HEATING
  TODAY            4                         8     -4        7
  MONTH TO DATE   11                        90    -79      114
  SINCE JUL 1   6928                      7042   -114     5668

 COOLING
  TODAY            0                         1     -1        0
  MONTH TO DATE   21                         8     13        0
  SINCE JAN 1     24                        15      9        6
..................................................................


WIND (MPH)
  HIGHEST WIND SPEED    15   HIGHEST WIND DIRECTION    NW (310)
  HIGHEST GUST SPEED    21   HIGHEST GUST DIRECTION    NW (310)
  AVERAGE WIND SPEED    10.7


SKY COVER
  POSSIBLE SUNSHINE  MM
  AVERAGE SKY COVER 0.6


WEATHER CONDITIONS
 THE FOLLOWING WEATHER WAS RECORDED TODAY.
  NO SIGNIFICANT WEATHER WAS OBSERVED.


RELATIVE HUMIDITY (PERCENT)
 HIGHEST    86           400 AM
 LOWEST     29           300 PM
 AVERAGE    58

..........................................................


THE LA CROSSE WI CLIMATE NORMALS FOR TOMORROW
                         NORMAL    RECORD    YEAR
 MAXIMUM TEMPERATURE (F)   69        89      1922
 MINIMUM TEMPERATURE (F)   47        30      1925


SUNRISE AND SUNSET
MAY 10 2018...........SUNRISE   545 AM CDT   SUNSET   819 PM CDT
MAY 11 2018...........SUNRISE   544 AM CDT   SUNSET   820 PM CDT


-  INDICATES NEGATIVE NUMBERS.
R  INDICATES RECORD WAS SET OR TIED.
MM INDICATES DATA IS MISSING.
T  INDICATES TRACE AMOUNT.




$$
