000
CDUS43 KARX 050642
CLILSE


CLIMATE REPORT
NATIONAL WEATHER SERVICE LA CROSSE WI
140 AM CDT THU APR 5 2018


...................................

...THE LA CROSSE WI CLIMATE SUMMARY FOR APRIL 4 2018...

CLIMATE NORMAL PERIOD 1981 TO 2010
CLIMATE RECORD PERIOD 1873 TO 2018


WEATHER ITEM   OBSERVED TIME   RECORD YEAR NORMAL DEPARTURE LAST
                VALUE   (LST)  VALUE       VALUE  FROM      YEAR
                                                  NORMAL
..................................................................
TEMPERATURE (F)
 YESTERDAY
  MAXIMUM         31    238 PM  80    1929  54    -23       64
                                      1910
  MINIMUM         17   1158 PM  11    1995  33    -16       45
  AVERAGE         24                        43    -19       55

PRECIPITATION (IN)
  YESTERDAY        0.05          1.47 1892   0.10  -0.05     0.34
  MONTH TO DATE    0.51                      0.36   0.15     1.44
  SINCE MAR 1      1.65                      2.40  -0.75     3.20
  SINCE JAN 1      4.25                      4.57  -0.32     7.06

SNOWFALL (IN)
  YESTERDAY        0.6           3.2  1936   0.1    0.5      0.0
  MONTH TO DATE    7.3                       0.4    6.9      0.0
  SINCE JUL 1     38.1                      42.0   -3.9     42.2
  SNOW DEPTH       7

DEGREE DAYS
 HEATING
  YESTERDAY       41                        22     19       10
  MONTH TO DATE  148                        90     58       59
  SINCE JUL 1   6300                      6543   -243     5241

 COOLING
  YESTERDAY        0                         0      0        0
  MONTH TO DATE    0                         0      0        0
  SINCE JAN 1      0                         0      0        0
..................................................................


WIND (MPH)
  HIGHEST WIND SPEED    26   HIGHEST WIND DIRECTION    NW (300)
  HIGHEST GUST SPEED    33   HIGHEST GUST DIRECTION    NW (300)
  AVERAGE WIND SPEED    13.2


SKY COVER
  POSSIBLE SUNSHINE  MM
  AVERAGE SKY COVER 0.4


WEATHER CONDITIONS
 THE FOLLOWING WEATHER WAS RECORDED YESTERDAY.
  LIGHT SNOW
  FOG


RELATIVE HUMIDITY (PERCENT)
 HIGHEST    84           100 AM
 LOWEST     39           200 PM
 AVERAGE    62

..........................................................


THE LA CROSSE WI CLIMATE NORMALS FOR TODAY
                         NORMAL    RECORD    YEAR
 MAXIMUM TEMPERATURE (F)   54        85      1991
 MINIMUM TEMPERATURE (F)   34        12      1887


SUNRISE AND SUNSET
APRIL  5 2018.........SUNRISE   639 AM CDT   SUNSET   737 PM CDT
APRIL  6 2018.........SUNRISE   637 AM CDT   SUNSET   738 PM CDT


-  INDICATES NEGATIVE NUMBERS.
R  INDICATES RECORD WAS SET OR TIED.
MM INDICATES DATA IS MISSING.
T  INDICATES TRACE AMOUNT.




$$
