000
CDUS43 KARX 162135
CLILSE


CLIMATE REPORT
NATIONAL WEATHER SERVICE LA CROSSE WI
434 PM CDT MON APR 16 2018


...................................

...THE LA CROSSE WI CLIMATE SUMMARY FOR APRIL 16 2018...
VALID TODAY AS OF 0430 PM LOCAL TIME.

CLIMATE NORMAL PERIOD 1981 TO 2010
CLIMATE RECORD PERIOD 1873 TO 2018


WEATHER ITEM   OBSERVED TIME   RECORD YEAR NORMAL DEPARTURE LAST
                VALUE   (LST)  VALUE       VALUE  FROM      YEAR
                                                  NORMAL
..................................................................
TEMPERATURE (F)
 TODAY
  MAXIMUM         34   1217 PM  87    1964  60    -26       69
  MINIMUM         26    545 AM  13    1875  38    -12       50
  AVERAGE         30                        49    -19       60

PRECIPITATION (IN)
  TODAY            T             0.95 1960   0.12  -0.12     0.00
  MONTH TO DATE    2.49                      1.66   0.83     2.87
  SINCE MAR 1      3.63                      3.70  -0.07     4.63
  SINCE JAN 1      6.23                      5.87   0.36     8.49

SNOWFALL (IN)
  TODAY            0.1           6.6  1910   0.0    0.1      0.0
  MONTH TO DATE   13.1                       1.2   11.9      0.0
  SINCE JUL 1     43.9                      42.8    1.1     42.2
  SNOW DEPTH       6

DEGREE DAYS
 HEATING
  TODAY           35                        16     19        5
  MONTH TO DATE  530                       314    216      191
  SINCE JUL 1   6682                      6767    -85     5373

 COOLING
  TODAY            0                         0      0        0
  MONTH TO DATE    0                         0      0        6
  SINCE JAN 1      0                         0      0        6
..................................................................


WIND (MPH)
  HIGHEST WIND SPEED    24   HIGHEST WIND DIRECTION    NW (330)
  HIGHEST GUST SPEED    30   HIGHEST GUST DIRECTION    NW (320)
  AVERAGE WIND SPEED    16.9


SKY COVER
  POSSIBLE SUNSHINE  MM
  AVERAGE SKY COVER 1.0


WEATHER CONDITIONS
 THE FOLLOWING WEATHER WAS RECORDED TODAY.
  LIGHT SNOW
  FOG
  HAZE


RELATIVE HUMIDITY (PERCENT)
 HIGHEST    81           200 AM
 LOWEST     56          1200 PM
 AVERAGE    69

..........................................................


THE LA CROSSE WI CLIMATE NORMALS FOR TOMORROW
                         NORMAL    RECORD    YEAR
 MAXIMUM TEMPERATURE (F)   60        83      2016
 MINIMUM TEMPERATURE (F)   39        15      1875


SUNRISE AND SUNSET
APRIL 16 2018.........SUNRISE   620 AM CDT   SUNSET   750 PM CDT
APRIL 17 2018.........SUNRISE   619 AM CDT   SUNSET   751 PM CDT


-  INDICATES NEGATIVE NUMBERS.
R  INDICATES RECORD WAS SET OR TIED.
MM INDICATES DATA IS MISSING.
T  INDICATES TRACE AMOUNT.




$$
