000
CDUS43 KARX 151239 CCA
CLILSE

CLIMATE REPORT...CORRECTED SNOW TOTAL
NATIONAL WEATHER SERVICE LA CROSSE WI
155 AM CDT SUN APR 15 2018


...................................

...THE LA CROSSE WI CLIMATE SUMMARY FOR APRIL 14 2018...

CLIMATE NORMAL PERIOD 1981 TO 2010
CLIMATE RECORD PERIOD 1873 TO 2018


WEATHER ITEM   OBSERVED TIME   RECORD YEAR NORMAL DEPARTURE LAST
                VALUE   (LST)  VALUE       VALUE  FROM      YEAR
                                                  NORMAL
..................................................................
TEMPERATURE (F)
 YESTERDAY
  MAXIMUM         35    839 AM  90    2003  59    -24       69
  MINIMUM         25   1044 PM  20    1928  37    -12       48
  AVERAGE         30                        48    -18       59

PRECIPITATION (IN)
  YESTERDAY        0.54          1.35 2013   0.12   0.42     0.58
  MONTH TO DATE    2.38                      1.43   0.95     2.57
  SINCE MAR 1      3.52                      3.47   0.05     4.33
  SINCE JAN 1      6.12                      5.64   0.48     8.19

SNOWFALL (IN)
  YESTERDAY        3.3           3.7  1928   0.1    3.2      0.0
  MONTH TO DATE   10.9                       1.1    9.8      0.0
  SINCE JUL 1     41.7                      42.7   -1.0     42.2
  SNOW DEPTH       1

DEGREE DAYS
 HEATING
  YESTERDAY       35                        17     18        6
  MONTH TO DATE  456                       281    175      186
  SINCE JUL 1   6608                      6734   -126     5368

 COOLING
  YESTERDAY        0                         0      0        0
  MONTH TO DATE    0                         0      0        3
  SINCE JAN 1      0                         0      0        3
..................................................................


WIND (MPH)
  HIGHEST WIND SPEED    31   HIGHEST WIND DIRECTION    NE (50)
  HIGHEST GUST SPEED    57   HIGHEST GUST DIRECTION    NE (50)
  AVERAGE WIND SPEED    17.5


SKY COVER
  POSSIBLE SUNSHINE  MM
  AVERAGE SKY COVER 1.0


WEATHER CONDITIONS
 THE FOLLOWING WEATHER WAS RECORDED YESTERDAY.
  RAIN
  LIGHT RAIN
  SNOW
  LIGHT SNOW
  SLEET
  FOG
  HAZE


RELATIVE HUMIDITY (PERCENT)
 HIGHEST    88          1000 PM
 LOWEST     69           900 AM
 AVERAGE    79

..........................................................


THE LA CROSSE WI CLIMATE NORMALS FOR TODAY
                         NORMAL    RECORD    YEAR
 MAXIMUM TEMPERATURE (F)   59        90      2002
 MINIMUM TEMPERATURE (F)   38        17      1928


SUNRISE AND SUNSET
APRIL 15 2018.........SUNRISE   622 AM CDT   SUNSET   749 PM CDT
APRIL 16 2018.........SUNRISE   620 AM CDT   SUNSET   750 PM CDT


-  INDICATES NEGATIVE NUMBERS.
R  INDICATES RECORD WAS SET OR TIED.
MM INDICATES DATA IS MISSING.
T  INDICATES TRACE AMOUNT.




$$
