000
CDUS43 KARX 110652
CLILSE


CLIMATE REPORT
NATIONAL WEATHER SERVICE LA CROSSE WI
151 AM CDT WED APR 11 2018


...................................

...THE LA CROSSE WI CLIMATE SUMMARY FOR APRIL 10 2018...

CLIMATE NORMAL PERIOD 1981 TO 2010
CLIMATE RECORD PERIOD 1873 TO 2018


WEATHER ITEM   OBSERVED TIME   RECORD YEAR NORMAL DEPARTURE LAST
                VALUE   (LST)  VALUE       VALUE  FROM      YEAR
                                                  NORMAL
..................................................................
TEMPERATURE (F)
 YESTERDAY
  MAXIMUM         43    141 PM  91    1930  57    -14       65
  MINIMUM         28    529 AM  19    1909  36     -8       38
  AVERAGE         36                        46    -10       52

PRECIPITATION (IN)
  YESTERDAY        T             1.42 2011   0.11  -0.11     0.23
  MONTH TO DATE    0.52                      0.97  -0.45     1.67
  SINCE MAR 1      1.66                      3.01  -1.35     3.43
  SINCE JAN 1      4.26                      5.18  -0.92     7.29

SNOWFALL (IN)
  YESTERDAY        T             1.0  1914   0.0    0.0      0.0
                                      1995
  MONTH TO DATE    7.6                       0.8    6.8      0.0
  SINCE JUL 1     38.4                      42.4   -4.0     42.2
  SNOW DEPTH       T

DEGREE DAYS
 HEATING
  YESTERDAY       29                        19     10       13
  MONTH TO DATE  359                       210    149      130
  SINCE JUL 1   6511                      6663   -152     5312

 COOLING
  YESTERDAY        0                         0      0        0
  MONTH TO DATE    0                         0      0        3
  SINCE JAN 1      0                         0      0        3
..................................................................


WIND (MPH)
  HIGHEST WIND SPEED    16   HIGHEST WIND DIRECTION    SW (210)
  HIGHEST GUST SPEED    20   HIGHEST GUST DIRECTION    SW (220)
  AVERAGE WIND SPEED     8.3


SKY COVER
  POSSIBLE SUNSHINE  MM
  AVERAGE SKY COVER 0.9


WEATHER CONDITIONS
 THE FOLLOWING WEATHER WAS RECORDED YESTERDAY.
  LIGHT SNOW


RELATIVE HUMIDITY (PERCENT)
 HIGHEST    78          1200 AM
 LOWEST     48           200 PM
 AVERAGE    63

..........................................................


THE LA CROSSE WI CLIMATE NORMALS FOR TODAY
                         NORMAL    RECORD    YEAR
 MAXIMUM TEMPERATURE (F)   57        85      1977
 MINIMUM TEMPERATURE (F)   36        20      1940


SUNRISE AND SUNSET
APRIL 11 2018.........SUNRISE   629 AM CDT   SUNSET   744 PM CDT
APRIL 12 2018.........SUNRISE   627 AM CDT   SUNSET   745 PM CDT


-  INDICATES NEGATIVE NUMBERS.
R  INDICATES RECORD WAS SET OR TIED.
MM INDICATES DATA IS MISSING.
T  INDICATES TRACE AMOUNT.




$$
