000
CDUS43 KARX 292138
CLILSE


CLIMATE REPORT
NATIONAL WEATHER SERVICE LA CROSSE WI
438 PM CDT THU MAR 29 2018


...................................

...THE LA CROSSE WI CLIMATE SUMMARY FOR MARCH 29 2018...
VALID TODAY AS OF 0400 PM LOCAL TIME.

CLIMATE NORMAL PERIOD 1981 TO 2010
CLIMATE RECORD PERIOD 1873 TO 2018


WEATHER ITEM   OBSERVED TIME   RECORD YEAR NORMAL DEPARTURE LAST
                VALUE   (LST)  VALUE       VALUE  FROM      YEAR
                                                  NORMAL
..................................................................
TEMPERATURE (F)
 TODAY
  MAXIMUM         48    300 PM  84    1986  51     -3       48
  MINIMUM         31    700 AM   1    1969  31      0       40
  AVERAGE         40                        40      0       44

PRECIPITATION (IN)
  TODAY            0.00          1.23 1924   0.08  -0.08     0.13
  MONTH TO DATE    0.87                      1.87  -1.00     1.65
  SINCE MAR 1      0.87                      1.87  -1.00     1.65
  SINCE JAN 1      3.47                      4.04  -0.57     5.51

SNOWFALL (IN)
  TODAY           MM             7.5  1924   0.1   MM        0.0
  MONTH TO DATE    6.1                       6.8   -0.7      8.0
  SINCE JUL 1     30.8                      41.3  -10.5     42.2
  SNOW DEPTH       0

DEGREE DAYS
 HEATING
  TODAY           25                        25      0       21
  MONTH TO DATE  879                       897    -18      859
  SINCE JUL 1   6088                      6406   -318     5139

 COOLING
  TODAY            0                         0      0        0
  MONTH TO DATE    0                         0      0        0
  SINCE JAN 1      0                         0      0        0
..................................................................


WIND (MPH)
  HIGHEST WIND SPEED    21   HIGHEST WIND DIRECTION    NW (330)
  HIGHEST GUST SPEED    27   HIGHEST GUST DIRECTION    NW (330)
  AVERAGE WIND SPEED    14.1


SKY COVER
  POSSIBLE SUNSHINE  MM
  AVERAGE SKY COVER 0.2


WEATHER CONDITIONS
 THE FOLLOWING WEATHER WAS RECORDED TODAY.
  LIGHT RAIN


RELATIVE HUMIDITY (PERCENT)
 HIGHEST    82          1200 AM
 LOWEST     28           300 PM
 AVERAGE    55

..........................................................


THE LA CROSSE WI CLIMATE NORMALS FOR TOMORROW
                         NORMAL    RECORD    YEAR
 MAXIMUM TEMPERATURE (F)   51        80      1967
 MINIMUM TEMPERATURE (F)   31         2      1969


SUNRISE AND SUNSET
MARCH 29 2018.........SUNRISE   652 AM CDT   SUNSET   728 PM CDT
MARCH 30 2018.........SUNRISE   650 AM CDT   SUNSET   730 PM CDT


-  INDICATES NEGATIVE NUMBERS.
R  INDICATES RECORD WAS SET OR TIED.
MM INDICATES DATA IS MISSING.
T  INDICATES TRACE AMOUNT.




$$
