000
CDUS43 KARX 120651
CLILSE


CLIMATE REPORT
NATIONAL WEATHER SERVICE LA CROSSE WI
149 AM CDT THU APR 12 2018


...................................

...THE LA CROSSE WI CLIMATE SUMMARY FOR APRIL 11 2018...

CLIMATE NORMAL PERIOD 1981 TO 2010
CLIMATE RECORD PERIOD 1873 TO 2018


WEATHER ITEM   OBSERVED TIME   RECORD YEAR NORMAL DEPARTURE LAST
                VALUE   (LST)  VALUE       VALUE  FROM      YEAR
                                                  NORMAL
..................................................................
TEMPERATURE (F)
 YESTERDAY
  MAXIMUM         54    540 PM  85    1977  57     -3       50
  MINIMUM         27    508 AM  20    1940  36     -9       36
  AVERAGE         41                        47     -6       43

PRECIPITATION (IN)
  YESTERDAY        0.11          1.49 1922   0.11   0.00     0.01
  MONTH TO DATE    0.63                      1.08  -0.45     1.68
  SINCE MAR 1      1.77                      3.12  -1.35     3.44
  SINCE JAN 1      4.37                      5.29  -0.92     7.30

SNOWFALL (IN)
  YESTERDAY        0.0           3.0  2007   0.1   -0.1      0.0
  MONTH TO DATE    7.6                       0.9    6.7      0.0
  SINCE JUL 1     38.4                      42.5   -4.1     42.2
  SNOW DEPTH       T

DEGREE DAYS
 HEATING
  YESTERDAY       24                        18      6       22
  MONTH TO DATE  383                       228    155      152
  SINCE JUL 1   6535                      6681   -146     5334

 COOLING
  YESTERDAY        0                         0      0        0
  MONTH TO DATE    0                         0      0        3
  SINCE JAN 1      0                         0      0        3
..................................................................


WIND (MPH)
  HIGHEST WIND SPEED    13   HIGHEST WIND DIRECTION     E (110)
  HIGHEST GUST SPEED    16   HIGHEST GUST DIRECTION     E (100)
  AVERAGE WIND SPEED     4.8


SKY COVER
  POSSIBLE SUNSHINE  MM
  AVERAGE SKY COVER 0.4


WEATHER CONDITIONS
 THE FOLLOWING WEATHER WAS RECORDED YESTERDAY.
  RAIN
  LIGHT RAIN
  FOG


RELATIVE HUMIDITY (PERCENT)
 HIGHEST    92           400 AM
 LOWEST     35           200 PM
 AVERAGE    64

..........................................................


THE LA CROSSE WI CLIMATE NORMALS FOR TODAY
                         NORMAL    RECORD    YEAR
 MAXIMUM TEMPERATURE (F)   58        81      1931
 MINIMUM TEMPERATURE (F)   37        19      1957
                                             1939


SUNRISE AND SUNSET
APRIL 12 2018.........SUNRISE   627 AM CDT   SUNSET   745 PM CDT
APRIL 13 2018.........SUNRISE   625 AM CDT   SUNSET   746 PM CDT


-  INDICATES NEGATIVE NUMBERS.
R  INDICATES RECORD WAS SET OR TIED.
MM INDICATES DATA IS MISSING.
T  INDICATES TRACE AMOUNT.




$$
