000
CDUS43 KARX 250631
CLILSE


CLIMATE REPORT
NATIONAL WEATHER SERVICE LA CROSSE WI
130 AM CDT WED APR 25 2018


...................................

...THE LA CROSSE WI CLIMATE SUMMARY FOR APRIL 24 2018...

CLIMATE NORMAL PERIOD 1981 TO 2010
CLIMATE RECORD PERIOD 1873 TO 2018


WEATHER ITEM   OBSERVED TIME   RECORD YEAR NORMAL DEPARTURE LAST
                VALUE   (LST)  VALUE       VALUE  FROM      YEAR
                                                  NORMAL
..................................................................
TEMPERATURE (F)
 YESTERDAY
  MAXIMUM         76    250 PM  90    2009  63     13       74
  MINIMUM         37    541 AM  24    1956  42     -5       45
  AVERAGE         57                        52      5       60

PRECIPITATION (IN)
  YESTERDAY        0.00          1.50 1950   0.12  -0.12     0.00
  MONTH TO DATE    2.96                      2.60   0.36     3.97
  SINCE MAR 1      4.10                      4.64  -0.54     5.73
  SINCE JAN 1      6.70                      6.81  -0.11     9.59

SNOWFALL (IN)
  YESTERDAY        0.0           1.8  1910   0.1   -0.1      0.0
                                      2001
  MONTH TO DATE   19.0                       1.6   17.4      0.0
  SINCE JUL 1     49.8                      43.2    6.6     42.2
  SNOW DEPTH       0

DEGREE DAYS
 HEATING
  YESTERDAY        8                        13     -5        5
  MONTH TO DATE  697                       429    268      267
  SINCE JUL 1   6849                      6882    -33     5449

 COOLING
  YESTERDAY        0                         0      0        0
  MONTH TO DATE    0                         0      0        6
  SINCE JAN 1      0                         0      0        6
..................................................................


WIND (MPH)
  HIGHEST WIND SPEED    22   HIGHEST WIND DIRECTION     N (350)
  HIGHEST GUST SPEED    32   HIGHEST GUST DIRECTION     N (360)
  AVERAGE WIND SPEED     8.1


SKY COVER
  POSSIBLE SUNSHINE  MM
  AVERAGE SKY COVER 0.3


WEATHER CONDITIONS
 THE FOLLOWING WEATHER WAS RECORDED YESTERDAY.
  NO SIGNIFICANT WEATHER WAS OBSERVED.


RELATIVE HUMIDITY (PERCENT)
 HIGHEST    79           500 AM
 LOWEST     25           100 PM
 AVERAGE    52

..........................................................


THE LA CROSSE WI CLIMATE NORMALS FOR TODAY
                         NORMAL    RECORD    YEAR
 MAXIMUM TEMPERATURE (F)   64        87      1990
 MINIMUM TEMPERATURE (F)   42        25      1934


SUNRISE AND SUNSET
APRIL 25 2018.........SUNRISE   606 AM CDT   SUNSET   801 PM CDT
APRIL 26 2018.........SUNRISE   604 AM CDT   SUNSET   802 PM CDT


-  INDICATES NEGATIVE NUMBERS.
R  INDICATES RECORD WAS SET OR TIED.
MM INDICATES DATA IS MISSING.
T  INDICATES TRACE AMOUNT.




$$
