000
CXUS53 KARX 070947
CLMLSE

CLIMATE REPORT
NATIONAL WEATHER SERVICE LA CROSSE WI
424 AM CST THU MAR 1 2018

...LA CROSSE, WI RECEIVED BELOW NORMAL TEMPERATURES AND SLIGHTLY
ABOVE NORMAL PRECIPITATION IN THE MONTH OF FEBRUARY...

THE AVERAGE TEMPERATURE DURING THE MONTH WAS 21.0 DEGREES, WHICH WAS
1.5 DEGREE BELOW NORMAL. THE AVERAGE HIGH TEMPERATURE WAS 30.9
DEGREES AND THE AVERAGE LOW TEMPERATURE WAS 11.1 DEGREES. THE
HIGHEST TEMPERATURE WAS 59 DEGREES, WHICH OCCURRED ON THE 27TH. THE
LOWEST READING WAS 12 DEGREES BELOW ZERO, WHICH OCCURRED ON THE 6TH.

A TOTAL OF 1.22 INCHES OF PRECIPITATION FELL DURING THE MONTH, WHICH
WAS SEVENTEEN HUNDREDTHS OF AN INCH ABOVE NORMAL. THE GREATEST 24-
HOUR PRECIPITATION WAS THIRTY ONE HUNDREDTHS OF AN INCH, WHICH FELL
ON THE 24TH.

THERE WAS 9.5 INCHES OF SNOW DURING THE MONTH, WHICH WAS 1.3 ABOVE
NORMAL. THE GREATEST 24 HOUR SNOWFALL WAS 2.7 INCHES, WHICH FELL ON
THE 3RD.

...RECORDS...

THERE WERE NO RECORDS BROKEN OR TIED DURING THE MONTH OF FEBRUARY.

...DISCUSSION....

TEMPERATURES DURING THE MONTH OF FEBRUARY WERE BELOW NORMAL AT LA
CROSSE, WISCONSIN. THE COLDEST STRETCH OCCURRED FROM THE 4TH THROUGH
THE 13TH, WHERE THE DAILY AVERAGE TEMPERATURE RANGED FROM 1 TO 19
DEGREES BELOW NORMAL. THERE WERE 7 DAYS DURING THE MONTH, WHERE THE
TEMPERATURE DROPPED TO OR BELOW ZERO DEGREES. TYPICALLY, LA CROSSE
RECEIVES 5 DAYS WHERE THE TEMPERATURE DROPS TO OR BELOW ZERO
DEGREES. THERE WERE 15 DAYS, WHERE THE TEMPERATURE WARMED TO OR
BELOW 32 DEGREES. TYPICALLY, THERE ARE 14 DAYS WHERE THE TEMPERATURE
RISES TO OR BELOW 32 DEGREES DURING THE MONTH. THE WARMEST STRETCH
OCCURRED FROM THE 22ND THROUGH THE 28TH, WHERE THE DAILY AVERAGE
TEMPERATURE RANGED FROM 1 TO 20 DEGREES ABOVE NORMAL.

PRECIPITATION IN THE MONTH OF FEBRUARY WAS SLIGHTLY ABOVE NORMAL.
THE GREATEST 24 HOUR PRECIPITATION DURING THE MONTH OCCURRED ON THE
24TH, WHERE THIRTY ONE HUNDREDTHS OF AN INCH OF PRECIPITATION FELL.
THERE WERE 13 DAYS OF MEASURABLE PRECIPITATION IN THE MONTH.
TYPICALLY, LA CROSSE RECEIVES 8 DAYS OF MEASURABLE PRECIPITATION.
THE SNOWIEST STRETCH OF THE MONTH OCCURRED FROM THE 3RD TO THE 9TH,
WHERE 6.9 INCHES SNOW FELL.

...................................

...THE LA CROSSE WI CLIMATE SUMMARY FOR THE MONTH OF FEBRUARY 2018...

CLIMATE NORMAL PERIOD 1981 TO 2010
CLIMATE RECORD PERIOD 1873 TO 2018

WEATHER         OBSERVED          NORMAL  DEPART  LAST YEAR`S
                 VALUE   DATE(S)  VALUE   FROM    VALUE  DATE(S)
                                          NORMAL
................................................................
TEMPERATURE (F)
RECORD
 HIGH              65   02/19/2017
                        02/15/1921
                        02/12/1882
 LOW              -36   02/08/1971
HIGHEST            59   02/27        MM      MM       65  02/19
LOWEST            -12   02/06        MM      MM        7  02/09
AVG. MAXIMUM     30.9              31.4    -0.5     42.6
AVG. MINIMUM     11.1              13.6    -2.5     23.9
MEAN             21.0              22.5    -1.5     33.3
DAYS MAX >= 90      0               0.0     0.0        0
DAYS MAX <= 32     15              13.7     1.3        5
DAYS MIN <= 32     27              26.0     1.0       22
DAYS MIN <= 0       7               5.4     1.6        0

PRECIPITATION (INCHES)
RECORD
 MAXIMUM         4.04   1922
 MINIMUM         0.05   1969
TOTALS           1.22              1.05    0.17     1.17
DAILY AVG.       0.04              0.04    0.00     0.04
DAYS >= .01        13               8.0     5.0        5
DAYS >= .10         4               2.9     1.1        2
DAYS >= .50         0               0.5    -0.5        1
DAYS >= 1.00        0               0.1    -0.1        0
GREATEST
 24 HR. TOTAL    0.31   02/24 TO 02/24

SNOWFALL (INCHES)
RECORDS
 TOTAL           31.0   1959
TOTALS            9.5               8.2     1.3      3.9
SINCE 7/1        24.7              34.5    -9.8     34.2
SNOWDEPTH AVG.      2                 5      -3        1
DAYS >= TRACE      17               6.4    10.6        6
DAYS >= 1.0         4               2.6     1.4        1
GREATEST
 SNOW DEPTH         5   02/12                          3  02/26
                        02/11                             02/25
                        02/10                             02/07
 24 HR TOTAL      2.7   02/03 TO 02/03

DEGREE_DAYS
HEATING TOTAL    1224              1190      34      883
 SINCE 7/1       5209              5509    -300     4280
COOLING TOTAL       0                 0       0        0
 SINCE 1/1          0                 0       0        0
.................................................................

WIND (MPH)
AVERAGE WIND SPEED              7.7
HIGHEST WIND SPEED/DIRECTION    32/310    DATE  02/01
HIGHEST GUST SPEED/DIRECTION    41/320    DATE  02/01

SKY COVER
POSSIBLE SUNSHINE (PERCENT)   MM
AVERAGE SKY COVER           0.40
NUMBER OF DAYS FAIR           12
NUMBER OF DAYS PC             11
NUMBER OF DAYS CLOUDY          5

AVERAGE RH (PERCENT)     71

WEATHER CONDITIONS. NUMBER OF DAYS WITH
THUNDERSTORM              0     MIXED PRECIP               0
HEAVY RAIN                1     RAIN                       2
LIGHT RAIN                3     FREEZING RAIN              1
LT FREEZING RAIN          2     HAIL                       0
HEAVY SNOW                0     SNOW                       2
LIGHT SNOW               17     SLEET                      0
FOG                      17     FOG W/VIS <= 1/4 MILE      0
HAZE                     11

-  INDICATES NEGATIVE NUMBERS.
R  INDICATES RECORD WAS SET OR TIED.
MM INDICATES DATA IS MISSING.
T  INDICATES TRACE AMOUNT.

$$

DTJ/BOYNE
