000
CXUS53 KARX 010926
CLMLSE
CLIMATE REPORT
NATIONAL WEATHER SERVICE LA CROSSE WI
326 AM CST THU FEB 01 2024
...................................
...THE LA CROSSE WI CLIMATE SUMMARY FOR THE MONTH OF JANUARY 2024...
CLIMATE NORMAL PERIOD 1991 TO 2020
CLIMATE RECORD PERIOD 1872 TO 2024
WEATHER OBSERVED NORMAL DEPART LAST YEAR`S
VALUE DATE(S) VALUE FROM VALUE DATE(S)
NORMAL
................................................................
TEMPERATURE (F)
RECORD
HIGH 57 01/25/1981
01/01/1897
01/03/1874
LOW -43 01/18/1873
HIGHEST 53 01/31 41 01/15
LOWEST -8 01/14 -12 01/31
01/15
01/20
AVG. MAXIMUM 28.6 27.4 1.2 29.8
AVG. MINIMUM 18.8 10.5 8.3 18.9
MEAN 23.7 18.9 4.8 24.4
DAYS MAX >= 90 0 0.0 0.0 0
DAYS MAX <= 32 14 20.2 -6.2 17
DAYS MIN <= 32 25 29.7 -4.7 29
DAYS MIN <= 0 9 9.0 0.0 2
PRECIPITATION (INCHES)
RECORD
MAXIMUM 3.44 1884
TOTALS 1.16 1.25 -0.09 2.17
DAYS >= .01 7 10.2 -3.2 13
DAYS >= .10 4 4.1 -0.1 5
DAYS >= .50 1 0.4 0.6 1
DAYS >= 1.00 0 0.0 0.0 0
GREATEST
24 HR. TOTAL 0.59 01/12 TO 01/12 0.93 01/02 TO 01/03
SNOWFALL (INCHES)
RECORDS
TOTAL 39.6 1929
SNOW DEPTH 34 01/24/1979
TOTALS 12.8 11.8 1.0 10.2
SINCE 7/1 17.2 26.4 -9.2 MM
SNOWDEPTH AVG. 5 4
DAYS >= TRACE 9 8.6 0.4 14
DAYS >= 1.0 4 3.6 0.4 3
GREATEST
SNOW DEPTH 12 01/14 6 01/29
01/30
01/31
DEGREE DAYS
HEATING TOTAL 1271 1427 -156 1252
SINCE 7/1 3374 4023 -649 MM
COOLING TOTAL 0 0 0 0
SINCE 1/1 0 0 0 MM
................................................................
WIND (MPH)
AVERAGE WIND SPEED 7.9
HIGHEST WIND SPEED/DIRECTION 26/320 DATE 01/13
HIGHEST GUST SPEED/DIRECTION 36/310 DATE 01/13
AVERAGE RH (PERCENT) 75
WEATHER CONDITIONS. NUMBER OF DAYS WITH
THUNDERSTORM 0 MIXED PRECIP 0
HEAVY RAIN 0 RAIN 0
LIGHT RAIN 2 FREEZING RAIN 0
LT FREEZING RAIN 0 HAIL 0
HEAVY SNOW 1 SNOW 1
LIGHT SNOW 10 SLEET 0
FOG 13 FOG W/VIS <= 1/4 MILE 4
HAZE 6
- INDICATES NEGATIVE NUMBERS.
R INDICATES RECORD WAS SET OR TIED.
MM INDICATES DATA IS MISSING.
T INDICATES TRACE AMOUNT.
$$