000
CXUS53 KARX 010650
CLMLSE
CLIMATE REPORT
NATIONAL WEATHER SERVICE LA CROSSE WI
150 AM CDT TUE AUG 01 2023
...................................
...THE LA CROSSE WI CLIMATE SUMMARY FOR THE MONTH OF JULY 2023...
CLIMATE NORMAL PERIOD 1991 TO 2020
CLIMATE RECORD PERIOD 1872 TO 2023
WEATHER OBSERVED NORMAL DEPART LAST YEAR`S
VALUE DATE(S) VALUE FROM VALUE DATE(S)
NORMAL
................................................................
TEMPERATURE (F)
RECORD
HIGH 108 07/13/1995
07/14/1936
LOW 44 07/04/1967
HIGHEST 94 07/03 95 07/05
07/27
LOWEST 53 07/07 57 07/25
AVG. MAXIMUM 84.1 85.4 -1.3 85.3
AVG. MINIMUM 61.2 64.5 -3.3 64.6
MEAN 72.7 75.0 -2.3 75.0
DAYS MAX >= 90 4 6.7 -2.7 5
DAYS MAX <= 32 0 0.0 0.0 0
DAYS MIN <= 32 0 0.0 0.0 0
DAYS MIN <= 0 0 0.0 0.0 0
PRECIPITATION (INCHES)
RECORD
MAXIMUM 11.03 1883
TOTALS 4.44 4.23 0.21 3.90
DAYS >= .01 14 10.1 3.9 12
DAYS >= .10 8 6.6 1.4 5
DAYS >= .50 2 3.0 -1.0 3
DAYS >= 1.00 2 1.1 0.9 2
GREATEST
24 HR. TOTAL 1.70 07/03 TO 07/04 1.46 07/15 TO 07/15
SNOWFALL (INCHES)
RECORDS
TOTAL 0.0 2020
SNOW DEPTH 0 07/31/2020
TOTALS 0.0 0.0 0.0 0.0
SINCE 7/1 0.0 0.0 0.0 MM
SNOWDEPTH AVG. 0 0
DAYS >= TRACE 0 0.0 0.0 0
DAYS >= 1.0 0 0.0 0.0 0
GREATEST
SNOW DEPTH 0 0 MM
DEGREE DAYS
HEATING TOTAL 1 3 -2 0
SINCE 7/1 1 0 1 MM
COOLING TOTAL 248 311 -63 318
SINCE 1/1 583 583 0 MM
................................................................
WIND (MPH)
AVERAGE WIND SPEED 6.3
HIGHEST WIND SPEED/DIRECTION 38/040 DATE 07/27
HIGHEST GUST SPEED/DIRECTION 54/050 DATE 07/27
AVERAGE RH (PERCENT) 68
WEATHER CONDITIONS. NUMBER OF DAYS WITH
THUNDERSTORM 12 MIXED PRECIP 0
HEAVY RAIN 6 RAIN 4
LIGHT RAIN 16 FREEZING RAIN 0
LT FREEZING RAIN 0 HAIL 0
HEAVY SNOW 0 SNOW 0
LIGHT SNOW 0 SLEET 0
FOG 15 FOG W/VIS <= 1/4 MILE 2
HAZE 5
- INDICATES NEGATIVE NUMBERS.
R INDICATES RECORD WAS SET OR TIED.
MM INDICATES DATA IS MISSING.
T INDICATES TRACE AMOUNT.
$$