000
CXUS54 KHGX 011410
CF6LVJ
PRELIMINARY LOCAL CLIMATOLOGICAL DATA (WS FORM: F-6)
STATION: HOUSTON/CLOVER_FIELD
MONTH: JULY
YEAR: 2023
LATITUDE: 29 31 N
LONGITUDE: 95 14 W
TEMPERATURE IN F: :PCPN: SNOW: WIND :SUNSHINE: SKY :PK WND
================================================================================
1 2 3 4 5 6A 6B 7 8 9 10 11 12 13 14 15 16 17 18
12Z AVG MX 2MIN
DY MAX MIN AVG DEP HDD CDD WTR SNW DPTH SPD SPD DIR MIN PSBL S-S WX SPD DR
================================================================================
1 99 79 89 5 0 24 0.00 0.0 0 5.4 14 140 M M 1 22 160
2 97 81 89 5 0 24 0.01 0.0 0 3.9 18 30 M M 3 3 24 180
3 97 79 88 4 0 23 0.00 0.0 0 4.3 18 140 M M 1 28 130
4 93 80 87 3 0 22 0.49 0.0 0 5.1 16 110 M M 2 3 28 230
5 96 80 88 4 0 23 T 0.0 0 6.3 22 180 M M 2 3 33 200
6 90 76 83 -1 0 18 1.24 0.0 0 3.3 15 200 M M 2 13 27 170
7 93 77 85 1 0 20 0.31 0.0 0 4.3 17 140 M M 2 13 23 130
8 93 78 86 2 0 21 T 0.0 0 4.9 16 130 M M 2 3 27 200
9 96 81 89 5 0 24 T 0.0 0 6.5 16 180 M M 1 3 23 210
10 98 79 89 5 0 24 0.00 0.0 0 5.6 17 140 M M 1 1 26 170
11 99 81 90 6 0 25 0.00 0.0 0 6.7 17 180 M M 3 1 24 180
12 99 82 91 7 0 26 0.00 0.0 0 8.8 18 170 M M 2 18 28 160
13 99 82 91 6 0 26 0.00 0.0 0 7.9 20 170 M M 1 29 180
14 98 81 90 5 0 25 0.00 0.0 0 6.9 18 170 M M 2 8 26 180
15 100 81 91 6 0 26 0.00 0.0 0 7.3 14 190 M M 1 18 23 190
16 101 77 89 4 0 24 0.00 0.0 0 4.5 16 170 M M 2 128 22 180
17 100 80 90 5 0 25 0.00 0.0 0 5.9 15 150 M M 1 18 21 170
18 100 80 90 5 0 25 0.00 0.0 0 5.8 20 140 M M 1 1 25 130
19 100 81 91 6 0 26 0.00 0.0 0 6.9 20 140 M M 1 1 26 160
20 98 79 89 4 0 24 0.00 0.0 0 5.0 16 150 M M 1 8 25 140
21 98 79 89 4 0 24 0.00 0.0 0 5.0 16 150 M M 2 22 140
22 102 79 91 6 0 26 0.00 0.0 0 5.1 21 70 M M 1 3 31 50
23 99 77 88 3 0 23 0.03 0.0 0 2.8 20 150 M M 2 3 30 150
24 97 77 87 2 0 22 T 0.0 0 3.7 15 150 M M 1 22 150
25 97 77 87 2 0 22 T 0.0 0 4.7 15 120 M M 2 3 22 140
26 98 79 89 4 0 24 0.00 0.0 0 4.4 15 160 M M 1 3 24 190
27 97 78 88 3 0 23 T 0.0 0 3.9 16 170 M M 1 3 23 170
28 97 77 87 2 0 22 0.00 0.0 0 3.4 18 130 M M 1 25 140
29 96 78 87 2 0 22 0.00 0.0 0 3.8 15 150 M M 2 23 190
30 101 78 90 5 0 25 0.00 0.0 0 3.9 17 130 M M 1 22 130
31 103 79 91 6 0 26 0.00 0.0 0 4.6 15 150 M M 0 20 140
================================================================================
SM 3031 2452 0 734 2.08 0.0 160.6 M 46
================================================================================
AV 97.8 79.1 5.2 FASTST M M 1 MAX(MPH)
MISC ----> 22 180 33 200
================================================================================
NOTES:
# LAST OF SEVERAL OCCURRENCES
COLUMN 17 PEAK WIND IN M.P.H.
PRELIMINARY LOCAL CLIMATOLOGICAL DATA (WS FORM: F-6) , PAGE 2
STATION: HOUSTON/CLOVER_FIELD
MONTH: JULY
YEAR: 2023
LATITUDE: 29 31 N
LONGITUDE: 95 14 W
[TEMPERATURE DATA] [PRECIPITATION DATA] SYMBOLS USED IN COLUMN 16
AVERAGE MONTHLY: 88.4 TOTAL FOR MONTH: 2.08 1 = FOG OR MIST
DPTR FM NORMAL: 3.7 DPTR FM NORMAL: -2.13 2 = FOG REDUCING VISIBILITY
HIGHEST: 103 ON 31 GRTST 24HR 1.55 ON 6- 7 TO 1/4 MILE OR LESS
LOWEST: 76 ON 6 3 = THUNDER
SNOW, ICE PELLETS, HAIL 4 = ICE PELLETS
TOTAL MONTH: 0.0 INCH 5 = HAIL
GRTST 24HR 0.0 6 = FREEZING RAIN OR DRIZZLE
GRTST DEPTH: 0 7 = DUSTSTORM OR SANDSTORM:
VSBY 1/2 MILE OR LESS
8 = SMOKE OR HAZE
[NO. OF DAYS WITH] [WEATHER - DAYS WITH] 9 = BLOWING SNOW
X = TORNADO
MAX 32 OR BELOW: 0 0.01 INCH OR MORE: 5
MAX 90 OR ABOVE: 31 0.10 INCH OR MORE: 3
MIN 32 OR BELOW: 0 0.50 INCH OR MORE: 1
MIN 0 OR BELOW: 0 1.00 INCH OR MORE: 1
[HDD (BASE 65) ]
TOTAL THIS MO. 0 CLEAR (SCALE 0-3) 31
DPTR FM NORMAL 0 PTCLDY (SCALE 4-7) 0
TOTAL FM JUL 1 0 CLOUDY (SCALE 8-10) 0
DPTR FM NORMAL 0
[CDD (BASE 65) ]
TOTAL THIS MO. 734
DPTR FM NORMAL 122 [PRESSURE DATA]
TOTAL FM JAN 1 2354 HIGHEST SLP 30.16 ON 25
DPTR FM NORMAL 453 LOWEST SLP 29.85 ON 22
[REMARKS]
#FINAL-07-23#