000
CXUS54 KHGX 251632
CF6LVJ
PRELIMINARY LOCAL CLIMATOLOGICAL DATA (WS FORM: F-6)
STATION: HOUSTON/CLOVER_FIELD
MONTH: AUGUST
YEAR: 2020
LATITUDE: 29 31 N
LONGITUDE: 95 14 W
TEMPERATURE IN F: :PCPN: SNOW: WIND :SUNSHINE: SKY :PK WND
================================================================================
1 2 3 4 5 6A 6B 7 8 9 10 11 12 13 14 15 16 17 18
12Z AVG MX 2MIN
DY MAX MIN AVG DEP HDD CDD WTR SNW DPTH SPD SPD DIR MIN PSBL S-S WX SPD DR
================================================================================
1 88 73 81 -5 0 16 1.30 0.0 0 2.9 17 340 M M 3 13 22 340
2 95 75 85 -1 0 20 0.05 0.0 0 2.1 10 260 M M 1 38 16 250
3 96 75 86 0 0 21 0.00 0.0 0 3.3 12 130 M M 2 14 120
4 95 78 87 1 0 22 0.23 0.0 0 3.3 16 70 M M 2 3 20 60
5 95 78 87 1 0 22 0.00 0.0 0 3.5 12 190 M M 1 16 180
6 95 78 87 1 0 22 0.00 0.0 0 3.5 14 130 M M 1 17 180
7 95 78 87 1 0 22 0.00 0.0 0 3.7 13 150 M M 1 18 17 120
8 94 78 86 0 0 21 0.15 0.0 0 4.0 20 190 M M 1 38 26 190
9 92 79 86 0 0 21 0.00 0.0 0 4.6 15 190 M M 0 3 20 190
10 94 78 86 0 0 21 0.00 0.0 0 5.4 16 140 M M 1 21 140
11 96 80 88 2 0 23 0.00 0.0 0 5.2 16 160 M M 1 21 160
12 96 79 88 2 0 23 0.00 0.0 0 5.4 15 160 M M 2 19 180
13 97 78 88 2 0 23 0.00 0.0 0 4.2 15 160 M M 1 19 160
14 98 78 88 2 0 23 0.00 0.0 0 4.3 15 170 M M 1 19 160
15 98 80 89 4 0 24 0.00 0.0 0 4.4 13 170 M M 0 17 170
16 99 78 89 4 0 24 0.00 0.0 0 3.5 13 160 M M 0 16 150
17 95 74 85 0 0 20 0.10 0.0 0 4.2 31 360 M M 1 3 46 350
18 99 75 87 2 0 22 0.00 0.0 0 3.5 14 40 M M 1 18 30
19 98 75 87 2 0 22 0.00 0.0 0 3.5 14 50 M M 0 18 340
20 97 74 86 1 0 21 0.00 0.0 0 3.6 14 160 M M 1 3 20 180
21 94 75 85 0 0 20 0.00 0.0 0 2.6 17 140 M M 1 3 22 140
22 95 72 84 -1 0 19 0.54 0.0 0 2.4 24 120 M M 2 138 29 70
23 94 74 84 -1 0 19 0.00 0.0 0 4.6 16 100 M M 0 8 20 100
24 94 76 85 0 0 20 0.01 0.0 0 4.2 15 40 M M 1 3 19 40
25 96 78 87 2 0 22 T 0.0 0 7.6 17 40 M M 1 24 70
26 93 81 87 3 0 22 T 0.0 0 12.8 24 50 M M 6 35 50
27 97 78 88 4 0 23 0.00 0.0 0 6.6 13 320 M M 1 18 300
28 96 83 90 6 0 25 0.01 0.0 0 7.1 17 170 M M 2 38 28 220
29 97 80 89 5 0 24 0.00 0.0 0 5.5 16 150 M M 1 19 160
30 95 80 88 4 0 23 0.38 0.0 0 4.7 17 150 M M 1 3 21 160
31 95 84 90 6 0 25 0.00 0.0 0 8.5 20 170 M M 2 8 25 180
================================================================================
SM 2958 2402 0 675 2.77 0.0 144.7 M 39
================================================================================
AV 95.4 77.5 4.7 FASTST M M 1 MAX(MPH)
MISC ----> 31 360 46 350
================================================================================
NOTES:
# LAST OF SEVERAL OCCURRENCES
COLUMN 17 PEAK WIND IN M.P.H.
PRELIMINARY LOCAL CLIMATOLOGICAL DATA (WS FORM: F-6) , PAGE 2
STATION: HOUSTON/CLOVER_FIELD
MONTH: AUGUST
YEAR: 2020
LATITUDE: 29 31 N
LONGITUDE: 95 14 W
[TEMPERATURE DATA] [PRECIPITATION DATA] SYMBOLS USED IN COLUMN 16
AVERAGE MONTHLY: 86.5 TOTAL FOR MONTH: 2.77 1 = FOG OR MIST
DPTR FM NORMAL: 1.4 DPTR FM NORMAL: -2.86 2 = FOG REDUCING VISIBILITY
HIGHEST: 99 ON 18,16 GRTST 24HR 1.30 ON 1- 1 TO 1/4 MILE OR LESS
LOWEST: 72 ON 22 3 = THUNDER
SNOW, ICE PELLETS, HAIL 4 = ICE PELLETS
TOTAL MONTH: 0.0 INCH 5 = HAIL
GRTST 24HR 0.0 6 = FREEZING RAIN OR DRIZZLE
GRTST DEPTH: 0 7 = DUSTSTORM OR SANDSTORM:
VSBY 1/2 MILE OR LESS
8 = SMOKE OR HAZE
[NO. OF DAYS WITH] [WEATHER - DAYS WITH] 9 = BLOWING SNOW
X = TORNADO
MAX 32 OR BELOW: 0 0.01 INCH OR MORE: 9
MAX 90 OR ABOVE: 30 0.10 INCH OR MORE: 6
MIN 32 OR BELOW: 0 0.50 INCH OR MORE: 2
MIN 0 OR BELOW: 0 1.00 INCH OR MORE: 1
[HDD (BASE 65) ]
TOTAL THIS MO. 0 CLEAR (SCALE 0-3) 29
DPTR FM NORMAL 0 PTCLDY (SCALE 4-7) 2
TOTAL FM JUL 1 0 CLOUDY (SCALE 8-10) 0
DPTR FM NORMAL 0
[CDD (BASE 65) ]
TOTAL THIS MO. 675
DPTR FM NORMAL 52 [PRESSURE DATA]
TOTAL FM JAN 1 2825 HIGHEST SLP M ON M
DPTR FM NORMAL 301 LOWEST SLP 29.64 ON 26
[REMARKS]
#FINAL-08-20#