000
CXUS54 KHGX 251619
CF6LVJ
PRELIMINARY LOCAL CLIMATOLOGICAL DATA (WS FORM: F-6)
STATION: HOUSTON/CLOVER_FIELD
MONTH: JUNE
YEAR: 2020
LATITUDE: 29 31 N
LONGITUDE: 95 14 W
TEMPERATURE IN F: :PCPN: SNOW: WIND :SUNSHINE: SKY :PK WND
================================================================================
1 2 3 4 5 6A 6B 7 8 9 10 11 12 13 14 15 16 17 18
12Z AVG MX 2MIN
DY MAX MIN AVG DEP HDD CDD WTR SNW DPTH SPD SPD DIR MIN PSBL S-S WX SPD DR
================================================================================
1 87 74 81 -1 0 16 T 0.0 0 5.0 13 60 M M 3 1 14 50
2 91 74 83 1 0 18 0.00 0.0 0 5.5 15 120 M M 1 18 19 150
3 89 75 82 0 0 17 0.16 0.0 0 2.3 13 100 M M 2 38 15 120
4 92 74 83 1 0 18 0.00 0.0 0 3.4 14 170 M M 2 19 170
5 93 74 84 2 0 19 0.00 0.0 0 4.0 13 130 M M 1 16 110
6 96 75 86 4 0 21 T 0.0 0 5.8 16 10 M M 1 3 23 20
7 96 76 86 3 0 21 0.00 0.0 0 7.4 17 10 M M 3 24 30
8 93 77 85 2 0 20 T 0.0 0 6.2 16 180 M M 3 3 22 180
9 94 80 87 4 0 22 0.00 0.0 0 7.6 18 150 M M 1 8 23 130
10 95 70 83 0 0 18 0.00 0.0 0 6.6 18 20 M M 4 8 27 30
11 93 67 80 -3 0 15 0.00 0.0 0 5.3 14 50 M M 0 19 80
12 92 70 81 -2 0 16 0.00 0.0 0 7.8 16 50 M M 0 22 70
13 92 69 81 -2 0 16 0.00 0.0 0 6.2 16 80 M M 0 23 80
14 92 71 82 -2 0 17 0.00 0.0 0 5.7 16 120 M M 1 23 130
15 92 76 84 0 0 19 0.00 0.0 0 6.1 18 130 M M 2 22 130
16 93 73 83 -1 0 18 0.00 0.0 0 3.9 16 170 M M 1 21 180
17 92 70 81 -3 0 16 0.00 0.0 0 4.2 14 170 M M 1 8 19 180
18 91 71 81 -3 0 16 0.00 0.0 0 5.6 17 160 M M 1 24 130
19 91 73 82 -2 0 17 0.04 0.0 0 6.6 18 130 M M 2 24 150
20 91 74 83 -1 0 18 0.57 0.0 0 4.4 17 170 M M 4 13 22 180
21 89 75 82 -2 0 17 0.87 0.0 0 5.7 25 200 M M 2 38 32 190
22 87 71 79 -5 0 14 2.28 0.0 0 6.8 22 340 M M 4 13 29 200
23 89 74 82 -2 0 17 0.44 0.0 0 6.0 20 190 M M 3 3 27 180
24 86 73 80 -4 0 15 1.71 0.0 M 5.5 17 280 M M 3 18 24 290
25 87 75 81 -3 0 16 0.21 0.0 0 5.0 22 180 M M 4 138 31 180
26 87 78 83 -1 0 18 T 0.0 0 7.0 15 170 M M 9 18 20 150
27 90 80 85 1 0 20 0.00 0.0 0 7.8 16 170 M M 4 18 22 180
28 91 81 86 2 0 21 0.00 0.0 0 10.7 20 180 M M 4 8 26 170
29 90 83 87 3 0 22 0.00 0.0 0 11.6 18 170 M M 6 26 170
30 92 82 87 3 0 22 T 0.0 0 10.3 20 170 M M 6 8 24 200
================================================================================
SM 2733 2235 0 540 6.28 0.0 186.0 M 78
================================================================================
AV 91.1 74.5 6.2 FASTST M M 3 MAX(MPH)
MISC ----> 25 200 32 190
================================================================================
NOTES:
# LAST OF SEVERAL OCCURRENCES
COLUMN 17 PEAK WIND IN M.P.H.
PRELIMINARY LOCAL CLIMATOLOGICAL DATA (WS FORM: F-6) , PAGE 2
STATION: HOUSTON/CLOVER_FIELD
MONTH: JUNE
YEAR: 2020
LATITUDE: 29 31 N
LONGITUDE: 95 14 W
[TEMPERATURE DATA] [PRECIPITATION DATA] SYMBOLS USED IN COLUMN 16
AVERAGE MONTHLY: 82.8 TOTAL FOR MONTH: 6.28 1 = FOG OR MIST
DPTR FM NORMAL: -0.5 DPTR FM NORMAL: 1.07 2 = FOG REDUCING VISIBILITY
HIGHEST: 96 ON 7, 6 GRTST 24HR 2.28 ON 22-22 TO 1/4 MILE OR LESS
LOWEST: 67 ON 11 3 = THUNDER
SNOW, ICE PELLETS, HAIL 4 = ICE PELLETS
TOTAL MONTH: 0.0 INCH 5 = HAIL
GRTST 24HR 0.0 6 = FREEZING RAIN OR DRIZZLE
GRTST DEPTH: 0 7 = DUSTSTORM OR SANDSTORM:
VSBY 1/2 MILE OR LESS
8 = SMOKE OR HAZE
[NO. OF DAYS WITH] [WEATHER - DAYS WITH] 9 = BLOWING SNOW
X = TORNADO
MAX 32 OR BELOW: 0 0.01 INCH OR MORE: 8
MAX 90 OR ABOVE: 22 0.10 INCH OR MORE: 7
MIN 32 OR BELOW: 0 0.50 INCH OR MORE: 4
MIN 0 OR BELOW: 0 1.00 INCH OR MORE: 2
[HDD (BASE 65) ]
TOTAL THIS MO. 0 CLEAR (SCALE 0-3) 20
DPTR FM NORMAL 0 PTCLDY (SCALE 4-7) 9
TOTAL FM JUL 1 883 CLOUDY (SCALE 8-10) 1
DPTR FM NORMAL -189
[CDD (BASE 65) ]
TOTAL THIS MO. 540
DPTR FM NORMAL -10 [PRESSURE DATA]
TOTAL FM JAN 1 1497 HIGHEST SLP M ON M
DPTR FM NORMAL 208 LOWEST SLP 29.63 ON 7
[REMARKS]
#FINAL-06-20#