000
CXUS56 KMTR 011000
CF6LVK
PRELIMINARY LOCAL CLIMATOLOGICAL DATA (WS FORM: F-6)
STATION: LIVERMORE AIRPORT
MONTH: DECEMBER
YEAR: 2023
LATITUDE: 37 42 N
LONGITUDE: 121 49 W
TEMPERATURE IN F: :PCPN: SNOW: WIND :SUNSHINE: SKY :PK WND
================================================================================
1 2 3 4 5 6A 6B 7 8 9 10 11 12 13 14 15 16 17 18
12Z AVG MX 2MIN
DY MAX MIN AVG DEP HDD CDD WTR SNW DPTH SPD SPD DIR MIN PSBL S-S WX SPD DR
================================================================================
1 61 39 50 1 15 0 0.00 M M 4.7 16 270 M M 2 19 260
2 61 51 56 7 9 0 0.01 M M 3.6 13 230 M M 10 1 17 240
3 65 44 55 6 10 0 0.00 M M 3.3 12 270 M M 4 17 270
4 66 44 55 6 10 0 0.00 M M 2.6 13 80 M M 2 12 16 80
5 67 41 54 5 11 0 0.00 M M 5.6 17 70 M M 0 18 23 70
6 65 39 52 4 13 0 0.06 M M 6.6 18 230 M M 4 18 28 240
7 61 39 50 2 15 0 0.07 M M 4.0 18 230 M M 4 18 24 240
8 58 34 46 -2 19 0 0.00 M M 3.4 14 10 M M 2 12 19 10
9 59 37 48 0 17 0 0.00 M M 4.5 15 80 M M 0 19 80
10 58 34 46 -2 19 0 0.00 M M 3.5 15 40 M M 0 20 70
11 65 33 49 1 16 0 0.00 M M 0.9 7 80 M M 0 9 250
12 66 36 51 3 14 0 0.00 M M 2.3 15 30 M M 3 12 19 30
13 64 33 49 1 16 0 0.00 M M 3.2 14 60 M M 0 18 50
14 60 34 47 -1 18 0 0.00 M M 3.6 15 60 M M 0 18 19 70
15 62 37 50 3 15 0 0.00 M M 3.3 16 70 M M 0 18 21 70
16 67 33 50 3 15 0 0.00 M M 3.4 14 80 M M 0 18 18 20
17 58 40 49 2 16 0 0.06 M M 5.5 18 60 M M 5 18 26 60
18 68 48 58 11 7 0 0.75 M M 7.9 18 200 M M 8 18 27 200
19 66 53 60 13 5 0 0.40 M M 5.3 15 200 M M 8 1 20 210
20 61 53 57 10 8 0 0.48 M M 7.7 20 70 M M 8 1 24 80
21 61 46 54 7 11 0 0.00 M M 4.0 13 100 M M 2 12 16 70
22 68 44 56 9 9 0 0.00 M M 2.8 12 260 M M 4 12 15 270
23 62 38 50 3 15 0 0.00 M M 2.4 12 110 M M 0 1 15 100
24 61 34 48 1 17 0 0.00 M M 2.2 10 80 M M 0 13 70
25 60 37 49 2 16 0 0.00 M M 2.1 9 310 M M 0 1 14 60
26 58 41 50 3 15 0 0.00 M M 3.3 13 90 M M 0 18 17 90
27 64 43 54 7 11 0 0.06 M M 5.9 17 190 M M 6 1 24 190
28 66 45 56 9 9 0 0.01 M M 2.4 12 80 M M 7 12 15 80
29 67 50 59 12 6 0 0.42 M M 5.5 22 240 M M 7 18 28 240
30 60 48 54 7 11 0 0.12 M M 3.3 13 260 M M 8 1 15 250
31 57 44 51 4 14 0 0.10 M M 2.5 10 50 M M 8 12 14 40
================================================================================
SM 1942 1272 402 0 2.54 M 121.3 M 102
================================================================================
AV 62.6 41.0 3.9 FASTST M M 3 MAX(MPH)
MISC ----> 22 240 # 28 240
================================================================================
NOTES:
# LAST OF SEVERAL OCCURRENCES
COLUMN 17 PEAK WIND IN M.P.H.
PRELIMINARY LOCAL CLIMATOLOGICAL DATA (WS FORM: F-6) , PAGE 2
STATION: LIVERMORE AIRPORT
MONTH: DECEMBER
YEAR: 2023
LATITUDE: 37 42 N
LONGITUDE: 121 49 W
[TEMPERATURE DATA] [PRECIPITATION DATA] SYMBOLS USED IN COLUMN 16
AVERAGE MONTHLY: 51.8 TOTAL FOR MONTH: 2.54 1 = FOG OR MIST
DPTR FM NORMAL: 4.1 DPTR FM NORMAL: -0.26 2 = FOG REDUCING VISIBILITY
HIGHEST: 68 ON 22,18 GRTST 24HR 0.76 ON 18-19 TO 1/4 MILE OR LESS
LOWEST: 33 ON 16,13 3 = THUNDER
SNOW, ICE PELLETS, HAIL 4 = ICE PELLETS
TOTAL MONTH: M 5 = HAIL
GRTST 24HR M ON M 6 = FREEZING RAIN OR DRIZZLE
GRTST DEPTH: M ON M 7 = DUSTSTORM OR SANDSTORM:
VSBY 1/2 MILE OR LESS
8 = SMOKE OR HAZE
[NO. OF DAYS WITH] [WEATHER - DAYS WITH] 9 = BLOWING SNOW
X = TORNADO
MAX 32 OR BELOW: 0 0.01 INCH OR MORE: 12
MAX 90 OR ABOVE: 0 0.10 INCH OR MORE: 6
MIN 32 OR BELOW: 0 0.50 INCH OR MORE: 1
MIN 0 OR BELOW: 0 1.00 INCH OR MORE: 0
[HDD (BASE 65) ]
TOTAL THIS MO. 402 CLEAR (SCALE 0-3) 17
DPTR FM NORMAL -136 PTCLDY (SCALE 4-7) 12
TOTAL FM JUL 1 770 CLOUDY (SCALE 8-10) 2
DPTR FM NORMAL -227
[CDD (BASE 65) ]
TOTAL THIS MO. 0
DPTR FM NORMAL 0 [PRESSURE DATA]
TOTAL FM JAN 1 928 HIGHEST SLP M ON M
DPTR FM NORMAL 79 LOWEST SLP 29.66 ON 20
[REMARKS]
#FINAL-12-23#