000
CXUS53 KTOP 010800
CF6LWC
PRELIMINARY LOCAL CLIMATOLOGICAL DATA (WS FORM: F-6)
STATION: Lawrence KS
MONTH: APRIL
YEAR: 2020
LATITUDE: 39 0 N
LONGITUDE: 95 13 W
TEMPERATURE IN F: :PCPN: SNOW: WIND :SUNSHINE: SKY :PK WND
================================================================================
1 2 3 4 5 6A 6B 7 8 9 10 11 12 13 14 15 16 17 18
12Z AVG MX 2MIN
DY MAX MIN AVG DEP HDD CDD WTR SNW DPTH SPD SPD DIR MIN PSBL S-S WX SPD DR
================================================================================
1 74 39 57 7 8 0 0.00 M M 10.4 26 150 M M 0 18 33 170
2 71 37 54 3 11 0 0.04 M M 14.1 25 160 M M 6 3 33 150
3 37 29 33 -18 32 0 0.13 M M 14.5 24 320 M M 10 168 31 340
4 50 30 40 -11 25 0 0.00 M M 7.5 15 10 M M 7 20 20
5 60 39 50 -2 15 0 0.00 M M 6.6 17 160 M M 5 23 160
6 68 51 60 8 5 0 0.00 M M 8.9 17 180 M M 9 24 170
7 82 52 67 15 0 2 0.00 M M 8.7 17 210 M M 3 18 24 220
8 90 45 68 15 0 3 0.00 M M 10.9 32 360 M M 2 128 40 350
9 63 32 48 -5 17 0 0.00 M M 14.7 30 330 M M 0 43 330
10 57 24 41 -12 24 0 0.00 M M 7.7 17 160 M M 3 8 21 160
11 78 44 61 7 4 0 0.03 M M 14.0 37 160 M M 4 3 52 180
12 63 31 47 -7 18 0 0.53 M M 19.2 40 340 M M 9 138 57 330
13 47 28 38 -16 27 0 0.00 M M 11.2 23 350 M M 0 34 350
14 54 27 41 -13 24 0 0.00 M M 9.4 23 250 M M 3 30 270
15 56 30 43 -12 22 0 0.00 M M 5.9 21 220 M M 1 30 220
16 52 37 45 -10 20 0 0.61 M M 12.6 25 60 M M 8 18 35 50
17 49 32 41 -14 24 0 0.25 M M 8.9 21 360 M M 7 1 29 350
18 66 31 49 -7 16 0 0.00 M M 9.0 22 230 M M 0 29 170
19 69 43 56 0 9 0 0.00 M M 6.0 18 40 M M 2 8 26 40
20 71 38 55 -1 10 0 0.07 M M 5.8 21 310 M M 4 18 31 290
21 73 35 54 -3 11 0 0.00 M M 5.8 12 130 M M 0 16 100
22 64 50 57 0 8 0 0.20 M M 7.9 17 170 M M 6 1 27 170
23 77 52 65 8 0 0 0.00 M M 3.2 7 120 M M 5 18 M M
24 64 53 59 1 6 0 1.08 M M 7.7 20 330 M M 9 13 28 310
25 70 45 58 0 7 0 T M M 11.6 29 320 M M 4 138 39 320
26 73 39 56 -2 9 0 T M M 5.0 13 140 M M 3 1 16 140
27 77 54 66 8 0 1 0.59 M M 11.8 25 190 M M 3 13 33 190
28 77 51 64 5 1 0 0.04 M M 7.6 39 340 0 0 0 60 330
29 71 49 60 1 5 0 T M M 16.5 35 340 M M 5 48 320
30 75 44 60 1 5 0 0.00 M M 6.0 15 270 M M 0 8 21 270
================================================================================
SM 1978 1191 363 6 3.57 M 289.1 0 118
================================================================================
AV 65.9 39.7 9.6 FASTST 0 0 4 MAX(MPH)
MISC ----> # 40 340 # 60 330
================================================================================
NOTES:
# LAST OF SEVERAL OCCURRENCES
COLUMN 17 PEAK WIND IN M.P.H.
PRELIMINARY LOCAL CLIMATOLOGICAL DATA (WS FORM: F-6) , PAGE 2
STATION: Lawrence KS
MONTH: APRIL
YEAR: 2020
LATITUDE: 39 0 N
LONGITUDE: 95 13 W
[TEMPERATURE DATA] [PRECIPITATION DATA] SYMBOLS USED IN COLUMN 16
AVERAGE MONTHLY: 52.8 TOTAL FOR MONTH: 3.57 1 = FOG OR MIST
DPTR FM NORMAL: -2.1 DPTR FM NORMAL: -0.20 2 = FOG REDUCING VISIBILITY
HIGHEST: 90 ON 8 GRTST 24HR 1.08 ON 24-24 TO 1/4 MILE OR LESS
LOWEST: 24 ON 10 3 = THUNDER
SNOW, ICE PELLETS, HAIL 4 = ICE PELLETS
TOTAL MONTH: M 5 = HAIL
GRTST 24HR M ON M 6 = FREEZING RAIN OR DRIZZLE
GRTST DEPTH: M ON M 7 = DUSTSTORM OR SANDSTORM:
VSBY 1/2 MILE OR LESS
8 = SMOKE OR HAZE
[NO. OF DAYS WITH] [WEATHER - DAYS WITH] 9 = BLOWING SNOW
X = TORNADO
MAX 32 OR BELOW: 0 0.01 INCH OR MORE: 11
MAX 90 OR ABOVE: 1 0.10 INCH OR MORE: 7
MIN 32 OR BELOW: 10 0.50 INCH OR MORE: 4
MIN 0 OR BELOW: 0 1.00 INCH OR MORE: 1
[HDD (BASE 65) ]
TOTAL THIS MO. 363 CLEAR (SCALE 0-3) 13
DPTR FM NORMAL 40 PTCLDY (SCALE 4-7) 13
TOTAL FM JUL 1 4757 CLOUDY (SCALE 8-10) 4
DPTR FM NORMAL -222
[CDD (BASE 65) ]
TOTAL THIS MO. 6
DPTR FM NORMAL -14 [PRESSURE DATA]
TOTAL FM JAN 1 6 HIGHEST SLP 0.00 ON M
DPTR FM NORMAL -17 LOWEST SLP 29.42 ON 11
[REMARKS]
#FINAL-04-20#