000
CXUS56 KOTX 010910
CF6LWS
PRELIMINARY LOCAL CLIMATOLOGICAL DATA (WS FORM: F-6)
STATION: LEWISTON ID AIRPORT
MONTH: JUNE
YEAR: 2023
LATITUDE: 46 22 N
LONGITUDE: 117 1 W
TEMPERATURE IN F: :PCPN: SNOW: WIND :SUNSHINE: SKY :PK WND
================================================================================
1 2 3 4 5 6A 6B 7 8 9 10 11 12 13 14 15 16 17 18
12Z AVG MX 2MIN
DY MAX MIN AVG DEP HDD CDD WTR SNW DPTH SPD SPD DIR MIN PSBL S-S WX SPD DR
================================================================================
1 79 52 66 2 0 1 0.00 0.0 0 5.5 12 350 M M 2 16 360
2 83 53 68 4 0 3 0.00 0.0 0 5.5 13 300 M M 0 17 290
3 88 60 74 10 0 9 0.00 0.0 0 3.9 12 350 M M 3 15 350
4 89 59 74 10 0 9 0.00 0.0 0 4.8 14 330 M M 0 18 320
5 86 60 73 9 0 8 0.00 0.0 0 5.0 12 60 M M 0 15 50
6 93 58 76 12 0 11 0.00 0.0 0 4.2 16 350 M M 0 22 320
7 96 63 80 16 0 15 0.00 0.0 0 5.1 15 350 M M 1 19 350
8 86 67 77 12 0 12 0.01 0.0 0 2.9 14 50 M M 6 18 70
9 81 63 72 7 0 7 0.69 0.0 0 4.1 23 200 M M 6 123 34 190
10 83 62 73 8 0 8 0.20 0.0 0 4.2 13 300 M M 5 1 16 320
11 86 60 73 8 0 8 0.00 0.0 0 4.8 14 330 M M 1 22 300
12 90 64 77 12 0 12 0.00 0.0 0 4.0 26 20 M M 3 3 35 10
13 91 64 78 12 0 13 T 0.0 0 8.9 26 250 M M 3 3 34 250
14 75 58 67 1 0 2 0.00 0.0 0 8.4 23 300 M M 2 28 300
15 77 57 67 1 0 2 0.00 0.0 0 5.6 16 310 M M 4 19 310
16 86 53 70 4 0 5 0.04 0.0 0 5.0 17 280 M M 1 22 270
17 83 60 72 6 0 7 0.05 0.0 0 6.0 21 250 M M 7 26 250
18 70 55 63 -4 2 0 T 0.0 0 8.1 18 280 M M 4 26 280
19 66 49 58 -9 7 0 T 0.0 0 5.6 21 280 M M 5 3 27 290
20 64 50 57 -10 8 0 0.02 0.0 0 5.3 21 280 M M 5 26 290
21 76 46 61 -7 4 0 0.00 0.0 0 4.7 12 300 M M 2 16 330
22 83 50 67 -1 0 2 0.00 0.0 0 4.9 14 350 M M 0 18 280
23 87 54 71 3 0 6 0.00 0.0 0 7.1 20 300 M M 0 25 330
24 89 57 73 4 0 8 T 0.0 0 4.8 29 170 M M 1 3 36 170
25 86 58 72 3 0 7 0.00 0.0 0 4.9 14 20 M M 2 18 30
26 85 58 72 3 0 7 0.00 0.0 0 5.5 15 170 M M 2 19 200
27 88 65 77 7 0 12 T 0.0 0 5.9 20 220 M M 5 3 24 210
28 89 65 77 7 0 12 T 0.0 0 5.6 17 70 M M 3 21 70
29 95 65 80 10 0 15 0.00 0.0 0 4.7 12 70 M M 0 17 90
30 98 65 82 11 0 17 0.00 0.0 0 4.4 15 350 M M 0 18 30
================================================================================
SM 2528 1750 21 218 1.01 0.0 159.4 M 73
================================================================================
AV 84.3 58.3 5.3 FASTST M M 2 MAX(MPH)
MISC ----> 29 170 36 170
================================================================================
NOTES:
# LAST OF SEVERAL OCCURRENCES
COLUMN 17 PEAK WIND IN M.P.H.
PRELIMINARY LOCAL CLIMATOLOGICAL DATA (WS FORM: F-6) , PAGE 2
STATION: LEWISTON ID AIRPORT
MONTH: JUNE
YEAR: 2023
LATITUDE: 46 22 N
LONGITUDE: 117 1 W
[TEMPERATURE DATA] [PRECIPITATION DATA] SYMBOLS USED IN COLUMN 16
AVERAGE MONTHLY: 71.3 TOTAL FOR MONTH: 1.01 1 = FOG OR MIST
DPTR FM NORMAL: 4.8 DPTR FM NORMAL: -0.24 2 = FOG REDUCING VISIBILITY
HIGHEST: 98 ON 30 GRTST 24HR 0.89 ON 9-10 TO 1/4 MILE OR LESS
LOWEST: 46 ON 21 3 = THUNDER
SNOW, ICE PELLETS, HAIL 4 = ICE PELLETS
TOTAL MONTH: 0.0 INCH 5 = HAIL
GRTST 24HR 0.0 6 = FREEZING RAIN OR DRIZZLE
GRTST DEPTH: 0 7 = DUSTSTORM OR SANDSTORM:
VSBY 1/2 MILE OR LESS
8 = SMOKE OR HAZE
[NO. OF DAYS WITH] [WEATHER - DAYS WITH] 9 = BLOWING SNOW
X = TORNADO
MAX 32 OR BELOW: 0 0.01 INCH OR MORE: 6
MAX 90 OR ABOVE: 6 0.10 INCH OR MORE: 2
MIN 32 OR BELOW: 0 0.50 INCH OR MORE: 1
MIN 0 OR BELOW: 0 1.00 INCH OR MORE: 0
[HDD (BASE 65) ]
TOTAL THIS MO. 21 CLEAR (SCALE 0-3) 20
DPTR FM NORMAL -40 PTCLDY (SCALE 4-7) 10
TOTAL FM JUL 1 4906 CLOUDY (SCALE 8-10) 0
DPTR FM NORMAL -75
[CDD (BASE 65) ]
TOTAL THIS MO. 218
DPTR FM NORMAL 111 [PRESSURE DATA]
TOTAL FM JAN 1 348 HIGHEST SLP M ON M
DPTR FM NORMAL 205 LOWEST SLP 29.61 ON 13
[REMARKS]
#FINAL-06-23#