000
CXUS56 KOTX 011010
CF6LWS
PRELIMINARY LOCAL CLIMATOLOGICAL DATA (WS FORM: F-6)
STATION: LEWISTON ID AIRPORT
MONTH: FEBRUARY
YEAR: 2024
LATITUDE: 46 22 N
LONGITUDE: 117 1 W
TEMPERATURE IN F: :PCPN: SNOW: WIND :SUNSHINE: SKY :PK WND
================================================================================
1 2 3 4 5 6A 6B 7 8 9 10 11 12 13 14 15 16 17 18
12Z AVG MX 2MIN
DY MAX MIN AVG DEP HDD CDD WTR SNW DPTH SPD SPD DIR MIN PSBL S-S WX SPD DR
================================================================================
1 51 43 47 9 18 0 0.02 0.0 0 1.3 8 150 M M 6 1 9 170
2 51 41 46 8 19 0 0.10 0.0 0 2.6 10 190 M M 8 12 14 180
3 46 37 42 4 23 0 0.01 0.0 0 2.6 7 120 M M 8 1 11 270
4 51 38 45 7 20 0 0.04 0.0 0 7.1 15 70 M M 7 19 60
5 55 41 48 10 17 0 0.02 0.0 0 6.8 15 70 M M 8 18 80
6 54 39 47 9 18 0 0.01 0.0 0 5.4 13 290 M M 6 16 290
7 45 41 43 5 22 0 0.07 0.0 0 5.2 12 300 M M 10 15 300
8 45 38 42 4 23 0 0.03 0.0 0 2.4 9 170 M M 10 10 170
9 44 33 39 1 26 0 0.02 0.0 0 4.4 12 150 M M 9 1 15 290
10 47 30 39 1 26 0 0.00 0.0 0 5.0 13 70 M M 5 18 16 80
11 46 37 42 3 23 0 0.05 M 0 6.9 14 60 M M 9 19 80
12 48 38 43 4 22 0 0.11 0.0 0 3.3 8 50 M M 10 1 11 80
13 49 32 41 2 24 0 T 0.0 0 4.2 9 260 M M 4 18 11 270
14 43 30 37 -2 28 0 0.01 0.0 0 3.1 10 80 M M 8 14 60
15 42 34 38 -1 27 0 0.09 T 0 7.2 17 320 M M 10 22 320
16 41 28 35 -4 30 0 0.00 0.0 0 4.6 10 50 M M 7 18 340
17 46 27 37 -3 28 0 0.00 0.0 0 9.5 17 70 M M 2 20 170
18 43 36 40 0 25 0 0.06 0.0 0 5.7 15 80 M M 9 18 80
19 48 37 43 3 22 0 0.01 M M 7.2 16 70 M M 7 20 70
20 50 40 45 5 20 0 0.13 0.0 0 4.1 14 110 M M 7 18 16 100
21 51 38 45 5 20 0 0.06 0.0 M 4.5 10 250 M M 8 13 250
22 56 39 48 8 17 0 T 0.0 0 2.4 9 190 M M 7 18 15 130
23 56 33 45 4 20 0 0.00 0.0 0 3.6 9 210 M M 1 18 11 330
24 50 33 42 1 23 0 0.00 0.0 M 1.8 9 30 M M 5 1 10 10
25 55 39 47 6 18 0 0.07 0.0 0 4.6 22 200 M M 7 27 200
26 48 30 39 -2 26 0 0.14 0.5 0 10.6 26 260 M M 7 12 37 290
27 44 30 37 -5 28 0 0.01 0.0 0 7.2 21 240 M M 9 1 27 240
28 48 39 44 2 21 0 0.00 0.0 0 12.7 28 190 M M 9 46 170
29 63 34 49 7 16 0 0.03 0.0 0 6.7 28 210 M M 5 39 230
================================================================================
SM 1416 1035 650 0 1.09 0.5 152.7 M 208
================================================================================
AV 48.8 35.7 5.3 FASTST M M 7 MAX(MPH)
MISC ----> # 28 190 46 170
================================================================================
NOTES:
# LAST OF SEVERAL OCCURRENCES
COLUMN 17 PEAK WIND IN M.P.H.
PRELIMINARY LOCAL CLIMATOLOGICAL DATA (WS FORM: F-6) , PAGE 2
STATION: LEWISTON ID AIRPORT
MONTH: FEBRUARY
YEAR: 2024
LATITUDE: 46 22 N
LONGITUDE: 117 1 W
[TEMPERATURE DATA] [PRECIPITATION DATA] SYMBOLS USED IN COLUMN 16
AVERAGE MONTHLY: 42.3 TOTAL FOR MONTH: 1.09 1 = FOG OR MIST
DPTR FM NORMAL: 3.0 DPTR FM NORMAL: 0.05 2 = FOG REDUCING VISIBILITY
HIGHEST: 63 ON 29 GRTST 24HR 0.20 ON 25-26 TO 1/4 MILE OR LESS
LOWEST: 27 ON 17 3 = THUNDER
SNOW, ICE PELLETS, HAIL 4 = ICE PELLETS
TOTAL MONTH: 0.5 INCH 5 = HAIL
GRTST 24HR 0.5 ON 26-26 6 = FREEZING RAIN OR DRIZZLE
GRTST DEPTH: 0 7 = DUSTSTORM OR SANDSTORM:
VSBY 1/2 MILE OR LESS
8 = SMOKE OR HAZE
[NO. OF DAYS WITH] [WEATHER - DAYS WITH] 9 = BLOWING SNOW
X = TORNADO
MAX 32 OR BELOW: 0 0.01 INCH OR MORE: 21
MAX 90 OR ABOVE: 0 0.10 INCH OR MORE: 4
MIN 32 OR BELOW: 7 0.50 INCH OR MORE: 0
MIN 0 OR BELOW: 0 1.00 INCH OR MORE: 0
[HDD (BASE 65) ]
TOTAL THIS MO. 650 CLEAR (SCALE 0-3) 2
DPTR FM NORMAL -68 PTCLDY (SCALE 4-7) 17
TOTAL FM JUL 1 3430 CLOUDY (SCALE 8-10) 10
DPTR FM NORMAL -334
[CDD (BASE 65) ]
TOTAL THIS MO. 0
DPTR FM NORMAL 0 [PRESSURE DATA]
TOTAL FM JAN 1 0 HIGHEST SLP M ON M
DPTR FM NORMAL 0 LOWEST SLP 29.36 ON 29
[REMARKS]
#FINAL-02-24#