000
CXUS56 KTFX 011110
CF6LWT
PRELIMINARY LOCAL CLIMATOLOGICAL DATA (WS FORM: F-6)
STATION: LEWISTOWN MT
MONTH: SEPTEMBER
YEAR: 2022
LATITUDE: 47 2 N
LONGITUDE: 109 28 W
TEMPERATURE IN F: :PCPN: SNOW: WIND :SUNSHINE: SKY :PK WND
================================================================================
1 2 3 4 5 6A 6B 7 8 9 10 11 12 13 14 15 16 17 18
12Z AVG MX 2MIN
DY MAX MIN AVG DEP HDD CDD WTR SNW DPTH SPD SPD DIR MIN PSBL S-S WX SPD DR
================================================================================
1 91 54 73 12 0 8 T M M 7.9 22 300 M M 0 32 300
2 89 56 73 12 0 8 0.00 M M 7.7 14 90 M M 0 19 210
3 97 55 76 16 0 11 0.00 M M 9.0 24 320 M M 0 40 320
4 90 56 73 13 0 8 0.00 M M 10.1 23 290 M M 0 8 34 290
5 92 50 71 11 0 6 0.00 M M 6.8 23 250 M M 2 8 35 260
6 84 48 66 7 0 1 0.00 M M 8.2 21 90 M M 0 26 70
7 100 56 78 19 0 13 T M M 10.8 31 270 M M 0 8 47 290
8 77 43 60 1 5 0 0.01 M M 9.5 23 10 M M 7 8 33 10
9 58 35 47 -11 18 0 0.00 M M 6.5 16 290 M M 5 8 24 360
10 72 34 53 -5 12 0 0.00 M M 6.1 14 250 M M 1 20 260
11 87 41 64 6 1 0 0.00 M M 5.2 10 10 M M 0 17 10
12 80 48 64 7 1 0 0.00 M M 8.3 16 290 M M 0 24 300
13 82 54 68 11 0 3 0.00 M M 8.4 21 100 M M 0 27 100
14 66 49 58 1 7 0 T M M 4.9 12 290 M M 6 17 290
15 75 44 60 4 5 0 0.00 M M 5.2 13 100 M M 1 8 18 100
16 70 46 58 2 7 0 0.57 M M 5.8 26 290 M M 3 138 36 290
17 70 40 55 -1 10 0 0.00 M M 4.1 10 110 M M 0 15 350
18 76 42 59 4 6 0 0.14 M M 5.7 24 290 M M 1 13 35 280
19 76 48 62 7 3 0 0.08 M M 7.1 36 220 M M 4 49 210
20 48 41 45 -9 20 0 0.26 M M 5.8 16 290 M M 10 1 23 290
21 58 40 49 -5 16 0 0.00 M M 15.7 28 110 M M 3 37 90
22 68 45 57 3 8 0 0.14 M M 10.7 32 250 M M 6 3 43 240
23 70 47 59 6 6 0 T M M 13.7 26 270 M M 4 41 270
24 69 43 56 3 9 0 0.00 M M 8.9 22 300 M M 3 35 290
25 75 39 57 5 8 0 0.00 M M 4.3 9 170 M M 0 13 240
26 79 44 62 10 3 0 0.00 M M 7.4 15 80 M M 0 22 90
27 84 46 65 13 0 0 0.00 M M 6.1 14 100 M M 0 15 100
28 86 45 66 15 0 1 0.00 M M 5.8 13 80 M M 0 18 90
29 80 50 65 14 0 0 0.04 M M 5.5 29 220 M M 3 3 40 300
30 52 48 50 0 15 0 1.14 M M 7.3 17 290 M M 8 1 24 300
================================================================================
SM 2301 1387 160 59 2.38 M 228.5 M 67
================================================================================
AV 76.7 46.2 7.6 FASTST M M 2 MAX(MPH)
MISC ----> 36 220 49 210
================================================================================
NOTES:
# LAST OF SEVERAL OCCURRENCES
COLUMN 17 PEAK WIND IN M.P.H.
PRELIMINARY LOCAL CLIMATOLOGICAL DATA (WS FORM: F-6) , PAGE 2
STATION: LEWISTOWN MT
MONTH: SEPTEMBER
YEAR: 2022
LATITUDE: 47 2 N
LONGITUDE: 109 28 W
[TEMPERATURE DATA] [PRECIPITATION DATA] SYMBOLS USED IN COLUMN 16
AVERAGE MONTHLY: 61.5 TOTAL FOR MONTH: 2.38 1 = FOG OR MIST
DPTR FM NORMAL: 5.6 DPTR FM NORMAL: 0.99 2 = FOG REDUCING VISIBILITY
HIGHEST: 100 ON 7 GRTST 24HR 1.14 ON 30-30 TO 1/4 MILE OR LESS
LOWEST: 34 ON 10 3 = THUNDER
SNOW, ICE PELLETS, HAIL 4 = ICE PELLETS
TOTAL MONTH: M 5 = HAIL
GRTST 24HR M ON M 6 = FREEZING RAIN OR DRIZZLE
GRTST DEPTH: M ON M 7 = DUSTSTORM OR SANDSTORM:
VSBY 1/2 MILE OR LESS
8 = SMOKE OR HAZE
[NO. OF DAYS WITH] [WEATHER - DAYS WITH] 9 = BLOWING SNOW
X = TORNADO
MAX 32 OR BELOW: 0 0.01 INCH OR MORE: 8
MAX 90 OR ABOVE: 5 0.10 INCH OR MORE: 5
MIN 32 OR BELOW: 0 0.50 INCH OR MORE: 2
MIN 0 OR BELOW: 0 1.00 INCH OR MORE: 1
[HDD (BASE 65) ]
TOTAL THIS MO. 160 CLEAR (SCALE 0-3) 21
DPTR FM NORMAL -129 PTCLDY (SCALE 4-7) 8
TOTAL FM JUL 1 187 CLOUDY (SCALE 8-10) 1
DPTR FM NORMAL -250
[CDD (BASE 65) ]
TOTAL THIS MO. 59
DPTR FM NORMAL 41 [PRESSURE DATA]
TOTAL FM JAN 1 402 HIGHEST SLP 30.35 ON 25
DPTR FM NORMAL 174 LOWEST SLP 29.69 ON 18
[REMARKS]
#FINAL-09-22#