000
CXUS56 KTFX 241829
CF6LWT
PRELIMINARY LOCAL CLIMATOLOGICAL DATA (WS FORM: F-6)
STATION: LEWISTOWN MT
MONTH: FEBRUARY
YEAR: 2024
LATITUDE: 47 2 N
LONGITUDE: 109 28 W
TEMPERATURE IN F: :PCPN: SNOW: WIND :SUNSHINE: SKY :PK WND
================================================================================
1 2 3 4 5 6A 6B 7 8 9 10 11 12 13 14 15 16 17 18
12Z AVG MX 2MIN
DY MAX MIN AVG DEP HDD CDD WTR SNW DPTH SPD SPD DIR MIN PSBL S-S WX SPD DR
================================================================================
1 62 28 45 21 20 0 0.00 M M 7.5 17 220 M M 0 23 150
2 55 28 42 18 23 0 0.00 M M 4.1 10 110 M M 1 12 130
3 43 32 38 14 27 0 0.06 M M 5.1 15 300 M M 10 1 21 300
4 32 13 23 -1 42 0 0.21 M M 9.4 17 300 M M 8 12 24 290
5 44 11 28 4 37 0 T M M 6.4 24 250 M M 4 31 250
6 41 24 33 9 32 0 0.00 M M 5.9 12 130 M M 7 15 130
7 30 22 26 2 39 0 0.32 M M 6.9 17 290 M M 10 12 23 290
8 28 13 21 -3 44 0 0.05 M M 7.0 15 290 M M 9 12 21 290
9 28 18 23 -1 42 0 0.04 M M 7.1 14 270 M M 10 1 19 300
10 32 6 19 -5 46 0 0.00 M M 3.9 16 220 M M 4 12 18 220
11 40 15 28 4 37 0 0.02 M M 3.9 12 250 M M 6 1 14 230
12 39 27 33 9 32 0 0.02 M M 7.5 16 230 M M 9 1 19 230
13 29 18 24 0 41 0 0.09 M M 6.6 13 330 M M 10 1 20 320
14 19 6 13 -11 52 0 0.07 M M 5.1 8 260 M M 9 1 11 290
15 14 2 8 -16 57 0 T M M 5.3 12 10 M M 9 18 16 20
16 9 -10 0 -24 65 0 T M M 5.7 10 240 M M 8 18 13 230
17 39 -4 18 -6 47 0 0.00 M M 4.4 12 130 M M 0 12 130
18 39 11 25 0 40 0 0.00 M M 8.5 21 250 M M 0 25 250
19 46 23 35 10 30 0 0.00 M M 6.9 16 220 M M 1 19 220
20 43 31 37 12 28 0 0.00 M M 15.3 22 240 M M 3 28 230
21 45 25 35 10 30 0 0.00 M M 8.2 22 240 M M 2 28 240
22 42 20 31 6 34 0 0.00 M M 8.3 17 280 M M 2 23 270
23 42 27 35 9 30 0 0.00 M M 15.5 24 240 M M 0 31 240
24 45 28 37 11 28 0 0.00 M M 15.1 25 280 M M 6 38 280
25 49 38 44 18 21 0 0.00 M M 18.8 32 250 M M 6 43 240
26 47 4 26 0 39 0 0.08 M M 16.8 38 260 M M 8 12 51 260
27 14 -3 6 -21 59 0 0.01 M M 3.8 13 300 M M 7 18 19 300
28 41 11 26 -1 39 0 0.00 M M 23.7 36 240 M M 2 45 240
29 56 35 46 19 19 0 0.00 M M 24.2 40 210 M M 0 57 210
================================================================================
SM 1093 499 1080 0 0.97 M 266.9 M 151
================================================================================
AV 37.7 17.2 9.2 FASTST M M 5 MAX(MPH)
MISC ----> 40 210 57 210
================================================================================
NOTES:
# LAST OF SEVERAL OCCURRENCES
COLUMN 17 PEAK WIND IN M.P.H.
PRELIMINARY LOCAL CLIMATOLOGICAL DATA (WS FORM: F-6) , PAGE 2
STATION: LEWISTOWN MT
MONTH: FEBRUARY
YEAR: 2024
LATITUDE: 47 2 N
LONGITUDE: 109 28 W
[TEMPERATURE DATA] [PRECIPITATION DATA] SYMBOLS USED IN COLUMN 16
AVERAGE MONTHLY: 27.4 TOTAL FOR MONTH: 0.97 1 = FOG OR MIST
DPTR FM NORMAL: 2.8 DPTR FM NORMAL: 0.48 2 = FOG REDUCING VISIBILITY
HIGHEST: 62 ON 1 GRTST 24HR 0.36 ON 7- 8 TO 1/4 MILE OR LESS
LOWEST: -10 ON 16 3 = THUNDER
SNOW, ICE PELLETS, HAIL 4 = ICE PELLETS
TOTAL MONTH: M 5 = HAIL
GRTST 24HR M ON M 6 = FREEZING RAIN OR DRIZZLE
GRTST DEPTH: M ON M 7 = DUSTSTORM OR SANDSTORM:
VSBY 1/2 MILE OR LESS
8 = SMOKE OR HAZE
[NO. OF DAYS WITH] [WEATHER - DAYS WITH] 9 = BLOWING SNOW
X = TORNADO
MAX 32 OR BELOW: 10 0.01 INCH OR MORE: 11
MAX 90 OR ABOVE: 0 0.10 INCH OR MORE: 2
MIN 32 OR BELOW: 27 0.50 INCH OR MORE: 0
MIN 0 OR BELOW: 3 1.00 INCH OR MORE: 0
[HDD (BASE 65) ]
TOTAL THIS MO. 1080 CLEAR (SCALE 0-3) 11
DPTR FM NORMAL -51 PTCLDY (SCALE 4-7) 10
TOTAL FM JUL 1 5232 CLOUDY (SCALE 8-10) 8
DPTR FM NORMAL -606
[CDD (BASE 65) ]
TOTAL THIS MO. 0
DPTR FM NORMAL 0 [PRESSURE DATA]
TOTAL FM JAN 1 0 HIGHEST SLP 30.67 ON 16
DPTR FM NORMAL 0 LOWEST SLP 29.26 ON 26
[REMARKS]
#FINAL-02-24#