000
CXUS53 KILX 010900
CF6LWV
PRELIMINARY LOCAL CLIMATOLOGICAL DATA (WS FORM: F-6)
STATION: LAWRENCEVILLE IL AIRPORT
MONTH: MARCH
YEAR: 2022
LATITUDE: 38 45 N
LONGITUDE: 87 36 W
TEMPERATURE IN F: :PCPN: SNOW: WIND :SUNSHINE: SKY :PK WND
================================================================================
1 2 3 4 5 6A 6B 7 8 9 10 11 12 13 14 15 16 17 18
12Z AVG MX 2MIN
DY MAX MIN AVG DEP HDD CDD WTR SNW DPTH SPD SPD DIR MIN PSBL S-S WX SPD DR
================================================================================
1 M M M M M M 0.00 M M M M M M M M M M
2 M M M M M M M M M M M M M M M 8 M M
3 59 35 47 7 18 0 0.00 M M 12.8 22 20 M M 1 27 40
4 60 31 46 5 19 0 0.00 M M 8.3 15 90 M M 0 18 100
5 74 44 59 18 6 0 T M M 17.2 31 190 M M 3 40 190
6 66 50 58 17 7 0 0.32 M M 10.8 29 90 M M 8 13 33 360
7 51 33 42 0 23 0 1.04 M M 15.7 30 310 M M 10 13 37 300
8 38 30 34 -8 31 0 0.00 M M 4.6 14 330 M M 7 19 330
9 51 33 42 0 23 0 0.00 M M 5.9 14 340 M M 5 17 320
10 52 32 42 -1 23 0 T M M 6.9 15 20 M M 1 20 10
11 40 25 33 -10 32 0 T M M 14.3 28 330 M M 8 1 39 320
12 29 15 22 -21 43 0 0.00 M M 14.6 28 340 M M 1 35 300
13 56 21 39 -5 26 0 0.00 M M 14.9 28 210 M M 3 36 200
14 64 35 50 6 15 0 0.00 M M 11.8 25 190 M M 1 34 210
15 67 43 55 11 10 0 T M M 5.0 14 190 M M 5 18 160
16 72 36 54 9 11 0 0.00 M M 5.3 15 170 M M 0 1 22 160
17 73 43 58 13 7 0 0.00 M M 5.7 16 180 M M 0 1 20 190
18 64 51 58 12 7 0 0.46 M M 9.0 22 220 M M 7 13 28 260
19 53 36 45 -1 20 0 0.03 M M 12.7 23 260 M M 8 32 240
20 66 33 50 4 15 0 0.00 M M 5.7 16 200 M M 0 22 210
21 72 41 57 10 8 0 T M M 8.6 20 160 M M 0 30 180
22 59 50 55 8 10 0 1.03 M M 13.9 32 140 M M 10 1 42 140
23 60 44 52 5 13 0 0.08 M M 17.3 32 210 M M 10 1 43 200
24 46 41 44 -4 21 0 0.01 M M 13.4 23 200 M M 10 29 230
25 53 37 45 -3 20 0 T M M 11.8 36 320 M M 7 47 330
26 48 30 39 -9 26 0 0.00 M M 16.5 29 320 M M 2 38 330
27 44 26 35 -14 30 0 0.00 M M 8.1 20 320 M M 0 23 320
28 47 26 37 -12 28 0 0.00 M M 5.7 15 50 M M 1 19 50
29 50 38 44 -6 21 0 T M M 14.3 31 100 M M 6 42 100
30 75 46 61 11 4 0 0.55 M M 18.4 49 210 M M 6 18 71 200
31 50 38 44 -6 21 0 0.01 M M 15.3 29 250 M M 10 37 250
================================================================================
SM 1639 1043 538 0 3.53 M 324.5 M 130
================================================================================
AV 56.5 36.0 11.2 FASTST M M 4 MAX(MPH)
MISC ----> 49 210 71 200
================================================================================
NOTES:
# LAST OF SEVERAL OCCURRENCES
COLUMN 17 PEAK WIND IN M.P.H.
PRELIMINARY LOCAL CLIMATOLOGICAL DATA (WS FORM: F-6) , PAGE 2
STATION: LAWRENCEVILLE IL AIRPORT
MONTH: MARCH
YEAR: 2022
LATITUDE: 38 45 N
LONGITUDE: 87 36 W
[TEMPERATURE DATA] [PRECIPITATION DATA] SYMBOLS USED IN COLUMN 16
AVERAGE MONTHLY: 46.2 TOTAL FOR MONTH: 3.53 1 = FOG OR MIST
DPTR FM NORMAL: 1.4 DPTR FM NORMAL: 0.37 2 = FOG REDUCING VISIBILITY
HIGHEST: 75 ON 30 GRTST 24HR 1.36 ON 6- 7 TO 1/4 MILE OR LESS
LOWEST: 15 ON 12 3 = THUNDER
SNOW, ICE PELLETS, HAIL 4 = ICE PELLETS
TOTAL MONTH: M 5 = HAIL
GRTST 24HR M ON M 6 = FREEZING RAIN OR DRIZZLE
GRTST DEPTH: M ON M 7 = DUSTSTORM OR SANDSTORM:
VSBY 1/2 MILE OR LESS
8 = SMOKE OR HAZE
[NO. OF DAYS WITH] [WEATHER - DAYS WITH] 9 = BLOWING SNOW
X = TORNADO
MAX 32 OR BELOW: 1 0.01 INCH OR MORE: 9
MAX 90 OR ABOVE: 0 0.10 INCH OR MORE: 5
MIN 32 OR BELOW: 9 0.50 INCH OR MORE: 3
MIN 0 OR BELOW: 0 1.00 INCH OR MORE: 2
[HDD (BASE 65) ]
TOTAL THIS MO. 538 CLEAR (SCALE 0-3) 12
DPTR FM NORMAL -90 PTCLDY (SCALE 4-7) 11
TOTAL FM JUL 1 3583 CLOUDY (SCALE 8-10) 8
DPTR FM NORMAL -751
[CDD (BASE 65) ]
TOTAL THIS MO. 0
DPTR FM NORMAL -3 [PRESSURE DATA]
TOTAL FM JAN 1 0 HIGHEST SLP 30.39 ON 4
DPTR FM NORMAL -3 LOWEST SLP 29.19 ON 30
[REMARKS]
#FINAL-03-22#