000
CXUS53 KGID 012300
CF6LXN
PRELIMINARY LOCAL CLIMATOLOGICAL DATA (WS FORM: F-6)
STATION: LEXINGTON NE
MONTH: JANUARY
YEAR: 2022
LATITUDE: 40 47 N
LONGITUDE: 99 46 W
TEMPERATURE IN F: :PCPN: SNOW: WIND :SUNSHINE: SKY :PK WND
================================================================================
1 2 3 4 5 6A 6B 7 8 9 10 11 12 13 14 15 16 17 18
12Z AVG MX 2MIN
DY MAX MIN AVG DEP HDD CDD WTR SNW DPTH SPD SPD DIR MIN PSBL S-S WX SPD DR
================================================================================
1 7 -9 -1 M 66 0 M M M 15.0 24 10 M M 6 8 30 10
2 29 -14 8 M 57 0 0.00 M M 6.5 12 300 M M 0 M M
3 47 7 27 M 38 0 0.00 M M 6.2 14 170 M M 0 M M
4 56 15 36 M 29 0 0.00 M M 14.5 32 310 M M 1 39 310
5 16 4 10 M 55 0 M M M 13.5 20 10 M M 7 23 20
6 9 -5 2 M 63 0 M M M 10.2 17 350 M M 6 24 350
7 20 5 13 M 52 0 0.00 M M 13.3 20 170 M M 1 24 190
8 43 13 28 M 37 0 0.00 M M 9.1 27 360 M M 1 33 360
9 36 4 20 M 45 0 0.00 M M 6.9 13 230 M M 0 M M
10 51 13 32 M 33 0 0.00 M M 6.3 12 290 M M 0 M M
11 57 16 37 M 28 0 0.00 M M 8.4 22 350 M M 0 27 350
12 58 16 37 M 28 0 0.00 M M 9.6 18 290 M M 0 M M
13 60 31 46 M 19 0 0.00 M M 8.4 14 290 M M 3 M M
14 46 20 33 M 32 0 M M M 19.9 39 350 M M 7 46 350
15 34 10 22 M 43 0 M M M 11.9 30 360 M M 1 39 360
16 53 19 36 M 29 0 0.00 M M 13.0 24 350 M M 1 30 350
17 59 16 38 M 27 0 0.00 M M 5.7 12 250 M M 0 16 250
18 60 20 40 M 25 0 0.00 M M 10.2 21 10 M M 0 27 10
19 28 4 16 M 49 0 T M M 15.4 22 360 M M 7 32 10
20 18 -7 6 M 59 0 0.00 M M 6.3 13 160 M M 5 16 160
21 30 9 20 M 45 0 0.00 M M 9.7 15 200 M M 4 20 170
22 51 12 32 M 33 0 0.00 M M 10.8 23 220 M M 2 33 220
23 56 23 40 M 25 0 0.00 M M 9.8 16 280 M M 6 23 280
24 48 21 35 M 30 0 0.00 M M 11.7 21 360 M M 7 25 360
25 21 15 18 M 47 0 M M M 4.1 8 220 M M 10 M M
26 37 19 28 M 37 0 0.00 M M 11.2 21 220 M M 5 1 29 210
27 40 18 29 M 36 0 0.00 M M 10.5 21 330 M M 5 25 330
28 49 12 31 M 34 0 0.00 M M 7.3 14 300 M M 2 1 17 290
29 62 14 38 M 27 0 0.00 M M 11.4 21 320 M M 0 28 320
30 56 13 35 M 30 0 0.00 M M 7.1 18 220 M M 0 23 220
31 59 17 38 M 27 0 0.00 M M 7.2 16 220 M M 0 21 200
================================================================================
SM 1296 351 1185 0 M M 311.1 M 87
================================================================================
AV 41.8 11.3 10.0 FASTST M M 3 MAX(MPH)
MISC ----> 39 350 M M
================================================================================
NOTES:
# LAST OF SEVERAL OCCURRENCES
COLUMN 17 PEAK WIND IN M.P.H.
PRELIMINARY LOCAL CLIMATOLOGICAL DATA (WS FORM: F-6) , PAGE 2
STATION: LEXINGTON NE
MONTH: JANUARY
YEAR: 2022
LATITUDE: 40 47 N
LONGITUDE: 99 46 W
[TEMPERATURE DATA] [PRECIPITATION DATA] SYMBOLS USED IN COLUMN 16
AVERAGE MONTHLY: 26.6 TOTAL FOR MONTH: M 1 = FOG OR MIST
DPTR FM NORMAL: M DPTR FM NORMAL: M 2 = FOG REDUCING VISIBILITY
HIGHEST: 62 ON 29 GRTST 24HR M ON M TO 1/4 MILE OR LESS
LOWEST: -14 ON 2 3 = THUNDER
SNOW, ICE PELLETS, HAIL 4 = ICE PELLETS
TOTAL MONTH: M 5 = HAIL
GRTST 24HR M ON M 6 = FREEZING RAIN OR DRIZZLE
GRTST DEPTH: M ON M 7 = DUSTSTORM OR SANDSTORM:
VSBY 1/2 MILE OR LESS
8 = SMOKE OR HAZE
[NO. OF DAYS WITH] [WEATHER - DAYS WITH] 9 = BLOWING SNOW
X = TORNADO
MAX 32 OR BELOW: 9 0.01 INCH OR MORE: M
MAX 90 OR ABOVE: 0 0.10 INCH OR MORE: M
MIN 32 OR BELOW: 31 0.50 INCH OR MORE: M
MIN 0 OR BELOW: 4 1.00 INCH OR MORE: M
[HDD (BASE 65) ]
TOTAL THIS MO. 1185 CLEAR (SCALE 0-3) 19
DPTR FM NORMAL M PTCLDY (SCALE 4-7) 11
TOTAL FM JUL 1 3228 CLOUDY (SCALE 8-10) 1
DPTR FM NORMAL M
[CDD (BASE 65) ]
TOTAL THIS MO. 0
DPTR FM NORMAL M [PRESSURE DATA]
TOTAL FM JAN 1 0 HIGHEST SLP M ON M
DPTR FM NORMAL M LOWEST SLP M ON M
[REMARKS]
#FINAL-01-22#