000
CXUS54 KLZK 011330
CF6M19
PRELIMINARY LOCAL CLIMATOLOGICAL DATA (WS FORM: F-6)
STATION: NEWPORT AIRPORT
MONTH: NOVEMBER
YEAR: 2023
LATITUDE: 35 35 N
LONGITUDE: 91 16 W
TEMPERATURE IN F: :PCPN: SNOW: WIND :SUNSHINE: SKY :PK WND
================================================================================
1 2 3 4 5 6A 6B 7 8 9 10 11 12 13 14 15 16 17 18
12Z AVG MX 2MIN
DY MAX MIN AVG DEP HDD CDD WTR SNW DPTH SPD SPD DIR MIN PSBL S-S WX SPD DR
================================================================================
1 48 26 37 -19 28 0 0.00 M M 6.1 9 30 M M 0 M M
2 59 31 45 -11 20 0 0.00 M M 7.3 14 200 M M 0 M M
3 66 34 50 -5 15 0 0.00 M M 9.5 20 190 M M 0 24 200
4 74 41 58 3 7 0 T M M 6.2 10 210 M M 1 M M
5 74 48 61 7 4 0 T M M 4.6 7 190 M M 1 8 M M
6 81 50 66 12 0 1 T M M 11.2 21 210 M M 0 18 26 200
7 79 58 69 15 0 4 0.00 M M 11.5 20 200 M M 1 25 200
8 77 63 70 17 0 5 0.00 M M 17.1 29 210 M M 5 39 210
9 69 46 58 5 7 0 0.28 M M 12.2 22 30 M M 8 26 30
10 61 43 52 0 13 0 0.04 M M 9.5 16 40 M M 2 M M
11 59 40 50 -2 15 0 0.00 M M 9.9 15 30 M M 0 18 20
12 64 36 50 -2 15 0 0.00 M M 5.9 8 340 M M 0 8 M M
13 67 39 53 2 12 0 0.00 M M 4.3 8 30 M M 0 M M
14 46 43 45 -6 20 0 0.00 M M 6.3 8 360 M M 0 M M
15 M M M M M M 0.00 M M M M M M M M M M
16 M M M M M M 0.00 M M M M M M M M M M
17 72 54 63 13 2 0 0.00 M M M M M M M M M M
18 64 41 53 4 12 0 0.00 M M M M M M M M M M
19 64 35 50 1 15 0 0.01 M M M M M M M M M M
20 55 48 52 4 13 0 1.02 M M M M M M M M 123 M M
21 53 43 48 0 17 0 0.00 M M M M M M M M M M
22 M M M M M M 0.00 M M M M M M M M M M
23 62 32 47 0 18 0 0.00 M M M M M M M M M M
24 54 38 46 -1 19 0 0.00 M M M M M M M M M M
25 53 33 43 -3 22 0 0.00 M M M M M M M M M M
26 44 30 37 -9 28 0 0.13 M M M M M M M M M M
27 48 26 37 -9 28 0 0.00 M M M M M M M M M M
28 49 29 39 -6 26 0 0.00 M M M M M M M M M M
29 63 32 48 3 17 0 0.00 M M 9.1 16 200 M M 0 M M
30 53 37 45 1 20 0 1.74 M M 9.5 20 200 M M 7 18 M M
================================================================================
SM 1658 1076 393 10 3.22 M 140.3 M 25
================================================================================
AV 61.4 39.9 8.8 FASTST M M 2 MAX(MPH)
MISC ----> 29 210 39 210
================================================================================
NOTES:
# LAST OF SEVERAL OCCURRENCES
COLUMN 17 PEAK WIND IN M.P.H.
PRELIMINARY LOCAL CLIMATOLOGICAL DATA (WS FORM: F-6) , PAGE 2
STATION: NEWPORT AIRPORT
MONTH: NOVEMBER
YEAR: 2023
LATITUDE: 35 35 N
LONGITUDE: 91 16 W
[TEMPERATURE DATA] [PRECIPITATION DATA] SYMBOLS USED IN COLUMN 16
AVERAGE MONTHLY: 50.6 TOTAL FOR MONTH: 3.22 1 = FOG OR MIST
DPTR FM NORMAL: 0.4 DPTR FM NORMAL: -2.13 2 = FOG REDUCING VISIBILITY
HIGHEST: 81 ON 6 GRTST 24HR 1.74 ON 30-30 TO 1/4 MILE OR LESS
LOWEST: 26 ON 27, 1 3 = THUNDER
SNOW, ICE PELLETS, HAIL 4 = ICE PELLETS
TOTAL MONTH: M 5 = HAIL
GRTST 24HR M ON M 6 = FREEZING RAIN OR DRIZZLE
GRTST DEPTH: M ON M 7 = DUSTSTORM OR SANDSTORM:
VSBY 1/2 MILE OR LESS
8 = SMOKE OR HAZE
[NO. OF DAYS WITH] [WEATHER - DAYS WITH] 9 = BLOWING SNOW
X = TORNADO
MAX 32 OR BELOW: 0 0.01 INCH OR MORE: 6
MAX 90 OR ABOVE: 0 0.10 INCH OR MORE: 4
MIN 32 OR BELOW: 7 0.50 INCH OR MORE: 2
MIN 0 OR BELOW: 0 1.00 INCH OR MORE: 2
[HDD (BASE 65) ]
TOTAL THIS MO. 393 CLEAR (SCALE 0-3) 13
DPTR FM NORMAL -56 PTCLDY (SCALE 4-7) 3
TOTAL FM JUL 1 528 CLOUDY (SCALE 8-10) 14
DPTR FM NORMAL -115
[CDD (BASE 65) ]
TOTAL THIS MO. 10
DPTR FM NORMAL 5 [PRESSURE DATA]
TOTAL FM JAN 1 1966 HIGHEST SLP M ON M
DPTR FM NORMAL 85 LOWEST SLP M ON M
[REMARKS]
#FINAL-11-23#