000
CXUS56 KHNX 020705
CF6MAE
PRELIMINARY LOCAL CLIMATOLOGICAL DATA (WS FORM: F-6)
STATION: MADERA CA AIRPORT
MONTH: JULY
YEAR: 2021
LATITUDE: 36 58 N
LONGITUDE: 120 7 W
TEMPERATURE IN F: :PCPN: SNOW: WIND :SUNSHINE: SKY :PK WND
================================================================================
1 2 3 4 5 6A 6B 7 8 9 10 11 12 13 14 15 16 17 18
12Z AVG MX 2MIN
DY MAX MIN AVG DEP HDD CDD WTR SNW DPTH SPD SPD DIR MIN PSBL S-S WX SPD DR
================================================================================
1 97 64 81 2 0 16 0.00 0.0 0 5.8 16 330 M M 0 40 20
2 99 64 82 3 0 17 0.00 0.0 0 7.0 15 310 M M 0 40 20
3 97 65 81 2 0 16 0.00 0.0 0 7.2 20 330 M M 0 41 20
4 98 62 80 1 0 15 0.00 0.0 0 6.8 13 310 M M 0 37 20
5 98 60 79 -1 0 14 0.00 0.0 0 7.1 15 330 M M 0 39 20
6 96 61 79 -1 0 14 0.00 0.0 0 9.6 18 320 M M 0 40 10
7 98 56 77 -3 0 12 0.00 0.0 0 7.8 15 320 M M 0 37 20
8 104 65 85 5 0 20 0.00 0.0 0 6.3 12 300 M M 2 37 20
9 109 71 90 10 0 25 0.00 0.0 0 7.1 16 310 M M 2 32 10
10 110 72 91 11 0 26 0.00 0.0 0 7.5 14 310 M M 3 37 20
11 112 74 93 13 0 28 0.00 0.0 0 9.5 21 330 M M 4 41 20
12 105 67 86 6 0 21 0.00 0.0 0 7.3 15 300 M M 0 40 30
13 101 64 83 3 0 18 0.00 0.0 0 6.6 21 310 M M 0 37 20
14 98 59 79 -1 0 14 0.00 0.0 0 6.2 17 340 M M 0 40 20
15 98 60 79 -1 0 14 0.00 0.0 0 6.9 21 330 M M 0 40 20
16 96 60 78 -3 0 13 0.00 0.0 0 5.5 14 310 M M 0 42 20
17 101 61 81 0 0 16 0.00 0.0 0 5.4 12 330 M M 0 41 20
18 103 65 84 3 0 19 0.00 0.0 0 4.8 10 240 M M 0 38 20
19 105 69 87 6 0 22 0.00 0.0 0 5.8 18 300 M M 0 35 10
20 103 67 85 4 0 20 0.00 0.0 0 8.5 25 350 M M 0 41 10
21 101 62 82 1 0 17 0.00 0.0 0 7.9 22 360 M M 0 8 40 20
22 102 60 81 0 0 16 0.00 0.0 0 7.1 17 330 M M 0 41 20
23 101 63 82 2 0 17 0.00 0.0 0 5.5 26 20 M M 0 40 30
24 102 65 84 4 0 19 0.00 0.0 0 6.2 14 300 M M 0 37 20
25 101 65 83 3 0 18 0.00 0.0 0 7.8 15 310 M M 0 38 20
26 98 70 84 4 0 19 0.00 0.0 0 5.1 13 300 M M 0 37 20
27 102 67 85 5 0 20 0.00 0.0 0 6.9 14 310 M M 0 38 20
28 100 66 83 3 0 18 0.00 0.0 0 7.5 15 320 M M 0 38 20
29 104 68 86 6 0 21 0.00 0.0 0 6.7 16 320 M M 0 38 20
30 106 73 90 10 0 25 0.00 0.0 0 7.0 23 340 M M 0 43 10
31 102 68 85 5 0 20 0.00 0.0 0 5.9 13 310 M M 0 30 360
================================================================================
SM 3147 2013 0 570 0.00 0.0 212.3 M 11
================================================================================
AV101.5 64.9 6.8 FASTST M M 0 MAX(MPH)
MISC ----> 26 20 43 10
================================================================================
NOTES:
# LAST OF SEVERAL OCCURRENCES
COLUMN 17 PEAK WIND IN M.P.H.
PRELIMINARY LOCAL CLIMATOLOGICAL DATA (WS FORM: F-6) , PAGE 2
STATION: MADERA CA AIRPORT
MONTH: JULY
YEAR: 2021
LATITUDE: 36 58 N
LONGITUDE: 120 7 W
[TEMPERATURE DATA] [PRECIPITATION DATA] SYMBOLS USED IN COLUMN 16
AVERAGE MONTHLY: 83.2 TOTAL FOR MONTH: 0.00 1 = FOG OR MIST
DPTR FM NORMAL: 3.0 DPTR FM NORMAL: -0.01 2 = FOG REDUCING VISIBILITY
HIGHEST: 112 ON 11 GRTST 24HR 0.00 ON 1- 1 TO 1/4 MILE OR LESS
LOWEST: 56 ON 7 3 = THUNDER
SNOW, ICE PELLETS, HAIL 4 = ICE PELLETS
TOTAL MONTH: 0.0 INCH 5 = HAIL
GRTST 24HR 0.0 6 = FREEZING RAIN OR DRIZZLE
GRTST DEPTH: 0 7 = DUSTSTORM OR SANDSTORM:
VSBY 1/2 MILE OR LESS
8 = SMOKE OR HAZE
[NO. OF DAYS WITH] [WEATHER - DAYS WITH] 9 = BLOWING SNOW
X = TORNADO
MAX 32 OR BELOW: 0 0.01 INCH OR MORE: 0
MAX 90 OR ABOVE: 31 0.10 INCH OR MORE: 0
MIN 32 OR BELOW: 0 0.50 INCH OR MORE: 0
MIN 0 OR BELOW: 0 1.00 INCH OR MORE: 0
[HDD (BASE 65) ]
TOTAL THIS MO. 0 CLEAR (SCALE 0-3) 30
DPTR FM NORMAL 0 PTCLDY (SCALE 4-7) 1
TOTAL FM JUL 1 0 CLOUDY (SCALE 8-10) 0
DPTR FM NORMAL 0
[CDD (BASE 65) ]
TOTAL THIS MO. 570
DPTR FM NORMAL 100 [PRESSURE DATA]
TOTAL FM JAN 1 1130 HIGHEST SLP 29.99 ON 28
DPTR FM NORMAL 187 LOWEST SLP 29.70 ON 11
[REMARKS]
#FINAL-07-21#