000
CXUS54 KMAF 011544
CLMMAF
CLIMATE REPORT
NATIONAL WEATHER SERVICE MIDLAND/ODESSA TX
944 AM CST FRI MAR 01 2024
...................................
...THE MIDLAND INTERNATIONAL AIRPORT CLIMATE SUMMARY FOR THE MONTH OF FEBRUARY 2024...
CLIMATE NORMAL PERIOD 1991 TO 2020
CLIMATE RECORD PERIOD 1930 TO 2024
WEATHER OBSERVED NORMAL DEPART LAST YEAR`S
VALUE DATE(S) VALUE FROM VALUE DATE(S)
NORMAL
................................................................
TEMPERATURE (F)
RECORD
HIGH 92 02/11/2017
LOW -11 02/08/1933
HIGHEST 86 02/21 63 23 86 02/26
02/26
LOWEST 24 02/18 34 -10 17 02/17
AVG. MAXIMUM 67.3 63.6 3.7 62.4
AVG. MINIMUM 39.7 36.7 3.0 35.3
MEAN 53.5 50.2 3.3 48.9
DAYS MAX >= 90 0 0.1 -0.1 0
DAYS MAX <= 32 0 0.6 -0.6 1
DAYS MIN <= 32 5 11.0 -6.0 11
DAYS MIN <= 0 0 0.0 0.0 0
PRECIPITATION (INCHES)
RECORD
MAXIMUM 3.53 1932
MINIMUM 0.00 1999
TOTALS 0.38 0.58 -0.20 0.21
DAILY AVG. 0.01 NAN NAN 0.01
DAYS >= .01 4 3.4 0.6 5
DAYS >= .10 1 1.6 -0.6 0
DAYS >= .50 0 0.4 -0.4 0
DAYS >= 1.00 0 0.0 0.0 0
GREATEST
24 HR. TOTAL 0.34 02/28 TO 02/29 0.08
SNOWFALL (INCHES)
RECORDS
TOTAL 7.9 2010
TOTALS T 0.7 -0.7 0.1
SINCE 7/1 T 4.2 -4.2 MM
SNOWDEPTH AVG. 0 -1
DAYS >= 1.0 0 0.3 -0.3 0
GREATEST
SNOW DEPTH 0 MM 02/25
02/02
02/01
24 HR TOTAL MM 0.1
DEGREE DAYS
HEATING TOTAL 336 420 -84 448
SINCE 7/1 1951 2044 -93 MM
................................................................
WIND (MPH)
AVERAGE WIND SPEED 11.5
HIGHEST WIND SPEED/DIRECTION 43/260 DATE 02/27
HIGHEST GUST SPEED/DIRECTION 57/270 DATE 02/27
SKY COVER
POSSIBLE SUNSHINE (PERCENT) MM
AVERAGE SKY COVER 0.10
NUMBER OF DAYS FAIR 26
NUMBER OF DAYS PC 2
NUMBER OF DAYS CLOUDY 1
AVERAGE RH (PERCENT) 50
WEATHER CONDITIONS. NUMBER OF DAYS WITH
THUNDERSTORM 0 MIXED PRECIP 0
HEAVY RAIN 0 RAIN 3
LIGHT RAIN 4 FREEZING RAIN 0
LT FREEZING RAIN 0 HAIL 0
HEAVY SNOW 0 SNOW 0
LIGHT SNOW 2 SLEET 0
FOG 1 FOG W/VIS <= 1/4 MILE 0
HAZE 3
- INDICATES NEGATIVE NUMBERS.
R INDICATES RECORD WAS SET OR TIED.
MM INDICATES DATA IS MISSING.
T INDICATES TRACE AMOUNT.
$$