000
CXUS55 KABR 011100
CF6MBG
PRELIMINARY LOCAL CLIMATOLOGICAL DATA (WS FORM: F-6)
STATION: MOBRIDGE SD
MONTH: JUNE
YEAR: 2021
LATITUDE: 45 32 N
LONGITUDE: 100 25 W
TEMPERATURE IN F: :PCPN: SNOW: WIND :SUNSHINE: SKY :PK WND
================================================================================
1 2 3 4 5 6A 6B 7 8 9 10 11 12 13 14 15 16 17 18
12Z AVG MX 2MIN
DY MAX MIN AVG DEP HDD CDD WTR SNW DPTH SPD SPD DIR MIN PSBL S-S WX SPD DR
================================================================================
1 79 53 66 2 0 1 0.03 0.0 0 7.6 18 170 M M 3 3 29 190
2 89 48 69 5 0 4 0.00 0.0 0 4.1 15 300 M M 0 1 20 260
3 96 51 74 10 0 9 0.00 0.0 0 4.7 13 320 M M 0 18 320
4 101 61 81 17 0 16 0.00 0.0 0 7.1 14 200 M M 0 20 240
5 103 62 83 18 0 18 0.00 0.0 0 9.4 21 340 M M 0 34 340
6 86 59 73 8 0 8 0.00 0.0 0 15.0 31 350 M M 0 43 340
7 101 56 79 14 0 14 0.00 0.0 0 13.4 31 110 M M 1 3 40 110
8 98 72 85 19 0 20 0.00 0.0 0 19.1 32 150 M M 2 8 44 150
9 95 67 81 15 0 16 0.09 0.0 0 8.4 21 110 M M 1 3 26 120
10 101 70 86 20 0 21 0.00 0.0 0 15.3 26 160 M M 0 37 160
11 86 51 69 2 0 4 0.09 0.0 0 16.8 38 270 M M 2 52 270
12 91 47 69 2 0 4 0.00 0.0 0 6.8 20 150 M M 0 25 140
13 93 57 75 8 0 10 0.00 0.0 0 9.5 20 20 M M 1 27 10
14 94 62 78 10 0 13 0.00 0.0 0 11.0 17 90 M M 2 24 120
15 95 60 78 10 0 13 0.00 0.0 0 16.8 24 120 M M 1 33 120
16 97 64 81 13 0 16 0.00 0.0 0 15.8 31 350 M M 0 41 350
17 92 59 76 8 0 11 0.00 0.0 0 5.0 12 290 M M 2 16 360
18 91 54 73 4 0 8 0.00 0.0 0 10.2 24 320 M M 0 33 320
19 86 48 67 -2 0 2 0.00 0.0 0 8.8 21 130 M M 1 28 130
20 78 48 63 -6 2 0 T 0.0 0 16.1 29 360 M M 6 40 340
21 76 44 60 -10 5 0 0.00 0.0 0 8.2 20 310 M M 1 30 330
22 90 51 71 1 0 6 0.00 0.0 0 7.0 15 150 M M 0 21 140
23 103 63 83 13 0 18 0.00 0.0 0 10.8 25 10 M M 0 36 10
24 91 62 77 7 0 12 0.00 0.0 0 8.0 15 80 M M 0 20 80
25 76 64 70 -1 0 5 0.09 0.0 0 8.1 16 150 M M 8 20 140
26 84 59 72 1 0 7 0.08 0.0 0 9.5 23 320 M M 5 18 35 320
27 87 59 73 2 0 8 T 0.0 0 7.8 31 350 M M 3 47 360
28 84 57 71 -1 0 6 0.00 0.0 0 9.2 15 40 M M 2 31 350
29 88 53 71 -1 0 6 0.00 0.0 0 4.3 10 100 M M 0 16 250
30 96 61 79 7 0 14 0.00 0.0 0 8.2 18 100 M M 1 26 100
================================================================================
SM 2727 1722 7 290 0.38 0.0 302.0 M 42
================================================================================
AV 90.9 57.4 10.1 FASTST M M 1 MAX(MPH)
MISC ----> 38 270 52 270
================================================================================
NOTES:
# LAST OF SEVERAL OCCURRENCES
COLUMN 17 PEAK WIND IN M.P.H.
PRELIMINARY LOCAL CLIMATOLOGICAL DATA (WS FORM: F-6) , PAGE 2
STATION: MOBRIDGE SD
MONTH: JUNE
YEAR: 2021
LATITUDE: 45 32 N
LONGITUDE: 100 25 W
[TEMPERATURE DATA] [PRECIPITATION DATA] SYMBOLS USED IN COLUMN 16
AVERAGE MONTHLY: 74.2 TOTAL FOR MONTH: 0.38 1 = FOG OR MIST
DPTR FM NORMAL: 6.3 DPTR FM NORMAL: -2.70 2 = FOG REDUCING VISIBILITY
HIGHEST: 103 ON 23, 5 GRTST 24HR 0.09 ON 9- 9 TO 1/4 MILE OR LESS
LOWEST: 44 ON 21 3 = THUNDER
SNOW, ICE PELLETS, HAIL 4 = ICE PELLETS
TOTAL MONTH: 0.0 INCH 5 = HAIL
GRTST 24HR 0.0 6 = FREEZING RAIN OR DRIZZLE
GRTST DEPTH: 0 7 = DUSTSTORM OR SANDSTORM:
VSBY 1/2 MILE OR LESS
8 = SMOKE OR HAZE
[NO. OF DAYS WITH] [WEATHER - DAYS WITH] 9 = BLOWING SNOW
X = TORNADO
MAX 32 OR BELOW: 0 0.01 INCH OR MORE: 5
MAX 90 OR ABOVE: 18 0.10 INCH OR MORE: 0
MIN 32 OR BELOW: 0 0.50 INCH OR MORE: 0
MIN 0 OR BELOW: 0 1.00 INCH OR MORE: 0
[HDD (BASE 65) ]
TOTAL THIS MO. 7 CLEAR (SCALE 0-3) 26
DPTR FM NORMAL -45 PTCLDY (SCALE 4-7) 4
TOTAL FM JUL 1 6930 CLOUDY (SCALE 8-10) 0
DPTR FM NORMAL -623
[CDD (BASE 65) ]
TOTAL THIS MO. 290
DPTR FM NORMAL 151 [PRESSURE DATA]
TOTAL FM JAN 1 319 HIGHEST SLP 30.15 ON 29
DPTR FM NORMAL 152 LOWEST SLP 29.30 ON 6
[REMARKS]
#FINAL-06-21#