000
CXUS53 KEAX 010736
CF6MCI
PRELIMINARY LOCAL CLIMATOLOGICAL DATA (WS FORM: F-6)
STATION: KANSAS CITY INTERNATIONAL MO
MONTH: SEPTEMBER
YEAR: 2021
LATITUDE: 39 19 N
LONGITUDE: 94 43 W
TEMPERATURE IN F: :PCPN: SNOW: WIND :SUNSHINE: SKY :PK WND
================================================================================
1 2 3 4 5 6A 6B 7 8 9 10 11 12 13 14 15 16 17 18
12Z AVG MX 2MIN
DY MAX MIN AVG DEP HDD CDD WTR SNW DPTH SPD SPD DIR MIN PSBL S-S WX SPD DR
================================================================================
1 83 66 75 2 0 10 0.00 0.0 0 10.4 16 100 M M 6 8 21 90
2 82 66 74 1 0 9 0.02 0.0 0 13.8 21 140 M M 6 27 140
3 85 71 78 5 0 13 1.07 0.0 0 9.7 23 180 M M 9 13 30 190
4 77 64 71 -1 0 6 0.76 0.0 0 6.7 13 350 M M 7 13 17 10
5 80 56 68 -4 0 3 0.00 0.0 0 4.9 9 220 M M 1 12 13 210
6 86 62 74 2 0 9 0.00 0.0 0 8.7 14 200 M M 0 18 230
7 89 63 76 4 0 11 0.00 0.0 0 10.6 18 220 M M 2 8 28 220
8 82 54 68 -3 0 3 0.00 0.0 0 7.2 15 340 M M 0 18 22 340
9 82 61 72 1 0 7 0.00 0.0 0 5.9 13 160 M M 3 8 16 160
10 85 63 74 4 0 9 0.00 0.0 0 8.7 15 170 M M 2 8 20 190
11 85 66 76 6 0 11 0.00 0.0 0 12.9 21 200 M M 1 8 30 190
12 85 66 76 6 0 11 0.00 0.0 0 13.2 22 190 M M 2 8 31 220
13 86 64 75 6 0 10 0.00 0.0 0 14.6 25 190 M M 4 8 34 170
14 81 64 73 4 0 8 T 0.0 0 9.3 18 210 M M 6 18 27 200
15 81 59 70 1 0 5 0.00 0.0 0 7.8 15 120 M M 3 12 19 140
16 87 64 76 8 0 11 0.00 0.0 0 10.7 18 180 M M 1 8 23 150
17 88 65 77 9 0 12 0.00 0.0 0 7.8 22 350 M M 3 138 33 350
18 88 62 75 7 0 10 0.00 0.0 0 5.4 10 120 M M 1 13 140
19 87 67 77 10 0 12 0.00 0.0 0 10.5 18 170 M M 2 23 170
20 86 60 73 6 0 8 0.24 0.0 0 13.3 24 350 M M 5 138 35 360
21 75 54 65 -1 0 0 T 0.0 0 10.2 21 350 M M 4 8 32 340
22 72 47 60 -6 5 0 0.00 0.0 0 5.4 16 340 M M 0 18 23 340
23 76 45 61 -5 4 0 0.00 0.0 0 7.5 13 170 M M 0 18 19 220
24 77 54 66 1 0 1 0.01 0.0 0 11.3 24 230 M M 5 8 33 220
25 75 45 60 -5 5 0 0.00 0.0 0 6.0 13 210 M M 1 1 17 230
26 91 55 73 9 0 8 0.00 0.0 0 16.3 28 220 M M 1 8 40 210
27 91 64 78 14 0 13 0.00 0.0 0 12.7 21 220 M M 1 8 28 220
28 89 61 75 11 0 10 0.00 0.0 0 8.6 18 160 M M 1 8 24 150
29 80 64 72 9 0 7 T 0.0 0 8.6 14 140 M M 6 8 17 160
30 84 64 74 11 0 9 0.00 0.0 0 8.1 22 120 M M 6 138 28 120
================================================================================
SM 2495 1816 14 226 2.10 0.0 286.8 M 89
================================================================================
AV 83.2 60.5 9.6 FASTST M M 3 MAX(MPH)
MISC ----> 28 220 40 210
================================================================================
NOTES:
# LAST OF SEVERAL OCCURRENCES
COLUMN 17 PEAK WIND IN M.P.H.
PRELIMINARY LOCAL CLIMATOLOGICAL DATA (WS FORM: F-6) , PAGE 2
STATION: KANSAS CITY INTERNATIONAL MO
MONTH: SEPTEMBER
YEAR: 2021
LATITUDE: 39 19 N
LONGITUDE: 94 43 W
[TEMPERATURE DATA] [PRECIPITATION DATA] SYMBOLS USED IN COLUMN 16
AVERAGE MONTHLY: 71.9 TOTAL FOR MONTH: 2.10 1 = FOG OR MIST
DPTR FM NORMAL: 3.4 DPTR FM NORMAL: -1.94 2 = FOG REDUCING VISIBILITY
HIGHEST: 91 ON 27,26 GRTST 24HR 1.68 ON 3- 4 TO 1/4 MILE OR LESS
LOWEST: 45 ON 25,23 3 = THUNDER
SNOW, ICE PELLETS, HAIL 4 = ICE PELLETS
TOTAL MONTH: 0.0 INCH 5 = HAIL
GRTST 24HR 0.0 6 = FREEZING RAIN OR DRIZZLE
GRTST DEPTH: 0 7 = DUSTSTORM OR SANDSTORM:
VSBY 1/2 MILE OR LESS
8 = SMOKE OR HAZE
[NO. OF DAYS WITH] [WEATHER - DAYS WITH] 9 = BLOWING SNOW
X = TORNADO
MAX 32 OR BELOW: 0 0.01 INCH OR MORE: 5
MAX 90 OR ABOVE: 2 0.10 INCH OR MORE: 3
MIN 32 OR BELOW: 0 0.50 INCH OR MORE: 2
MIN 0 OR BELOW: 0 1.00 INCH OR MORE: 1
[HDD (BASE 65) ]
TOTAL THIS MO. 14 CLEAR (SCALE 0-3) 19
DPTR FM NORMAL -44 PTCLDY (SCALE 4-7) 10
TOTAL FM JUL 1 14 CLOUDY (SCALE 8-10) 1
DPTR FM NORMAL -44
[CDD (BASE 65) ]
TOTAL THIS MO. 226
DPTR FM NORMAL 68 [PRESSURE DATA]
TOTAL FM JAN 1 1621 HIGHEST SLP M ON M
DPTR FM NORMAL 290 LOWEST SLP 29.71 ON 20
[REMARKS]
#FINAL-09-21#