000
CXUS53 KGLD 010800
CF6MCK
PRELIMINARY LOCAL CLIMATOLOGICAL DATA (WS FORM: F-6)
STATION: MCCOOK NE
MONTH: FEBRUARY
YEAR: 2023
LATITUDE: 40 13 N
LONGITUDE: 100 35 W
TEMPERATURE IN F: :PCPN: SNOW: WIND :SUNSHINE: SKY :PK WND
================================================================================
1 2 3 4 5 6A 6B 7 8 9 10 11 12 13 14 15 16 17 18
12Z AVG MX 2MIN
DY MAX MIN AVG DEP HDD CDD WTR SNW DPTH SPD SPD DIR MIN PSBL S-S WX SPD DR
================================================================================
1 35 4 20 -9 45 0 0.00 M M 8.9 16 260 M M 0 19 260
2 33 12 23 -6 42 0 0.00 M M 9.3 18 280 M M 1 18 23 280
3 39 9 24 -5 41 0 0.00 M M 4.4 15 240 M M 2 1 20 180
4 47 21 34 5 31 0 0.00 M M 10.0 22 330 M M 0 33 330
5 45 25 35 5 30 0 0.00 M M 8.6 15 270 M M 0 20 280
6 42 22 32 2 33 0 0.00 M M 11.3 23 310 M M 2 33 300
7 42 28 35 5 30 0 0.00 M M 10.2 18 300 M M 1 23 290
8 46 24 35 5 30 0 0.00 M M 10.1 23 330 M M 0 28 330
9 37 26 32 2 33 0 0.00 M M 20.1 35 340 M M 7 43 330
10 41 17 29 -1 36 0 0.00 M M 8.9 15 220 M M 0 20 220
11 55 27 41 11 24 0 0.00 M M 7.5 16 190 M M 0 23 190
12 47 30 39 8 26 0 0.00 M M 9.2 20 330 M M 0 24 350
13 60 25 43 12 22 0 0.00 M M 9.3 23 180 M M 2 8 32 170
14 42 34 38 7 27 0 0.33 M M 12.8 30 340 M M 6 1 37 340
15 34 16 25 -6 40 0 0.01 M M 18.7 28 350 M M 10 128 36 350
16 26 8 17 -15 48 0 T M M 14.1 23 340 M M 5 1 29 340
17 39 6 23 -9 42 0 0.00 M M 8.0 16 250 M M 0 20 270
18 39 10 25 -7 40 0 0.00 M M 4.9 10 270 M M 0 1 12 270
19 43 20 32 0 33 0 0.00 M M 8.2 15 290 M M 0 18 19 290
20 49 26 38 5 27 0 0.00 M M 8.0 14 230 M M 1 18 240
21 57 28 43 10 22 0 M M M 9.2 21 190 M M 0 26 180
22 38 2 20 -13 45 0 T M M 22.0 38 10 M M 9 8 46 10
23 14 -3 6 -28 59 0 0.00 M M 14.5 28 330 M M 1 34 320
24 25 0 13 -21 52 0 T M M 7.2 14 150 M M 4 8 19 120
25 49 12 31 -3 34 0 0.00 M M 2.9 12 320 M M 0 17 210
26 59 25 42 7 23 0 0.45 M M 7.4 30 320 M M 2 1 37 320
27 53 32 43 8 22 0 0.00 M M 17.3 37 320 M M 0 49 320
28 57 28 43 7 22 0 0.00 M M 6.9 25 320 M M 1 32 320
================================================================================
SM 1193 514 959 0 0.79 M 289.9 M 54
================================================================================
AV 42.6 18.4 10.4 FASTST M M 2 MAX(MPH)
MISC ----> 38 10 49 320
================================================================================
NOTES:
# LAST OF SEVERAL OCCURRENCES
COLUMN 17 PEAK WIND IN M.P.H.
PRELIMINARY LOCAL CLIMATOLOGICAL DATA (WS FORM: F-6) , PAGE 2
STATION: MCCOOK NE
MONTH: FEBRUARY
YEAR: 2023
LATITUDE: 40 13 N
LONGITUDE: 100 35 W
[TEMPERATURE DATA] [PRECIPITATION DATA] SYMBOLS USED IN COLUMN 16
AVERAGE MONTHLY: 30.5 TOTAL FOR MONTH: 0.79 1 = FOG OR MIST
DPTR FM NORMAL: -1.0 DPTR FM NORMAL: 0.44 2 = FOG REDUCING VISIBILITY
HIGHEST: 60 ON 13 GRTST 24HR 0.45 ON 26-26 TO 1/4 MILE OR LESS
LOWEST: -3 ON 23 3 = THUNDER
SNOW, ICE PELLETS, HAIL 4 = ICE PELLETS
TOTAL MONTH: M 5 = HAIL
GRTST 24HR M ON M 6 = FREEZING RAIN OR DRIZZLE
GRTST DEPTH: M ON M 7 = DUSTSTORM OR SANDSTORM:
VSBY 1/2 MILE OR LESS
8 = SMOKE OR HAZE
[NO. OF DAYS WITH] [WEATHER - DAYS WITH] 9 = BLOWING SNOW
X = TORNADO
MAX 32 OR BELOW: 3 0.01 INCH OR MORE: 3
MAX 90 OR ABOVE: 0 0.10 INCH OR MORE: 2
MIN 32 OR BELOW: 27 0.50 INCH OR MORE: 0
MIN 0 OR BELOW: 2 1.00 INCH OR MORE: 0
[HDD (BASE 65) ]
TOTAL THIS MO. 959 CLEAR (SCALE 0-3) 22
DPTR FM NORMAL 23 PTCLDY (SCALE 4-7) 4
TOTAL FM JUL 1 4398 CLOUDY (SCALE 8-10) 2
DPTR FM NORMAL -27
[CDD (BASE 65) ]
TOTAL THIS MO. 0
DPTR FM NORMAL 0 [PRESSURE DATA]
TOTAL FM JAN 1 0 HIGHEST SLP M ON M
DPTR FM NORMAL 0 LOWEST SLP 29.18 ON 14
[REMARKS]
#FINAL-02-23#