000
CXUS53 KGLD 010800
CF6MCK
PRELIMINARY LOCAL CLIMATOLOGICAL DATA (WS FORM: F-6)
STATION: MCCOOK NE
MONTH: AUGUST
YEAR: 2021
LATITUDE: 40 13 N
LONGITUDE: 100 35 W
TEMPERATURE IN F: :PCPN: SNOW: WIND :SUNSHINE: SKY :PK WND
================================================================================
1 2 3 4 5 6A 6B 7 8 9 10 11 12 13 14 15 16 17 18
12Z AVG MX 2MIN
DY MAX MIN AVG DEP HDD CDD WTR SNW DPTH SPD SPD DIR MIN PSBL S-S WX SPD DR
================================================================================
1 87 60 74 -4 0 9 0.00 M M 5.7 14 90 M M 1 18 21 130
2 91 55 73 -4 0 8 0.00 M M 6.7 16 120 M M 0 18 22 130
3 94 57 76 -1 0 11 0.00 M M 7.9 13 150 M M 0 18 150
4 92 64 78 1 0 13 0.83 M M 6.7 31 240 M M 2 138 42 240
5 90 60 75 -2 0 10 0.00 M M 5.3 10 140 M M 0 18 16 140
6 98 64 81 4 0 16 0.05 M M 11.0 26 230 M M 0 38 37 250
7 90 66 78 1 0 13 0.02 M M 6.2 14 170 M M 1 8 20 180
8 95 55 75 -2 0 10 0.00 M M 5.1 15 250 M M 0 18 17 250
9 102 59 81 5 0 16 0.28 M M 9.3 32 330 M M 1 138 48 270
10 94 66 80 4 0 15 0.02 M M 8.7 30 280 M M 1 3 43 290
11 92 63 78 2 0 13 0.00 M M 8.5 20 40 M M 0 1 25 40
12 93 60 77 1 0 12 0.00 M M 10.5 23 80 M M 1 13 31 60
13 84 62 73 -3 0 8 0.01 M M 6.4 15 110 M M 6 20 110
14 88 64 76 0 0 11 0.00 M M 10.0 21 130 M M 2 29 140
15 93 65 79 3 0 14 0.00 M M 12.9 24 120 M M 0 34 140
16 93 60 77 2 0 12 0.00 M M 9.7 20 140 M M 0 27 160
17 92 59 76 1 0 11 0.00 M M 10.4 21 160 M M 0 28 160
18 90 64 77 2 0 12 0.00 M M 12.5 23 160 M M 1 32 150
19 90 67 79 4 0 14 0.02 M M 14.7 29 20 M M 5 1 39 140
20 86 62 74 -1 0 9 0.01 M M 13.0 30 340 M M 5 18 42 350
21 81 52 67 -7 0 2 0.00 M M 8.6 15 120 M M 2 20 80
22 98 62 80 6 0 15 0.11 M M 11.4 28 150 M M 2 13 42 160
23 99 67 83 9 0 18 0.00 M M 7.1 17 110 M M 0 24 130
24 103 64 84 10 0 19 0.00 M M 7.6 17 80 M M 0 23 60
25 83 65 74 0 0 9 0.08 M M 11.0 22 80 M M 4 1 30 70
26 100 60 80 7 0 15 T M M 9.8 36 190 M M 1 13 52 170
27 98 69 84 11 0 19 0.00 M M 8.3 23 180 M M 0 3 35 180
28 99 72 86 13 0 21 T M M 11.5 24 170 M M 1 3 35 160
29 80 63 72 0 0 7 0.00 M M 12.0 25 50 M M 9 34 40
30 98 62 80 8 0 15 0.00 M M 10.6 22 180 M M 1 33 170
31 94 61 78 6 0 13 0.00 M M 11.4 22 30 M M 2 31 20
================================================================================
SM 2867 1929 0 390 1.43 M 290.5 M 48
================================================================================
AV 92.5 62.2 9.4 FASTST M M 2 MAX(MPH)
MISC ----> 36 190 52 170
================================================================================
NOTES:
# LAST OF SEVERAL OCCURRENCES
COLUMN 17 PEAK WIND IN M.P.H.
PRELIMINARY LOCAL CLIMATOLOGICAL DATA (WS FORM: F-6) , PAGE 2
STATION: MCCOOK NE
MONTH: AUGUST
YEAR: 2021
LATITUDE: 40 13 N
LONGITUDE: 100 35 W
[TEMPERATURE DATA] [PRECIPITATION DATA] SYMBOLS USED IN COLUMN 16
AVERAGE MONTHLY: 77.4 TOTAL FOR MONTH: 1.43 1 = FOG OR MIST
DPTR FM NORMAL: 2.2 DPTR FM NORMAL: -1.70 2 = FOG REDUCING VISIBILITY
HIGHEST: 103 ON 24 GRTST 24HR 0.83 ON 4- 4 TO 1/4 MILE OR LESS
LOWEST: 52 ON 21 3 = THUNDER
SNOW, ICE PELLETS, HAIL 4 = ICE PELLETS
TOTAL MONTH: M 5 = HAIL
GRTST 24HR M ON M 6 = FREEZING RAIN OR DRIZZLE
GRTST DEPTH: M ON M 7 = DUSTSTORM OR SANDSTORM:
VSBY 1/2 MILE OR LESS
8 = SMOKE OR HAZE
[NO. OF DAYS WITH] [WEATHER - DAYS WITH] 9 = BLOWING SNOW
X = TORNADO
MAX 32 OR BELOW: 0 0.01 INCH OR MORE: 10
MAX 90 OR ABOVE: 24 0.10 INCH OR MORE: 3
MIN 32 OR BELOW: 0 0.50 INCH OR MORE: 1
MIN 0 OR BELOW: 0 1.00 INCH OR MORE: 0
[HDD (BASE 65) ]
TOTAL THIS MO. 0 CLEAR (SCALE 0-3) 26
DPTR FM NORMAL -5 PTCLDY (SCALE 4-7) 4
TOTAL FM JUL 1 0 CLOUDY (SCALE 8-10) 1
DPTR FM NORMAL -4
[CDD (BASE 65) ]
TOTAL THIS MO. 390
DPTR FM NORMAL 71 [PRESSURE DATA]
TOTAL FM JAN 1 1142 HIGHEST SLP M ON M
DPTR FM NORMAL 132 LOWEST SLP 29.64 ON 31
[REMARKS]
#FINAL-08-21#