000
CXUS52 KFFC 011110
CF6MCN
PRELIMINARY LOCAL CLIMATOLOGICAL DATA (WS FORM: F-6)
STATION: MACON
MONTH: DECEMBER
YEAR: 2023
LATITUDE: 32 42 N
LONGITUDE: 83 39 W
TEMPERATURE IN F: :PCPN: SNOW: WIND :SUNSHINE: SKY :PK WND
================================================================================
1 2 3 4 5 6A 6B 7 8 9 10 11 12 13 14 15 16 17 18
12Z AVG MX 2MIN
DY MAX MIN AVG DEP HDD CDD WTR SNW DPTH SPD SPD DIR MIN PSBL S-S WX SPD DR
================================================================================
1 71 39 55 3 10 0 0.01 M M 4.3 13 180 M M 6 22 170
2 67 58 63 11 2 0 0.06 0.0 M 5.4 18 120 M M 7 24 170
3 73 55 64 12 1 0 T 0.0 M 6.4 15 160 M M 5 1 23 210
4 74 44 59 8 6 0 0.00 0.0 M 6.9 22 270 M M 0 2 31 270
5 65 35 50 -1 15 0 0.00 0.0 M 6.7 15 280 M M 0 22 250
6 60 32 46 -5 19 0 0.00 0.0 M 8.6 18 10 M M 0 23 10
7 62 28 45 -6 20 0 0.00 0.0 M 2.2 8 180 M M 0 14 170
8 63 33 48 -3 17 0 0.00 0.0 M 2.0 9 190 M M 2 12 180
9 78 51 65 15 0 0 T 0.0 M 5.6 15 180 M M 8 21 180
10 67 43 55 5 10 0 1.29 M M 7.3 33 330 M M 9 13 48 320
11 59 32 46 -4 19 0 0.00 0.0 M 7.4 14 310 M M 0 21 290
12 60 27 44 -6 21 0 0.00 0.0 M 3.7 13 60 M M 0 23 70
13 63 31 47 -3 18 0 0.00 0.0 M 4.9 14 30 M M 0 1 19 20
14 63 34 49 -1 16 0 0.00 0.0 M 6.7 20 60 M M 0 26 60
15 63 28 46 -4 19 0 0.00 0.0 M 5.6 15 90 M M 0 20 60
16 63 41 52 3 13 0 0.04 M M 9.2 17 80 M M 10 18 22 90
17 58 50 54 5 11 0 0.23 M M 12.0 18 340 M M 9 1 27 300
18 62 41 52 3 13 0 0.00 0.0 M 11.3 21 290 M M 1 28 290
19 51 28 40 -9 25 0 0.00 0.0 M 6.2 20 330 M M 0 31 330
20 54 22 38 -11 27 0 0.00 0.0 M 1.8 12 80 M M 0 15 90
21 61 25 43 -6 22 0 0.00 0.0 M 2.3 7 110 M M 0 11 40
22 63 34 49 0 16 0 0.00 0.0 M 1.6 7 210 M M 0 9 210
23 72 38 55 7 10 0 0.00 0.0 M 1.7 9 180 M M 2 12 120
24 67 40 54 6 11 0 0.00 0.0 M 5.7 16 120 M M 4 22 110
25 66 59 63 15 2 0 0.19 0.0 M 10.9 20 120 M M 10 1 28 100
26 69 58 64 16 1 0 0.08 0.0 M 6.1 15 110 M M 10 1 20 120
27 66 49 58 10 7 0 0.00 0.0 M 6.7 12 240 M M 4 1 16 290
28 63 43 53 5 12 0 0.00 0.0 M 6.3 17 270 M M 1 23 260
29 52 34 43 -5 22 0 0.00 0.0 M 9.5 22 260 M M 6 31 250
30 53 31 42 -6 23 0 0.00 0.0 M 6.0 17 280 M M 4 24 340
31 60 26 43 -5 22 0 0.00 0.0 M 4.1 16 250 M M 0 24 270
================================================================================
SM 1968 1189 430 0 1.90 0.0 185.1 M 98
================================================================================
AV 63.5 38.4 6.0 FASTST M M 3 MAX(MPH)
MISC ----> 33 330 48 320
================================================================================
NOTES:
# LAST OF SEVERAL OCCURRENCES
COLUMN 17 PEAK WIND IN M.P.H.
PRELIMINARY LOCAL CLIMATOLOGICAL DATA (WS FORM: F-6) , PAGE 2
STATION: MACON
MONTH: DECEMBER
YEAR: 2023
LATITUDE: 32 42 N
LONGITUDE: 83 39 W
[TEMPERATURE DATA] [PRECIPITATION DATA] SYMBOLS USED IN COLUMN 16
AVERAGE MONTHLY: 50.9 TOTAL FOR MONTH: 1.90 1 = FOG OR MIST
DPTR FM NORMAL: 1.4 DPTR FM NORMAL: -2.67 2 = FOG REDUCING VISIBILITY
HIGHEST: 78 ON 9 GRTST 24HR 1.29 ON 10-10 TO 1/4 MILE OR LESS
LOWEST: 22 ON 20 3 = THUNDER
SNOW, ICE PELLETS, HAIL 4 = ICE PELLETS
TOTAL MONTH: 0.0 INCH 5 = HAIL
GRTST 24HR 0.0 6 = FREEZING RAIN OR DRIZZLE
GRTST DEPTH: M ON M 7 = DUSTSTORM OR SANDSTORM:
VSBY 1/2 MILE OR LESS
8 = SMOKE OR HAZE
[NO. OF DAYS WITH] [WEATHER - DAYS WITH] 9 = BLOWING SNOW
X = TORNADO
MAX 32 OR BELOW: 0 0.01 INCH OR MORE: 7
MAX 90 OR ABOVE: 0 0.10 INCH OR MORE: 3
MIN 32 OR BELOW: 11 0.50 INCH OR MORE: 1
MIN 0 OR BELOW: 0 1.00 INCH OR MORE: 1
[HDD (BASE 65) ]
TOTAL THIS MO. 430 CLEAR (SCALE 0-3) 18
DPTR FM NORMAL -53 PTCLDY (SCALE 4-7) 8
TOTAL FM JUL 1 764 CLOUDY (SCALE 8-10) 5
DPTR FM NORMAL -95
[CDD (BASE 65) ]
TOTAL THIS MO. 0
DPTR FM NORMAL -4 [PRESSURE DATA]
TOTAL FM JAN 1 2282 HIGHEST SLP 30.66 ON 14
DPTR FM NORMAL -43 LOWEST SLP 29.66 ON 17
[REMARKS]
#FINAL-12-23#