000
CXUS52 KFFC 011419
CLMMCN
CLIMATE REPORT
NATIONAL WEATHER SERVICE PEACHTREE CITY GA
1019 AM EDT FRI SEP 01 2023
...................................
...THE MACON CLIMATE SUMMARY FOR THE MONTH OF AUGUST 2023...
CLIMATE NORMAL PERIOD: 1991 TO 2020
CLIMATE RECORD PERIOD: 1899 TO 2023
WEATHER OBSERVED NORMAL DEPART LAST YEAR`S
VALUE DATE(S) VALUE FROM VALUE DATE(S)
NORMAL
................................................................
TEMPERATURE (F)
RECORD
HIGH 105 08/10/2007
08/01/1986
08/21/1980
LOW 55 08/28/1952
HIGHEST 104 08/26 MM MM 96 08/03
LOWEST 65 08/17 MM MM 67 08/14
08/18
AVG. MAXIMUM 94.3 92.2 2.1 90.2
AVG. MINIMUM 71.6 70.7 0.9 71.5
MEAN 82.9 81.4 1.5 80.9
DAYS MAX >= 90 28 22.0 6.0 19
DAYS MAX <= 32 0 0.0 0.0 0
DAYS MIN <= 32 0 0.0 0.0 0
DAYS MIN <= 0 0 0.0 0.0 0
PRECIPITATION (INCHES)
RECORD
MAXIMUM 20.52 1928
MINIMUM 0.70 1925
TOTALS 5.31 4.38 0.93
DAILY AVG. 0.17 0.14 0.03 0.20
DAYS >= .01 12 10.2 1.8 13
DAYS >= .10 9 6.6 2.4 9
DAYS >= .50 5 2.8 2.2 4
DAYS >= 1.00 1 1.5 -0.5 2
GREATEST
24 HR. TOTAL 1.77 08/29 TO 08/30 2.41 08/20 TO 08/21
DEGREE DAYS
HEATING TOTAL 0 0 0 0
SINCE 7/1 0 0 0 MM
COOLING TOTAL 563 510 53 501
SINCE 1/1 1882 1852 30 MM
................................................................
WIND (MPH)
AVERAGE WIND SPEED 4.3
HIGHEST WIND SPEED/DIRECTION 30/020 DATE 08/06
HIGHEST GUST SPEED/DIRECTION 51/230 DATE 08/06
SKY COVER
POSSIBLE SUNSHINE (PERCENT) MM
AVERAGE SKY COVER 0.21
NUMBER OF DAYS FAIR 24
NUMBER OF DAYS PC 7
NUMBER OF DAYS CLOUDY 0
AVERAGE RH (PERCENT) 74
WEATHER CONDITIONS. NUMBER OF DAYS WITH
THUNDERSTORM 14 MIXED PRECIP 0
HEAVY RAIN 6 RAIN 6
LIGHT RAIN 12 FREEZING RAIN 0
LT FREEZING RAIN 0 HAIL 0
HEAVY SNOW 0 SNOW 0
LIGHT SNOW 0 SLEET 0
FOG 22 FOG W/VIS <= 1/4 MILE 4
HAZE 4
- INDICATES NEGATIVE NUMBERS.
R INDICATES RECORD WAS SET OR TIED.
MM INDICATES DATA IS MISSING.
T INDICATES TRACE AMOUNT.
$$