000
CXUS52 KMLB 010632
CF6MCO
PRELIMINARY LOCAL CLIMATOLOGICAL DATA (WS FORM: F-6)
STATION: ORLANDO INTL
MONTH: APRIL
YEAR: 2021
LATITUDE: 28 25 N
LONGITUDE: 81 19 W
TEMPERATURE IN F: :PCPN: SNOW: WIND :SUNSHINE: SKY :PK WND
================================================================================
1 2 3 4 5 6A 6B 7 8 9 10 11 12 13 14 15 16 17 18
12Z AVG MX 2MIN
DY MAX MIN AVG DEP HDD CDD WTR SNW DPTH SPD SPD DIR MIN PSBL S-S WX SPD DR
================================================================================
1 77 54 66 -3 0 1 0.00 0.0 0 10.5 26 330 M M 5 38 330
2 66 48 57 -12 8 0 0.00 0.0 0 16.9 26 10 M M 1 32 10
3 72 48 60 -9 5 0 0.00 0.0 0 11.5 21 60 M M 5 26 50
4 75 52 64 -5 1 0 0.00 0.0 0 6.4 15 100 M M 4 19 90
5 78 52 65 -5 0 0 0.00 0.0 0 3.4 14 110 M M 2 1 19 110
6 80 55 68 -2 0 3 0.00 0.0 0 4.3 17 100 M M 3 20 100
7 82 56 69 -1 0 4 0.00 0.0 0 5.1 15 120 M M 3 1 19 120
8 83 58 71 1 0 6 0.00 0.0 0 5.9 16 110 M M 3 1 19 110
9 86 60 73 3 0 8 0.00 0.0 0 8.3 20 110 M M 4 1 25 100
10 90 64 77 7 0 12 0.25 0.0 0 11.9 35 260 M M 6 138 53 260
11 70 58 64 -6 1 0 1.40 0.0 0 7.8 36 320 M M 7 13 46 320
12 84 61 73 2 0 8 0.00 0.0 0 6.5 16 330 M M 4 21 340
13 90 57 74 3 0 9 0.00 0.0 0 6.8 15 70 M M 2 1 19 70
14 87 63 75 4 0 10 0.00 0.0 0 7.2 15 140 M M 4 1 21 110
15 87 64 76 5 0 11 0.05 0.0 0 8.8 26 270 M M 6 37 260
16 85 69 77 6 0 12 T 0.0 0 6.4 16 230 M M 7 20 240
17 88 69 79 8 0 14 0.00 0.0 0 9.0 20 220 M M 8 18 24 220
18 85 69 77 5 0 12 0.30 0.0 0 7.0 24 260 M M 10 13 37 260
19 75 68 72 0 0 7 0.40 0.0 0 4.8 13 330 M M 9 13 17 310
20 76 66 71 -1 0 6 2.52 0.0 0 5.9 24 20 M M 8 13 30 20
21 85 68 77 5 0 12 0.00 0.0 0 7.9 16 280 M M 6 21 290
22 80 60 70 -2 0 5 0.00 0.0 0 10.1 20 60 M M 1 25 30
23 80 60 70 -2 0 5 0.00 0.0 0 10.4 17 110 M M 5 22 120
24 88 67 78 5 0 13 0.00 0.0 0 12.3 22 160 M M 7 29 170
25 87 67 77 4 0 12 1.42 0.0 0 9.2 22 310 M M 3 13 27 320
26 84 64 74 1 0 9 0.00 0.0 0 9.3 20 80 M M 4 25 80
27 82 64 73 0 0 8 0.00 0.0 0 9.0 17 120 M M 4 23 90
28 84 63 74 0 0 9 0.00 0.0 0 7.9 16 100 M M 3 1 22 130
29 90 68 79 5 0 14 0.00 0.0 0 7.5 14 310 M M 4 1 20 160
30 90 70 80 6 0 15 0.00 0.0 0 7.4 17 230 M M 5 22 230
================================================================================
SM 2466 1842 15 225 6.34 0.0 245.4 M 143
================================================================================
AV 82.2 61.4 8.2 FASTST M M 5 MAX(MPH)
MISC ----> 36 320 53 260
================================================================================
NOTES:
# LAST OF SEVERAL OCCURRENCES
COLUMN 17 PEAK WIND IN M.P.H.
PRELIMINARY LOCAL CLIMATOLOGICAL DATA (WS FORM: F-6) , PAGE 2
STATION: ORLANDO INTL
MONTH: APRIL
YEAR: 2021
LATITUDE: 28 25 N
LONGITUDE: 81 19 W
[TEMPERATURE DATA] [PRECIPITATION DATA] SYMBOLS USED IN COLUMN 16
AVERAGE MONTHLY: 71.8 TOTAL FOR MONTH: 6.34 1 = FOG OR MIST
DPTR FM NORMAL: 0.6 DPTR FM NORMAL: 3.66 2 = FOG REDUCING VISIBILITY
HIGHEST: 90 ON 30,29 GRTST 24HR 2.52 ON 19-20 TO 1/4 MILE OR LESS
LOWEST: 48 ON 3, 2 3 = THUNDER
SNOW, ICE PELLETS, HAIL 4 = ICE PELLETS
TOTAL MONTH: 0.0 INCH 5 = HAIL
GRTST 24HR 0.0 6 = FREEZING RAIN OR DRIZZLE
GRTST DEPTH: 0 7 = DUSTSTORM OR SANDSTORM:
VSBY 1/2 MILE OR LESS
8 = SMOKE OR HAZE
[NO. OF DAYS WITH] [WEATHER - DAYS WITH] 9 = BLOWING SNOW
X = TORNADO
MAX 32 OR BELOW: 0 0.01 INCH OR MORE: 7
MAX 90 OR ABOVE: 4 0.10 INCH OR MORE: 6
MIN 32 OR BELOW: 0 0.50 INCH OR MORE: 3
MIN 0 OR BELOW: 0 1.00 INCH OR MORE: 3
[HDD (BASE 65) ]
TOTAL THIS MO. 15 CLEAR (SCALE 0-3) 7
DPTR FM NORMAL 3 PTCLDY (SCALE 4-7) 21
TOTAL FM JUL 1 487 CLOUDY (SCALE 8-10) 2
DPTR FM NORMAL -82
[CDD (BASE 65) ]
TOTAL THIS MO. 225
DPTR FM NORMAL 26 [PRESSURE DATA]
TOTAL FM JAN 1 576 HIGHEST SLP M ON M
DPTR FM NORMAL 155 LOWEST SLP 29.69 ON 11
[REMARKS]
#FINAL-04-21#