000
CXUS51 KCTP 010900
CF6MDT
PRELIMINARY LOCAL CLIMATOLOGICAL DATA (WS FORM: F-6)
STATION: HARRISBURG PA
MONTH: JANUARY
YEAR: 2023
LATITUDE: 40 11 N
LONGITUDE: 76 46 W
TEMPERATURE IN F: :PCPN: SNOW: WIND :SUNSHINE: SKY :PK WND
================================================================================
1 2 3 4 5 6A 6B 7 8 9 10 11 12 13 14 15 16 17 18
12Z AVG MX 2MIN
DY MAX MIN AVG DEP HDD CDD WTR SNW DPTH SPD SPD DIR MIN PSBL S-S WX SPD DR
================================================================================
1 56 38 47 15 18 0 0.00 0.0 0 4.3 13 300 M M 6 12 15 300
2 51 37 44 12 21 0 0.04 0.0 0 1.0 7 140 M M 10 12 9 110
3 51 43 47 15 18 0 0.56 0.0 0 2.1 17 310 M M 10 12 21 300
4 59 41 50 18 15 0 0.00 0.0 0 1.7 10 290 M M 10 12 14 290
5 59 40 50 18 15 0 0.03 0.0 0 3.1 13 290 M M 6 12 14 290
6 46 40 43 11 22 0 0.03 0.0 0 9.5 23 300 M M 9 1 26 290
7 46 34 40 9 25 0 0.00 0.0 0 9.7 18 320 M M 8 22 300
8 42 30 36 5 29 0 0.00 0.0 0 5.1 13 250 M M 8 19 210
9 43 31 37 6 28 0 0.11 0.9 1 8.2 20 320 M M 4 1 24 320
10 43 27 35 4 30 0 0.00 0.0 0 4.5 12 310 M M 8 14 300
11 44 26 35 4 30 0 0.00 0.0 0 5.5 13 130 M M 7 18 15 120
12 48 36 42 11 23 0 0.11 0.0 0 5.9 13 130 M M 10 1 17 130
13 52 34 43 12 22 0 0.15 0.0 0 14.2 26 300 M M 10 1 32 290
14 34 28 31 0 34 0 0.00 0.0 0 15.0 26 340 M M 9 33 340
15 42 27 35 5 30 0 0.00 0.0 0 11.9 25 330 M M 2 35 320
16 51 26 39 9 26 0 0.00 0.0 0 8.6 18 330 M M 2 24 320
17 46 29 38 8 27 0 T 0.0 0 0.7 7 90 M M 8 12 80
18 51 35 43 13 22 0 T 0.0 0 7.7 24 300 M M 9 1 30 290
19 41 36 39 9 26 0 0.41 0.0 0 5.2 18 300 M M 9 1 22 300
20 48 38 43 13 22 0 0.00 0.0 0 13.8 28 300 M M 10 1 36 300
21 41 36 39 9 26 0 0.00 0.0 0 9.1 20 320 M M 10 24 310
22 41 27 34 4 31 0 0.22 0.0 0 5.8 13 140 M M 8 1 16 150
23 41 34 38 8 27 0 0.16 T 0 13.3 28 310 M M 10 1 34 310
24 45 28 37 7 28 0 0.00 0.0 0 10.0 20 280 M M 5 25 250
25 37 28 33 3 32 0 0.70 3.0 0 6.6 22 120 M M 10 128 25 130
26 42 34 38 8 27 0 T 0.0 T 12.7 24 270 M M 10 12 31 280
27 40 31 36 6 29 0 0.00 0.0 0 10.0 23 260 M M 6 27 260
28 54 31 43 13 22 0 0.00 0.0 0 6.7 18 290 M M 6 24 280
29 47 28 38 8 27 0 T 0.0 0 2.4 10 190 M M 8 15 210
30 54 34 44 13 21 0 0.00 0.0 0 4.3 15 220 M M 7 1 20 260
31 48 34 41 10 24 0 T T 0 8.4 21 320 M M 10 1 25 320
================================================================================
SM 1443 1021 777 0 2.52 3.9 227.0 M 245
================================================================================
AV 46.5 32.9 7.3 FASTST M M 8 MAX(MPH)
MISC ----> # 28 300 36 300
================================================================================
NOTES:
# LAST OF SEVERAL OCCURRENCES
COLUMN 17 PEAK WIND IN M.P.H.
PRELIMINARY LOCAL CLIMATOLOGICAL DATA (WS FORM: F-6) , PAGE 2
STATION: HARRISBURG PA
MONTH: JANUARY
YEAR: 2023
LATITUDE: 40 11 N
LONGITUDE: 76 46 W
[TEMPERATURE DATA] [PRECIPITATION DATA] SYMBOLS USED IN COLUMN 16
AVERAGE MONTHLY: 39.7 TOTAL FOR MONTH: 2.52 1 = FOG OR MIST
DPTR FM NORMAL: 8.9 DPTR FM NORMAL: -0.51 2 = FOG REDUCING VISIBILITY
HIGHEST: 59 ON 5, 4 GRTST 24HR 0.71 ON 19-19 TO 1/4 MILE OR LESS
LOWEST: 26 ON 16,11 3 = THUNDER
SNOW, ICE PELLETS, HAIL 4 = ICE PELLETS
TOTAL MONTH: 3.9 INCHES 5 = HAIL
GRTST 24HR 3.0 ON 25-25 6 = FREEZING RAIN OR DRIZZLE
GRTST DEPTH: 1 ON 9 7 = DUSTSTORM OR SANDSTORM:
VSBY 1/2 MILE OR LESS
8 = SMOKE OR HAZE
[NO. OF DAYS WITH] [WEATHER - DAYS WITH] 9 = BLOWING SNOW
X = TORNADO
MAX 32 OR BELOW: 0 0.01 INCH OR MORE: 11
MAX 90 OR ABOVE: 0 0.10 INCH OR MORE: 8
MIN 32 OR BELOW: 14 0.50 INCH OR MORE: 2
MIN 0 OR BELOW: 0 1.00 INCH OR MORE: 0
[HDD (BASE 65) ]
TOTAL THIS MO. 777 CLEAR (SCALE 0-3) 2
DPTR FM NORMAL -283 PTCLDY (SCALE 4-7) 12
TOTAL FM JUL 1 2618 CLOUDY (SCALE 8-10) 17
DPTR FM NORMAL -305
[CDD (BASE 65) ]
TOTAL THIS MO. 0
DPTR FM NORMAL 0 [PRESSURE DATA]
TOTAL FM JAN 1 0 HIGHEST SLP 30.35 ON 8
DPTR FM NORMAL 0 LOWEST SLP 29.51 ON 13
[REMARKS]
#FINAL-01-23#