000
CXUS51 KCTP 010900
CF6MDT
PRELIMINARY LOCAL CLIMATOLOGICAL DATA (WS FORM: F-6)
STATION: HARRISBURG PA
MONTH: NOVEMBER
YEAR: 2023
LATITUDE: 40 11 N
LONGITUDE: 76 46 W
TEMPERATURE IN F: :PCPN: SNOW: WIND :SUNSHINE: SKY :PK WND
================================================================================
1 2 3 4 5 6A 6B 7 8 9 10 11 12 13 14 15 16 17 18
12Z AVG MX 2MIN
DY MAX MIN AVG DEP HDD CDD WTR SNW DPTH SPD SPD DIR MIN PSBL S-S WX SPD DR
================================================================================
1 48 36 42 -8 23 0 T 0.0 0 13.3 25 310 M M 4 36 290
2 51 32 42 -8 23 0 0.00 0.0 0 5.7 14 190 M M 1 17 200
3 62 31 47 -2 18 0 0.00 0.0 0 5.3 15 180 M M 1 21 180
4 62 36 49 0 16 0 0.00 0.0 0 1.3 6 150 M M 6 8 50
5 67 45 56 8 9 0 0.00 0.0 0 3.6 16 330 M M 4 20 320
6 62 39 51 3 14 0 0.00 0.0 0 4.7 12 180 M M 5 17 170
7 75 47 61 13 4 0 0.00 0.0 0 7.4 24 270 M M 5 32 310
8 57 41 49 2 16 0 0.00 0.0 0 5.0 13 350 M M 3 16 350
9 63 43 53 6 12 0 T 0.0 0 5.7 18 320 M M 7 24 320
10 54 38 46 -1 19 0 T 0.0 0 8.0 23 210 M M 6 29 220
11 56 36 46 0 19 0 0.00 0.0 0 4.9 12 310 M M 4 1 15 300
12 50 32 41 -5 24 0 0.00 0.0 0 2.5 12 290 M M 3 20 280
13 55 28 42 -4 23 0 0.00 0.0 0 3.3 13 220 M M 1 8 19 240
14 58 32 45 0 20 0 0.00 0.0 0 6.0 17 330 M M 1 28 320
15 60 30 45 0 20 0 0.00 0.0 0 3.3 10 190 M M 5 19 200
16 66 33 50 5 15 0 0.00 0.0 0 1.5 8 100 M M 3 1 11 130
17 67 36 52 8 13 0 0.02 0.0 0 4.3 16 210 M M 8 8 28 180
18 58 40 49 5 16 0 0.00 0.0 0 10.7 24 330 M M 4 1 36 330
19 58 32 45 1 20 0 0.00 0.0 0 4.9 15 280 M M 0 21 290
20 48 30 39 -4 26 0 0.00 0.0 0 2.8 9 70 M M 5 13 30
21 49 32 41 -2 24 0 2.31 0.0 0 7.6 18 110 M M 9 1 24 110
22 55 46 51 8 14 0 0.02 0.0 0 10.0 20 310 M M 10 12 26 310
23 55 40 48 6 17 0 0.00 0.0 0 9.6 24 320 M M 4 34 300
24 52 33 43 1 22 0 0.00 0.0 0 7.0 18 320 M M 5 25 320
25 42 26 34 -8 31 0 0.00 0.0 0 4.0 9 330 M M 3 17 360
26 47 30 39 -2 26 0 0.14 0.0 0 4.6 14 150 M M 9 18 20 140
27 45 34 40 -1 25 0 0.00 0.0 0 9.4 25 310 M M 8 12 33 310
28 38 27 33 -8 32 0 T T 0 13.7 31 280 M M 5 41 290
29 34 25 30 -10 35 0 0.00 0.0 0 7.0 18 280 M M 5 24 290
30 55 22 39 -1 26 0 0.00 0.0 0 2.6 13 210 M M 4 21 210
================================================================================
SM 1649 1032 602 0 2.49 T 179.7 M 138
================================================================================
AV 55.0 34.4 6.0 FASTST M M 5 MAX(MPH)
MISC ----> 31 280 41 290
================================================================================
NOTES:
# LAST OF SEVERAL OCCURRENCES
COLUMN 17 PEAK WIND IN M.P.H.
PRELIMINARY LOCAL CLIMATOLOGICAL DATA (WS FORM: F-6) , PAGE 2
STATION: HARRISBURG PA
MONTH: NOVEMBER
YEAR: 2023
LATITUDE: 40 11 N
LONGITUDE: 76 46 W
[TEMPERATURE DATA] [PRECIPITATION DATA] SYMBOLS USED IN COLUMN 16
AVERAGE MONTHLY: 44.7 TOTAL FOR MONTH: 2.49 1 = FOG OR MIST
DPTR FM NORMAL: -0.1 DPTR FM NORMAL: -0.48 2 = FOG REDUCING VISIBILITY
HIGHEST: 75 ON 7 GRTST 24HR 2.33 ON 21-22 TO 1/4 MILE OR LESS
LOWEST: 22 ON 30 3 = THUNDER
SNOW, ICE PELLETS, HAIL 4 = ICE PELLETS
TOTAL MONTH: T 5 = HAIL
GRTST 24HR T ON 28-28 6 = FREEZING RAIN OR DRIZZLE
GRTST DEPTH: 0 7 = DUSTSTORM OR SANDSTORM:
VSBY 1/2 MILE OR LESS
8 = SMOKE OR HAZE
[NO. OF DAYS WITH] [WEATHER - DAYS WITH] 9 = BLOWING SNOW
X = TORNADO
MAX 32 OR BELOW: 0 0.01 INCH OR MORE: 4
MAX 90 OR ABOVE: 0 0.10 INCH OR MORE: 2
MIN 32 OR BELOW: 14 0.50 INCH OR MORE: 1
MIN 0 OR BELOW: 0 1.00 INCH OR MORE: 1
[HDD (BASE 65) ]
TOTAL THIS MO. 602 CLEAR (SCALE 0-3) 8
DPTR FM NORMAL -3 PTCLDY (SCALE 4-7) 19
TOTAL FM JUL 1 855 CLOUDY (SCALE 8-10) 3
DPTR FM NORMAL -98
[CDD (BASE 65) ]
TOTAL THIS MO. 0
DPTR FM NORMAL 0 [PRESSURE DATA]
TOTAL FM JAN 1 1178 HIGHEST SLP 30.53 ON 12
DPTR FM NORMAL 6 LOWEST SLP 29.70 ON 22
[REMARKS]
#FINAL-11-23#