000
CXUS53 KARX 010900
CF6MDZ
PRELIMINARY LOCAL CLIMATOLOGICAL DATA (WS FORM: F-6)
STATION: MEDFORD WI
MONTH: MARCH
YEAR: 2024
LATITUDE: 45 5 N
LONGITUDE: 90 18 W
TEMPERATURE IN F: :PCPN: SNOW: WIND :SUNSHINE: SKY :PK WND
================================================================================
1 2 3 4 5 6A 6B 7 8 9 10 11 12 13 14 15 16 17 18
12Z AVG MX 2MIN
DY MAX MIN AVG DEP HDD CDD WTR SNW DPTH SPD SPD DIR MIN PSBL S-S WX SPD DR
================================================================================
1 51 28 40 M 25 0 0.00 0.0 0 13.2 22 180 M M 0 29 180
2 56 27 42 M 23 0 0.00 0.0 0 7.5 13 140 M M 0 18 160
3 66 37 52 M 13 0 0.25 0.0 0 11.8 24 180 M M 5 3 37 180
4 41 29 35 M 30 0 0.09 M 0 4.0 9 270 M M 6 16 270
5 48 23 36 M 29 0 0.00 0.0 0 4.0 10 70 M M 0 M M
6 49 22 36 M 29 0 0.00 0.0 0 6.3 10 140 M M 1 M M
7 51 32 42 M 23 0 0.00 0.0 0 5.5 10 150 M M 2 17 160
8 41 25 33 M 32 0 M M M 6.2 10 350 M M 7 18 350
9 37 21 29 M 36 0 M M M 11.2 20 330 M M 4 28 330
10 43 18 31 M 34 0 0.00 0.0 0 5.2 9 260 M M 0 M M
11 56 28 42 M 23 0 0.00 0.0 0 5.4 9 210 M M 0 M M
12 65 32 49 M 16 0 0.00 0.0 0 7.2 14 300 M M 0 21 280
13 62 27 45 M 20 0 0.00 0.0 0 3.3 10 50 M M 0 M M
14 55 31 43 M 22 0 0.00 0.0 0 9.9 16 20 M M 1 20 50
15 49 23 36 M 29 0 0.00 0.0 0 5.5 12 260 M M 4 22 220
16 43 28 36 M 29 0 M M 0 14.5 21 320 M M 9 30 290
17 28 19 24 M 41 0 M M 0 12.6 17 320 M M 10 27 320
18 31 19 25 M 40 0 M M 0 9.4 12 240 M M 7 23 350
19 44 27 36 M 29 0 0.00 0.0 0 13.4 21 320 M M 5 29 320
20 27 16 22 M 43 0 0.00 0.0 0 11.2 21 330 M M 4 29 320
21 31 13 22 M 43 0 0.06 M 0 1.1 7 260 M M 6 M M
22 29 13 21 M 44 0 M M M 3.0 9 360 M M 8 16 360
23 29 8 19 M 46 0 M M M 1.8 8 220 M M 2 M M
24 31 22 27 M 38 0 0.33 M M 8.3 16 130 M M 10 12 24 130
25 41 31 36 M 29 0 0.45 M M 10.0 16 100 M M 10 30 110
26 42 19 31 M 34 0 0.49 M M 5.7 13 200 M M 10 20 240
27 27 16 22 M 43 0 M M M 6.1 16 270 M M 9 29 260
28 34 18 26 M 39 0 0.00 0.0 M 9.4 16 270 M M 0 28 270
29 48 18 33 M 32 0 0.00 0.0 M 4.7 9 110 M M 1 16 110
30 41 32 37 M 28 0 M M M 4.8 10 110 M M 10 16 110
31 45 27 36 M 29 0 0.00 0.0 M 2.5 8 170 M M 3 M M
================================================================================
SM 1341 729 971 0 1.67 0.0 224.7 M 134
================================================================================
AV 43.3 23.5 7.2 FASTST M M 4 MAX(MPH)
MISC ----> 24 180 37 180
================================================================================
NOTES:
# LAST OF SEVERAL OCCURRENCES
COLUMN 17 PEAK WIND IN M.P.H.
PRELIMINARY LOCAL CLIMATOLOGICAL DATA (WS FORM: F-6) , PAGE 2
STATION: MEDFORD WI
MONTH: MARCH
YEAR: 2024
LATITUDE: 45 5 N
LONGITUDE: 90 18 W
[TEMPERATURE DATA] [PRECIPITATION DATA] SYMBOLS USED IN COLUMN 16
AVERAGE MONTHLY: 33.4 TOTAL FOR MONTH: 1.67 1 = FOG OR MIST
DPTR FM NORMAL: 0.0 DPTR FM NORMAL: M 2 = FOG REDUCING VISIBILITY
HIGHEST: 66 ON 3 GRTST 24HR 0.49 ON 26-26 TO 1/4 MILE OR LESS
LOWEST: 8 ON 23 3 = THUNDER
SNOW, ICE PELLETS, HAIL 4 = ICE PELLETS
TOTAL MONTH: 0.0 INCH 5 = HAIL
GRTST 24HR 0.0 6 = FREEZING RAIN OR DRIZZLE
GRTST DEPTH: 0 7 = DUSTSTORM OR SANDSTORM:
VSBY 1/2 MILE OR LESS
8 = SMOKE OR HAZE
[NO. OF DAYS WITH] [WEATHER - DAYS WITH] 9 = BLOWING SNOW
X = TORNADO
MAX 32 OR BELOW: 8 0.01 INCH OR MORE: 6
MAX 90 OR ABOVE: 0 0.10 INCH OR MORE: 4
MIN 32 OR BELOW: 30 0.50 INCH OR MORE: 0
MIN 0 OR BELOW: 0 1.00 INCH OR MORE: 0
[HDD (BASE 65) ]
TOTAL THIS MO. 971 CLEAR (SCALE 0-3) 14
DPTR FM NORMAL M PTCLDY (SCALE 4-7) 10
TOTAL FM JUL 1 6310 CLOUDY (SCALE 8-10) 7
DPTR FM NORMAL M
[CDD (BASE 65) ]
TOTAL THIS MO. 0
DPTR FM NORMAL M [PRESSURE DATA]
TOTAL FM JAN 1 0 HIGHEST SLP M ON M
DPTR FM NORMAL M LOWEST SLP M ON M
[REMARKS]
#FINAL-03-24#