000
CXUS53 KARX 010900
CF6MDZ
PRELIMINARY LOCAL CLIMATOLOGICAL DATA (WS FORM: F-6)
STATION: MEDFORD WI
MONTH: MAY
YEAR: 2021
LATITUDE: 45 5 N
LONGITUDE: 90 18 W
TEMPERATURE IN F: :PCPN: SNOW: WIND :SUNSHINE: SKY :PK WND
================================================================================
1 2 3 4 5 6A 6B 7 8 9 10 11 12 13 14 15 16 17 18
12Z AVG MX 2MIN
DY MAX MIN AVG DEP HDD CDD WTR SNW DPTH SPD SPD DIR MIN PSBL S-S WX SPD DR
================================================================================
1 81 40 61 M 4 0 0.00 0.0 0 10.0 15 190 M M 1 24 190
2 69 46 58 M 7 0 0.05 0.0 0 7.5 22 30 M M 5 27 30
3 61 43 52 M 13 0 0.29 0.0 0 8.6 18 350 M M 9 25 350
4 53 35 44 M 21 0 0.00 0.0 0 11.1 18 340 M M 8 27 340
5 56 29 43 M 22 0 0.00 0.0 0 6.2 15 360 M M 3 21 280
6 55 34 45 M 20 0 M 0.0 0 6.7 16 310 M M 7 25 310
7 46 28 37 M 28 0 0.00 0.0 0 8.2 16 360 M M 4 23 350
8 55 24 40 M 25 0 0.00 0.0 0 2.7 13 340 M M 4 20 340
9 57 27 42 M 23 0 0.00 0.0 0 6.9 16 20 M M 6 21 20
10 48 29 39 M 26 0 0.00 0.0 0 7.0 13 360 M M 6 21 20
11 56 25 41 M 24 0 0.00 0.0 0 4.0 10 330 M M 2 23 360
12 62 27 45 M 20 0 0.00 0.0 0 2.5 12 210 M M 3 M M
13 66 33 50 M 15 0 0.00 0.0 0 3.7 10 270 M M 2 22 300
14 67 38 53 M 12 0 M 0.0 0 7.4 14 210 M M 3 23 210
15 58 40 49 M 16 0 0.03 0.0 0 5.5 10 120 M M 9 2 17 120
16 69 37 53 M 12 0 M M M 2.5 7 170 M M 6 12 M M
17 74 44 59 M 6 0 0.00 0.0 0 4.3 13 170 M M 2 18 170
18 74 50 62 M 3 0 0.05 0.0 M 8.1 22 170 M M 5 28 170
19 67 58 63 M 2 0 0.05 0.0 M 9.8 15 170 M M 10 1 20 170
20 70 62 66 M 0 1 0.44 0.0 M 11.0 17 170 M M 10 1 28 170
21 70 63 67 M 0 2 0.27 0.0 M 10.4 15 180 M M 9 1 22 160
22 77 64 71 M 0 6 0.00 0.0 0 7.5 14 210 M M 8 18 210
23 71 50 61 M 4 0 0.00 0.0 0 5.8 14 60 M M 9 12 17 110
24 77 50 64 M 1 0 1.69 0.0 0 6.6 13 170 M M 9 123 17 200
25 76 58 67 M 0 2 0.12 0.0 0 11.2 20 200 M M 5 3 24 210
26 62 44 53 M 12 0 0.00 0.0 0 9.8 17 330 M M 3 27 300
27 44 34 39 M 26 0 0.52 M M 9.2 14 70 M M 10 22 70
28 57 33 45 M 20 0 M M M 7.9 13 50 M M 2 20 70
29 60 29 45 M 20 0 0.00 0.0 0 3.6 8 230 M M 0 M M
30 52 43 48 M 17 0 0.08 0.0 0 5.6 9 180 M M 7 M M
31 71 43 57 M 8 0 M M M 7.1 14 200 M M 4 3 18 200
================================================================================
SM 1961 1260 407 11 3.59 0.0 218.3 M 171
================================================================================
AV 63.3 40.6 7.0 FASTST M M 6 MAX(MPH)
MISC ----> # 22 30 28 170
================================================================================
NOTES:
# LAST OF SEVERAL OCCURRENCES
COLUMN 17 PEAK WIND IN M.P.H.
PRELIMINARY LOCAL CLIMATOLOGICAL DATA (WS FORM: F-6) , PAGE 2
STATION: MEDFORD WI
MONTH: MAY
YEAR: 2021
LATITUDE: 45 5 N
LONGITUDE: 90 18 W
[TEMPERATURE DATA] [PRECIPITATION DATA] SYMBOLS USED IN COLUMN 16
AVERAGE MONTHLY: 52.0 TOTAL FOR MONTH: 3.59 1 = FOG OR MIST
DPTR FM NORMAL: 0.0 DPTR FM NORMAL: M 2 = FOG REDUCING VISIBILITY
HIGHEST: 81 ON 1 GRTST 24HR 1.69 ON 24-24 TO 1/4 MILE OR LESS
LOWEST: 24 ON 8 3 = THUNDER
SNOW, ICE PELLETS, HAIL 4 = ICE PELLETS
TOTAL MONTH: 0.0 INCH 5 = HAIL
GRTST 24HR 0.0 6 = FREEZING RAIN OR DRIZZLE
GRTST DEPTH: 0 7 = DUSTSTORM OR SANDSTORM:
VSBY 1/2 MILE OR LESS
8 = SMOKE OR HAZE
[NO. OF DAYS WITH] [WEATHER - DAYS WITH] 9 = BLOWING SNOW
X = TORNADO
MAX 32 OR BELOW: 0 0.01 INCH OR MORE: 11
MAX 90 OR ABOVE: 0 0.10 INCH OR MORE: 6
MIN 32 OR BELOW: 8 0.50 INCH OR MORE: 2
MIN 0 OR BELOW: 0 1.00 INCH OR MORE: 1
[HDD (BASE 65) ]
TOTAL THIS MO. 407 CLEAR (SCALE 0-3) 8
DPTR FM NORMAL M PTCLDY (SCALE 4-7) 15
TOTAL FM JUL 1 8673 CLOUDY (SCALE 8-10) 8
DPTR FM NORMAL M
[CDD (BASE 65) ]
TOTAL THIS MO. 11
DPTR FM NORMAL M [PRESSURE DATA]
TOTAL FM JAN 1 11 HIGHEST SLP M ON M
DPTR FM NORMAL M LOWEST SLP M ON M
[REMARKS]
#FINAL-05-21#