000
CXUS56 KPDT 011910
CF6MEH
PRELIMINARY LOCAL CLIMATOLOGICAL DATA (WS FORM: F-6)
STATION: MEACHAM OR
MONTH: JANUARY
YEAR: 2023
LATITUDE: 45 30 N
LONGITUDE: 118 24 W
TEMPERATURE IN F: :PCPN: SNOW: WIND :SUNSHINE: SKY :PK WND
================================================================================
1 2 3 4 5 6A 6B 7 8 9 10 11 12 13 14 15 16 17 18
12Z AVG MX 2MIN
DY MAX MIN AVG DEP HDD CDD WTR SNW DPTH SPD SPD DIR MIN PSBL S-S WX SPD DR
================================================================================
1 32 21 27 -1 38 0 T M M 0.0 5 260 M M 9 1 8 280
2 27 9 18 -10 47 0 0.00 M M 0.0 5 240 M M 4 1 14 170
3 32 12 22 -6 43 0 0.07 M M 0.0 5 110 M M 6 1 9 150
4 36 23 30 2 35 0 T M M 1.3 9 110 M M 5 1 30 80
5 42 32 37 9 28 0 T M M 2.2 15 100 M M 1 31 80
6 42 26 34 6 31 0 T M M 0.1 3 190 M M 3 9 140
7 38 33 36 8 29 0 T M M 2.2 13 100 M M 8 27 100
8 40 28 34 6 31 0 0.06 M M 1.3 8 110 M M 7 18 29 80
9 37 26 32 4 33 0 0.11 M M 1.3 10 110 M M 6 1 27 90
10 37 21 29 1 36 0 0.00 M M 0.9 9 100 M M 3 24 90
11 40 28 34 6 31 0 T M M 0.7 6 140 M M 6 23 90
12 40 34 37 8 28 0 0.67 M M 1.0 7 110 M M 8 1 22 70
13 41 36 39 10 26 0 0.00 M M 1.9 10 100 M M 6 31 160
14 42 35 39 10 26 0 0.02 M M 0.8 10 100 M M 7 24 90
15 38 33 36 7 29 0 0.03 M M 0.5 7 100 M M 7 1 13 190
16 38 23 31 2 34 0 0.02 M M 0.5 6 270 M M 6 1 11 290
17 35 20 28 -1 37 0 0.01 M M 0.0 5 300 M M 7 1 8 300
18 34 20 27 -2 38 0 0.51 M M 0.1 5 280 M M 7 1 10 300
19 31 9 20 -9 45 0 0.03 M M 0.5 7 260 M M 7 1 12 260
20 33 1 17 -12 48 0 0.00 M M 0.0 3 250 M M 0 5 200
21 33 3 18 -11 47 0 0.14 M M 0.2 10 260 M M 4 1 21 290
22 29 14 22 -7 43 0 0.39 M M 2.0 8 300 M M 9 12 17 270
23 33 8 21 -9 44 0 0.00 M M 0.1 5 90 M M 3 1 8 90
24 37 0 19 -11 46 0 0.00 M M 0.3 6 270 M M 5 1 13 330
25 40 19 30 0 35 0 0.00 M M 0.0 6 270 M M 6 1 9 280
26 47 12 30 0 35 0 0.00 M M 0.2 7 280 M M 3 17 270
27 41 32 37 7 28 0 0.80 M M 2.8 12 280 M M 9 1 24 250
28 32 15 24 -6 41 0 T M M 1.7 9 290 M M 10 1 18 310
29 15 -10 3 -27 62 0 T M M 1.5 7 300 M M 7 1 13 20
30 23 -16 4 -26 61 0 0.00 M M 0.1 5 40 M M 1 7 160
31 27 14 21 -9 44 0 0.01 M M 0.1 5 110 M M 8 8 190
================================================================================
SM 1092 561 1179 0 2.87 M 24.3 M 178
================================================================================
AV 35.2 18.1 0.8 FASTST M M 6 MAX(MPH)
MISC ----> 15 100 # 31 80
================================================================================
NOTES:
# LAST OF SEVERAL OCCURRENCES
COLUMN 17 PEAK WIND IN M.P.H.
PRELIMINARY LOCAL CLIMATOLOGICAL DATA (WS FORM: F-6) , PAGE 2
STATION: MEACHAM OR
MONTH: JANUARY
YEAR: 2023
LATITUDE: 45 30 N
LONGITUDE: 118 24 W
[TEMPERATURE DATA] [PRECIPITATION DATA] SYMBOLS USED IN COLUMN 16
AVERAGE MONTHLY: 26.7 TOTAL FOR MONTH: 2.87 1 = FOG OR MIST
DPTR FM NORMAL: -2.1 DPTR FM NORMAL: -1.64 2 = FOG REDUCING VISIBILITY
HIGHEST: 47 ON 26 GRTST 24HR 0.80 ON 27-27 TO 1/4 MILE OR LESS
LOWEST: -16 ON 30 3 = THUNDER
SNOW, ICE PELLETS, HAIL 4 = ICE PELLETS
TOTAL MONTH: M 5 = HAIL
GRTST 24HR M ON M 6 = FREEZING RAIN OR DRIZZLE
GRTST DEPTH: M ON M 7 = DUSTSTORM OR SANDSTORM:
VSBY 1/2 MILE OR LESS
8 = SMOKE OR HAZE
[NO. OF DAYS WITH] [WEATHER - DAYS WITH] 9 = BLOWING SNOW
X = TORNADO
MAX 32 OR BELOW: 9 0.01 INCH OR MORE: 14
MAX 90 OR ABOVE: 0 0.10 INCH OR MORE: 6
MIN 32 OR BELOW: 26 0.50 INCH OR MORE: 3
MIN 0 OR BELOW: 3 1.00 INCH OR MORE: 0
[HDD (BASE 65) ]
TOTAL THIS MO. 1179 CLEAR (SCALE 0-3) 5
DPTR FM NORMAL 58 PTCLDY (SCALE 4-7) 20
TOTAL FM JUL 1 4401 CLOUDY (SCALE 8-10) 6
DPTR FM NORMAL -213
[CDD (BASE 65) ]
TOTAL THIS MO. 0
DPTR FM NORMAL 0 [PRESSURE DATA]
TOTAL FM JAN 1 0 HIGHEST SLP 30.66 ON 25
DPTR FM NORMAL 0 LOWEST SLP 29.41 ON 15
[REMARKS]
#FINAL-01-23#