221
CXUS56 KPDT 011810
CF6MEH
PRELIMINARY LOCAL CLIMATOLOGICAL DATA (WS FORM: F-6)
STATION: MEACHAM OR
MONTH: SEPTEMBER
YEAR: 2020
LATITUDE: 45 30 N
LONGITUDE: 118 24 W
TEMPERATURE IN F: :PCPN: SNOW: WIND :SUNSHINE: SKY :PK WND
================================================================================
1 2 3 4 5 6A 6B 7 8 9 10 11 12 13 14 15 16 17 18
12Z AVG MX 2MIN
DY MAX MIN AVG DEP HDD CDD WTR SNW DPTH SPD SPD DIR MIN PSBL S-S WX SPD DR
================================================================================
1 84 37 61 6 4 0 0.00 M M 0.7 6 99 M M 0 M M
2 87 41 64 9 1 0 0.00 M M 1.0 6 99 M M 0 M M
3 87 43 65 10 0 0 0.00 M M 1.2 6 99 M M 0 M M
4 97 37 67 13 0 2 0.00 M M 1.1 7 270 M M 0 13 100
5 87 45 66 12 0 1 0.00 M M 0.8 5 99 M M 1 M M
6 88 34 61 7 4 0 0.00 M M 1.2 7 280 M M 0 13 230
7 70 45 58 4 7 0 0.00 M M 2.4 16 20 M M 4 8 35 30
8 65 31 48 -6 17 0 0.00 M M 2.5 14 90 M M 0 25 100
9 77 27 52 -1 13 0 0.00 M M 0.8 7 10 M M 0 13 10
10 84 32 58 5 7 0 0.00 M M 0.9 9 30 M M 0 8 16 310
11 83 31 57 4 8 0 0.00 M M 1.0 8 20 M M 4 8 14 30
12 79 36 58 6 7 0 0.00 M M 0.0 5 260 M M 10 8 9 270
13 85 36 61 9 4 0 0.00 M M 0.6 6 90 M M 10 8 12 70
14 86 40 63 11 2 0 0.00 M M 0.6 6 320 M M 9 8 13 300
15 78 36 57 6 8 0 0.00 M M 0.4 6 10 M M 10 8 10 350
16 85 35 60 9 5 0 0.00 M M 0.5 6 30 M M 10 8 12 20
17 80 36 58 7 7 0 0.00 M M 0.0 3 40 M M 10 8 8 320
18 77 37 57 7 8 0 0.03 M M 0.5 7 30 M M 5 18 13 340
19 63 42 53 3 12 0 0.06 M M 0.3 6 270 M M 8 1 13 300
20 70 34 52 2 13 0 0.00 M M 0.4 7 10 M M 2 13 20
21 75 33 54 4 11 0 0.00 M M 0.9 7 290 M M 0 13 300
22 71 48 60 11 5 0 0.00 M M 1.1 7 300 M M 3 12 330
23 78 48 63 14 2 0 0.00 M M 1.2 8 300 M M 1 17 240
24 62 37 50 1 15 0 0.28 M M 1.3 10 270 M M 4 1 17 290
25 62 33 48 0 17 0 0.40 M M 1.0 9 250 M M 8 1 21 300
26 59 42 51 3 14 0 0.30 M M 1.7 8 270 M M 8 1 17 250
27 61 46 54 6 11 0 0.00 M M 1.0 6 99 M M 5 M M
28 74 30 52 5 13 0 0.00 M M 1.2 5 99 M M 0 M M
29 82 34 58 11 7 0 0.00 M M 1.2 7 90 M M 0 M M
30 80 47 64 17 1 0 0.00 M M 1.3 5 99 M M 0 M M
================================================================================
SM 2316 1133 223 3 1.07 M 28.8 M 112
================================================================================
AV 77.2 37.8 1.0 FASTST M M 4 MAX(MPH)
MISC ----> 16 20 35 30
================================================================================
NOTES:
# LAST OF SEVERAL OCCURRENCES
COLUMN 17 PEAK WIND IN M.P.H.
PRELIMINARY LOCAL CLIMATOLOGICAL DATA (WS FORM: F-6) , PAGE 2
STATION: MEACHAM OR
MONTH: SEPTEMBER
YEAR: 2020
LATITUDE: 45 30 N
LONGITUDE: 118 24 W
[TEMPERATURE DATA] [PRECIPITATION DATA] SYMBOLS USED IN COLUMN 16
AVERAGE MONTHLY: 57.5 TOTAL FOR MONTH: 1.07 1 = FOG OR MIST
DPTR FM NORMAL: 6.3 DPTR FM NORMAL: -0.46 2 = FOG REDUCING VISIBILITY
HIGHEST: 97 ON 4 GRTST 24HR 0.70 ON 25-26 TO 1/4 MILE OR LESS
LOWEST: 27 ON 9 3 = THUNDER
SNOW, ICE PELLETS, HAIL 4 = ICE PELLETS
TOTAL MONTH: M 5 = HAIL
GRTST 24HR M ON M 6 = FREEZING RAIN OR DRIZZLE
GRTST DEPTH: M ON M 7 = DUSTSTORM OR SANDSTORM:
VSBY 1/2 MILE OR LESS
8 = SMOKE OR HAZE
[NO. OF DAYS WITH] [WEATHER - DAYS WITH] 9 = BLOWING SNOW
X = TORNADO
MAX 32 OR BELOW: 0 0.01 INCH OR MORE: 5
MAX 90 OR ABOVE: 1 0.10 INCH OR MORE: 3
MIN 32 OR BELOW: 5 0.50 INCH OR MORE: 0
MIN 0 OR BELOW: 0 1.00 INCH OR MORE: 0
[HDD (BASE 65) ]
TOTAL THIS MO. 223 CLEAR (SCALE 0-3) 16
DPTR FM NORMAL -194 PTCLDY (SCALE 4-7) 8
TOTAL FM JUL 1 518 CLOUDY (SCALE 8-10) 6
DPTR FM NORMAL -312
[CDD (BASE 65) ]
TOTAL THIS MO. 3
DPTR FM NORMAL 2 [PRESSURE DATA]
TOTAL FM JAN 1 98 HIGHEST SLP M ON M
DPTR FM NORMAL 74 LOWEST SLP 29.83 ON 23
[REMARKS]
#FINAL-09-20#