000
CXUS54 KJAN 011003
CLMMEI
CLIMATE REPORT
NATIONAL WEATHER SERVICE JACKSON MS
503 AM CDT SAT JUL 01 2023
...................................
...THE MERIDIAN CLIMATE SUMMARY FOR THE MONTH OF JUNE 2023...
CLIMATE NORMAL PERIOD: 1991 TO 2020
CLIMATE RECORD PERIOD: 1889 TO 2023
WEATHER OBSERVED NORMAL DEPART LAST YEAR`S
VALUE DATE(S) VALUE FROM VALUE DATE(S)
NORMAL
................................................................
TEMPERATURE (F)
RECORD
HIGH 104 06/29/1988
06/27/1988
LOW 42 06/01/1984
HIGHEST 98 06/30 96 2 104 06/25
LOWEST 63 06/04 55 8 64 06/04
06/05
AVG. MAXIMUM 90.7 91.0 -0.3 95.6
AVG. MINIMUM 68.8 68.9 -0.1 70.8
MEAN 79.8 80.0 -0.2 83.2
DAYS MAX >= 90 21 18.0 3.0 26
DAYS MAX <= 32 0 0.0 0.0 0
DAYS MIN <= 32 0 0.0 0.0 0
DAYS MIN <= 0 0 0.0 0.0 0
PRECIPITATION (INCHES)
RECORD
MAXIMUM 20.06 1900
MINIMUM 0.21 1917
TOTALS 8.52 4.64 3.88 1.14
DAILY AVG. 0.28 0.15 0.13 0.04
DAYS >= .01 12 10.7 1.3 6
DAYS >= .10 8 6.9 1.1 4
DAYS >= .50 5 3.0 2.0 0
DAYS >= 1.00 3 1.6 1.4 0
GREATEST
24 HR. TOTAL 3.51 06/18 TO 06/19 0.64
SNOWFALL (INCHES)
RECORDS
TOTAL 0.0 MM
TOTALS 0.0 0.0 0.0 0.0
SINCE 7/1 T 0.6 -0.6 MM
DAYS >= TRACE 0
DAYS >= 1.0 0 0.0 0.0 0
GREATEST
24 HR TOTAL MM
DEGREE DAYS
HEATING TOTAL 0 0 0 0
SINCE 7/1 1731 2116 -385 MM
COOLING TOTAL 451 448 3 551
SINCE 1/1 940 866 74 MM
................................................................
WIND (MPH)
AVERAGE WIND SPEED 4.5
HIGHEST WIND SPEED/DIRECTION 35/030 DATE 06/16
35/250 06/10
HIGHEST GUST SPEED/DIRECTION 53/240 DATE 06/10
SKY COVER
POSSIBLE SUNSHINE (PERCENT) MM
AVERAGE SKY COVER 0.22
NUMBER OF DAYS FAIR 23
NUMBER OF DAYS PC 7
NUMBER OF DAYS CLOUDY 0
AVERAGE RH (PERCENT) 73
WEATHER CONDITIONS. NUMBER OF DAYS WITH
THUNDERSTORM 15 MIXED PRECIP 0
HEAVY RAIN 6 RAIN 8
LIGHT RAIN 13 FREEZING RAIN 0
LT FREEZING RAIN 0 HAIL 0
HEAVY SNOW 0 SNOW 0
LIGHT SNOW 0 SLEET 0
FOG 15 FOG W/VIS <= 1/4 MILE 4
HAZE 6
- INDICATES NEGATIVE NUMBERS.
R INDICATES RECORD WAS SET OR TIED.
MM INDICATES DATA IS MISSING.
T INDICATES TRACE AMOUNT.
$$