000
CXUS54 KBRO 010900
CF6MFE
PRELIMINARY LOCAL CLIMATOLOGICAL DATA (WS FORM: F-6)
STATION: MCALLEN
MONTH: DECEMBER
YEAR: 2021
LATITUDE: 26 10 N
LONGITUDE: 98 14 W
TEMPERATURE IN F: :PCPN: SNOW: WIND :SUNSHINE: SKY :PK WND
================================================================================
1 2 3 4 5 6A 6B 7 8 9 10 11 12 13 14 15 16 17 18
12Z AVG MX 2MIN
DY MAX MIN AVG DEP HDD CDD WTR SNW DPTH SPD SPD DIR MIN PSBL S-S WX SPD DR
================================================================================
1 82 57 70 4 0 5 0.00 0.0 0 3.6 12 150 M M 1 1 15 160
2 83 65 74 8 0 9 0.00 0.0 0 5.2 13 120 M M 3 12 16 110
3 85 64 75 9 0 10 0.00 0.0 0 7.3 17 130 M M 3 12 22 140
4 85 68 77 11 0 12 0.00 0.0 M 11.5 22 160 M M 3 1 28 130
5 84 70 77 11 0 12 0.00 0.0 0 13.2 24 150 M M 3 32 160
6 85 65 75 10 0 10 0.00 0.0 0 10.9 25 360 M M 7 34 350
7 69 57 63 -2 2 0 0.00 0.0 0 5.9 17 10 M M 8 24 10
8 74 55 65 0 0 0 0.00 0.0 0 4.2 10 80 M M 7 14 100
9 88 71 80 15 0 15 0.00 0.0 0 11.1 20 160 M M 4 18 26 180
10 89 75 82 17 0 17 0.00 0.0 0 16.5 29 160 M M 7 18 41 160
11 77 52 65 1 0 0 T 0.0 0 13.9 36 10 M M 10 18 48 10
12 69 47 58 -6 7 0 0.00 0.0 0 6.5 14 360 M M 5 25 10
13 81 61 71 7 0 6 0.00 0.0 0 5.9 13 110 M M 5 17 110
14 86 67 77 13 0 12 0.00 0.0 0 10.2 24 140 M M 6 12 30 140
15 86 70 78 14 0 13 0.00 0.0 0 15.3 29 140 M M 5 37 140
16 86 72 79 15 0 14 0.00 0.0 0 15.8 25 140 M M 7 35 160
17 85 71 78 14 0 13 0.00 0.0 0 14.5 26 140 M M 7 36 130
18 83 59 71 7 0 6 T 0.0 0 10.6 29 10 M M 5 1 39 360
19 59 45 52 -11 13 0 0.85 0.0 0 12.2 23 340 M M 10 1 32 340
20 67 45 56 -7 9 0 0.12 0.0 0 6.5 14 320 M M 4 1 19 30
21 71 45 58 -5 7 0 0.00 0.0 0 3.7 9 120 M M 0 1 14 110
22 78 48 63 0 2 0 0.00 0.0 0 7.5 15 140 M M 0 1 22 180
23 79 59 69 6 0 4 0.00 0.0 0 11.7 22 140 M M 4 12 31 160
24 82 63 73 10 0 8 0.00 0.0 0 14.2 25 160 M M 1 36 180
25 84 66 75 12 0 10 0.00 0.0 0 12.4 21 160 M M 0 1 29 150
26 84 65 75 12 0 10 0.00 0.0 0 14.3 30 160 M M 2 1 38 160
27 84 66 75 13 0 10 0.00 0.0 0 15.8 28 150 M M 2 38 140
28 86 70 78 16 0 13 0.00 0.0 0 12.3 24 170 M M 4 18 35 180
29 89 68 79 17 0 14 0.00 0.0 0 5.8 13 130 M M 5 18 16 150
30 85 65 75 13 0 10 0.00 0.0 0 4.8 14 160 M M 4 128 19 150
31 87 72 80 18 0 15 0.00 0.0 0 16.0 26 150 M M 6 18 38 160
================================================================================
SM 2512 1923 40 248 0.97 0.0 319.3 M 138
================================================================================
AV 81.0 62.0 10.3 FASTST M M 4 MAX(MPH)
MISC ----> 36 10 48 10
================================================================================
NOTES:
# LAST OF SEVERAL OCCURRENCES
COLUMN 17 PEAK WIND IN M.P.H.
PRELIMINARY LOCAL CLIMATOLOGICAL DATA (WS FORM: F-6) , PAGE 2
STATION: MCALLEN
MONTH: DECEMBER
YEAR: 2021
LATITUDE: 26 10 N
LONGITUDE: 98 14 W
[TEMPERATURE DATA] [PRECIPITATION DATA] SYMBOLS USED IN COLUMN 16
AVERAGE MONTHLY: 71.5 TOTAL FOR MONTH: 0.97 1 = FOG OR MIST
DPTR FM NORMAL: 7.5 DPTR FM NORMAL: -0.09 2 = FOG REDUCING VISIBILITY
HIGHEST: 89 ON 29,10 GRTST 24HR 0.97 ON 19-20 TO 1/4 MILE OR LESS
LOWEST: 45 ON 21,20 3 = THUNDER
SNOW, ICE PELLETS, HAIL 4 = ICE PELLETS
TOTAL MONTH: 0.0 INCH 5 = HAIL
GRTST 24HR 0.0 6 = FREEZING RAIN OR DRIZZLE
GRTST DEPTH: 0 7 = DUSTSTORM OR SANDSTORM:
VSBY 1/2 MILE OR LESS
8 = SMOKE OR HAZE
[NO. OF DAYS WITH] [WEATHER - DAYS WITH] 9 = BLOWING SNOW
X = TORNADO
MAX 32 OR BELOW: 0 0.01 INCH OR MORE: 2
MAX 90 OR ABOVE: 0 0.10 INCH OR MORE: 2
MIN 32 OR BELOW: 0 0.50 INCH OR MORE: 1
MIN 0 OR BELOW: 0 1.00 INCH OR MORE: 0
[HDD (BASE 65) ]
TOTAL THIS MO. 40 CLEAR (SCALE 0-3) 8
DPTR FM NORMAL -96 PTCLDY (SCALE 4-7) 21
TOTAL FM JUL 1 63 CLOUDY (SCALE 8-10) 2
DPTR FM NORMAL -127
[CDD (BASE 65) ]
TOTAL THIS MO. 248
DPTR FM NORMAL 144 [PRESSURE DATA]
TOTAL FM JAN 1 4739 HIGHEST SLP 30.33 ON 19
DPTR FM NORMAL -251 LOWEST SLP 29.60 ON 28
[REMARKS]
#FINAL-12-21#