000
CXUS54 KBMX 011110
CF6MGM
PRELIMINARY LOCAL CLIMATOLOGICAL DATA (WS FORM: F-6)
STATION: MONTGOMERY
MONTH: APRIL
YEAR: 2020
LATITUDE: 32 17 N
LONGITUDE: 86 24 W
TEMPERATURE IN F: :PCPN: SNOW: WIND :SUNSHINE: SKY :PK WND
================================================================================
1 2 3 4 5 6A 6B 7 8 9 10 11 12 13 14 15 16 17 18
12Z AVG MX 2MIN
DY MAX MIN AVG DEP HDD CDD WTR SNW DPTH SPD SPD DIR MIN PSBL S-S WX SPD DR
================================================================================
1 73 45 59 -2 6 0 0.00 0.0 0 8.0 18 300 M M 0 24 320
2 74 43 59 -2 6 0 0.00 0.0 0 3.5 10 50 M M 0 13 50
3 80 47 64 3 1 0 0.00 0.0 0 2.0 8 280 M M 0 10 310
4 84 54 69 8 0 4 0.00 0.0 0 3.6 13 280 M M 0 20 310
5 84 59 72 10 0 7 0.00 0.0 0 3.4 10 210 M M 5 8 13 210
6 86 55 71 9 0 6 0.00 0.0 0 3.3 9 250 M M 0 12 230
7 80 65 73 11 0 8 0.03 0.0 0 4.1 12 40 M M 7 1 16 30
8 86 65 76 14 0 11 0.05 0.0 0 5.3 16 220 M M 6 138 21 210
9 86 66 76 14 0 11 T 0.0 0 7.3 16 320 M M 3 1 20 320
10 70 43 57 -6 8 0 0.02 M 0 8.2 24 20 M M 2 29 10
11 77 39 58 -5 7 0 0.00 0.0 0 4.0 13 70 M M 0 18 100
12 84 50 67 4 0 2 1.94 0.0 0 13.0 36 260 M M 6 13 49 270
13 78 55 67 4 0 2 0.00 0.0 0 9.4 26 260 M M 1 36 270
14 74 49 62 -2 3 0 0.00 0.0 0 7.1 16 310 M M 1 20 300
15 67 46 57 -7 8 0 0.00 0.0 0 9.6 20 360 M M 1 24 360
16 74 40 57 -7 8 0 0.00 0.0 0 5.3 17 60 M M 0 22 40
17 81 45 63 -1 2 0 0.00 0.0 0 5.6 15 170 M M 0 20 170
18 80 61 71 6 0 6 0.00 0.0 0 6.7 15 340 M M 3 19 330
19 66 57 62 -3 3 0 3.01 0.0 0 10.1 22 30 M M 7 13 30 340
20 77 56 67 2 0 2 0.04 0.0 0 7.4 15 300 M M 4 3 19 310
21 81 50 66 1 0 1 0.00 0.0 0 6.6 20 270 M M 1 1 24 270
22 77 50 64 -2 1 0 T 0.0 0 6.1 16 120 M M 1 19 120
23 72 58 65 -1 0 0 0.83 0.0 0 8.1 29 330 M M 5 13 34 330
24 80 54 67 1 0 2 0.00 0.0 0 5.7 13 290 M M 2 17 280
25 84 58 71 5 0 6 0.00 0.0 0 10.3 21 220 M M 3 29 220
26 76 56 66 -1 0 1 0.00 0.0 0 11.8 23 300 M M 0 32 300
27 78 45 62 -5 3 0 0.00 0.0 0 3.9 12 330 M M 0 15 340
28 84 51 68 1 0 3 0.00 0.0 0 5.1 13 150 M M 0 17 180
29 77 60 69 1 0 4 0.29 0.0 0 9.7 21 160 M M 6 1 30 220
30 74 52 63 -5 2 0 0.00 0.0 0 8.3 20 290 M M 1 26 270
================================================================================
SM 2344 1574 58 76 6.21 0.0 202.5 M 65
================================================================================
AV 78.1 52.5 6.8 FASTST M M 2 MAX(MPH)
MISC ----> # 36 260 # 49 270
================================================================================
NOTES:
# LAST OF SEVERAL OCCURRENCES
COLUMN 17 PEAK WIND IN M.P.H.
PRELIMINARY LOCAL CLIMATOLOGICAL DATA (WS FORM: F-6) , PAGE 2
STATION: MONTGOMERY
MONTH: APRIL
YEAR: 2020
LATITUDE: 32 17 N
LONGITUDE: 86 24 W
[TEMPERATURE DATA] [PRECIPITATION DATA] SYMBOLS USED IN COLUMN 16
AVERAGE MONTHLY: 65.3 TOTAL FOR MONTH: 6.21 1 = FOG OR MIST
DPTR FM NORMAL: 1.2 DPTR FM NORMAL: 2.19 2 = FOG REDUCING VISIBILITY
HIGHEST: 86 ON 9, 8 GRTST 24HR 3.01 ON 19-19 TO 1/4 MILE OR LESS
LOWEST: 39 ON 11 3 = THUNDER
SNOW, ICE PELLETS, HAIL 4 = ICE PELLETS
TOTAL MONTH: 0.0 INCH 5 = HAIL
GRTST 24HR 0.0 6 = FREEZING RAIN OR DRIZZLE
GRTST DEPTH: 0 7 = DUSTSTORM OR SANDSTORM:
VSBY 1/2 MILE OR LESS
8 = SMOKE OR HAZE
[NO. OF DAYS WITH] [WEATHER - DAYS WITH] 9 = BLOWING SNOW
X = TORNADO
MAX 32 OR BELOW: 0 0.01 INCH OR MORE: 8
MAX 90 OR ABOVE: 0 0.10 INCH OR MORE: 4
MIN 32 OR BELOW: 0 0.50 INCH OR MORE: 3
MIN 0 OR BELOW: 0 1.00 INCH OR MORE: 2
[HDD (BASE 65) ]
TOTAL THIS MO. 58 CLEAR (SCALE 0-3) 21
DPTR FM NORMAL -41 PTCLDY (SCALE 4-7) 9
TOTAL FM JUL 1 1512 CLOUDY (SCALE 8-10) 0
DPTR FM NORMAL -714
[CDD (BASE 65) ]
TOTAL THIS MO. 76
DPTR FM NORMAL 4 [PRESSURE DATA]
TOTAL FM JAN 1 252 HIGHEST SLP 30.29 ON 16
DPTR FM NORMAL 151 LOWEST SLP 29.54 ON 12
[REMARKS]
#FINAL-04-20#