000
CXUS53 KFSD 011707
CF6MHE
PRELIMINARY LOCAL CLIMATOLOGICAL DATA (WS FORM: F-6)
STATION: MITCHELL SD
MONTH: NOVEMBER
YEAR: 2023
LATITUDE: 43 46 N
LONGITUDE: 98 2 W
TEMPERATURE IN F: :PCPN: SNOW: WIND :SUNSHINE: SKY :PK WND
================================================================================
1 2 3 4 5 6A 6B 7 8 9 10 11 12 13 14 15 16 17 18
12Z AVG MX 2MIN
DY MAX MIN AVG DEP HDD CDD WTR SNW DPTH SPD SPD DIR MIN PSBL S-S WX SPD DR
================================================================================
1 53 25 39 -3 26 0 0.00 0.0 0 9.2 16 330 M M 2 1 22 310
2 58 21 40 -1 25 0 0.00 0.0 0 4.5 16 160 M M 0 1 21 160
3 53 37 45 4 20 0 0.00 0.0 0 6.7 14 330 M M 8 17 320
4 62 27 45 5 20 0 0.00 0.0 0 5.4 14 200 M M 2 12 19 170
5 70 32 51 11 14 0 0.00 0.0 0 12.5 24 170 M M 0 35 200
6 59 32 46 7 19 0 0.00 0.0 0 10.1 20 320 M M 0 1 27 340
7 52 32 42 3 23 0 0.00 0.0 0 12.5 28 160 M M 4 1 36 160
8 55 32 44 6 21 0 0.00 0.0 0 12.0 33 320 M M 2 1 44 330
9 51 26 39 1 26 0 0.00 0.0 0 13.5 38 300 M M 2 50 300
10 44 24 34 -4 31 0 0.00 0.0 0 6.5 12 260 M M 3 16 270
11 57 29 43 6 22 0 0.00 0.0 0 6.8 14 150 M M 0 1 18 160
12 65 23 44 8 21 0 0.00 0.0 0 8.7 23 290 M M 0 1 29 300
13 68 25 47 11 18 0 0.00 0.0 0 11.5 25 170 M M 0 36 170
14 67 33 50 14 15 0 0.00 0.0 0 12.1 23 200 M M 0 33 190
15 63 25 44 9 21 0 0.00 0.0 0 8.6 18 160 M M 0 27 170
16 68 25 47 12 18 0 0.00 0.0 0 14.4 33 330 M M 0 47 330
17 54 21 38 4 27 0 0.00 0.0 0 7.8 20 200 M M 0 25 210
18 66 29 48 14 17 0 0.00 0.0 0 6.7 14 190 M M 0 18 210
19 55 31 43 10 22 0 0.10 0.0 0 8.6 16 160 M M 5 1 21 160
20 50 44 47 14 18 0 T 0.0 0 7.5 21 340 M M 10 28 340
21 45 26 36 4 29 0 0.00 0.0 0 14.7 28 340 M M 0 37 330
22 62 25 44 12 21 0 0.00 0.0 0 10.4 24 360 M M 0 31 360
23 32 15 24 -7 41 0 0.00 0.0 0 13.7 22 360 M M 1 27 10
24 25 11 18 -13 47 0 0.00 0.0 0 4.6 10 10 M M 4 14 360
25 26 19 23 -7 42 0 0.06 0.7 T 7.0 10 210 M M 8 1 15 190
26 34 14 24 -6 41 0 0.03 0.4 1 16.0 33 340 M M 5 1 46 310
27 31 12 22 -8 43 0 T T T 8.6 25 330 M M 4 31 320
28 48 15 32 3 33 0 0.00 0.0 T 9.8 20 280 M M 0 26 280
29 55 25 40 11 25 0 0.00 0.0 T 8.1 17 180 M M 0 23 180
30 40 17 29 1 36 0 0.00 0.0 0 9.4 18 340 M M 0 25 350
================================================================================
SM 1568 752 782 0 0.19 1.1 287.9 M 60
================================================================================
AV 52.3 25.1 9.6 FASTST M M 2 MAX(MPH)
MISC ----> 38 300 50 300
================================================================================
NOTES:
# LAST OF SEVERAL OCCURRENCES
-COLUMN 17 PEAK WIND IN M.P.H.
-PRECIPITATION AMOUNTS IN COLUMNS 7,8 AND 9 ARE THE OFFICIAL
PRECIPITATION AMOUNTS FOR MITCHELL, SD.
-SNOW DEPTH IN COLUMN 9 IS RECORDED AT 6 AM CST (12Z).
PRELIMINARY LOCAL CLIMATOLOGICAL DATA (WS FORM: F-6) , PAGE 2
STATION: MITCHELL SD
MONTH: NOVEMBER
YEAR: 2023
LATITUDE: 43 46 N
LONGITUDE: 98 2 W
[TEMPERATURE DATA] [PRECIPITATION DATA] SYMBOLS USED IN COLUMN 16
AVERAGE MONTHLY: 38.7 TOTAL FOR MONTH: 0.19 1 = FOG OR MIST
DPTR FM NORMAL: 3.8 DPTR FM NORMAL: -0.36 2 = FOG REDUCING VISIBILITY
HIGHEST: 70 ON 5 GRTST 24HR 0.10 ON 19-19 TO 1/4 MILE OR LESS
LOWEST: 11 ON 24 3 = THUNDER
SNOW, ICE PELLETS, HAIL 4 = ICE PELLETS
TOTAL MONTH: 1.1 INCHES 5 = HAIL
GRTST 24HR 0.7 ON 25-25 6 = FREEZING RAIN OR DRIZZLE
GRTST DEPTH: 1 ON 26 7 = DUSTSTORM OR SANDSTORM:
VSBY 1/2 MILE OR LESS
8 = SMOKE OR HAZE
[NO. OF DAYS WITH] [WEATHER - DAYS WITH] 9 = BLOWING SNOW
X = TORNADO
MAX 32 OR BELOW: 4 0.01 INCH OR MORE: 3
MAX 90 OR ABOVE: 0 0.10 INCH OR MORE: 1
MIN 32 OR BELOW: 27 0.50 INCH OR MORE: 0
MIN 0 OR BELOW: 0 1.00 INCH OR MORE: 0
[HDD (BASE 65) ]
TOTAL THIS MO. 782 CLEAR (SCALE 0-3) 21
DPTR FM NORMAL -121 PTCLDY (SCALE 4-7) 7
TOTAL FM JUL 1 1308 CLOUDY (SCALE 8-10) 2
DPTR FM NORMAL -214
[CDD (BASE 65) ]
TOTAL THIS MO. 0
DPTR FM NORMAL 0 [PRESSURE DATA]
TOTAL FM JAN 1 1113 HIGHEST SLP 30.75 ON 24
DPTR FM NORMAL 234 LOWEST SLP 29.52 ON 5
[REMARKS]
#FINAL-11-23#