000
CXUS56 KMFR 011030
CF6MHS
PRELIMINARY LOCAL CLIMATOLOGICAL DATA (WS FORM: F-6)
STATION: MT SHASTA CITY CA
MONTH: FEBRUARY
YEAR: 2022
LATITUDE: 41 19 N
LONGITUDE: 122 19 W
TEMPERATURE IN F: :PCPN: SNOW: WIND :SUNSHINE: SKY :PK WND
================================================================================
1 2 3 4 5 6A 6B 7 8 9 10 11 12 13 14 15 16 17 18
12Z AVG MX 2MIN
DY MAX MIN AVG DEP HDD CDD WTR SNW DPTH SPD SPD DIR MIN PSBL S-S WX SPD DR
================================================================================
1 41 26 34 -3 31 0 0.00 M M 7.2 17 330 M M 3 38 330
2 47 29 38 1 27 0 0.00 M M 3.2 15 330 M M 1 33 340
3 53 28 41 4 24 0 0.00 M M 1.8 9 290 M M 0 8 18 340
4 57 25 41 4 24 0 0.00 M M 1.3 9 310 M M 0 8 15 280
5 56 29 43 6 22 0 0.00 M M 2.2 10 300 M M 0 8 19 290
6 65 24 45 8 20 0 0.00 M M 1.3 8 310 M M 0 8 15 300
7 61 26 44 7 21 0 0.00 M M 2.1 10 320 M M 0 8 25 350
8 63 33 48 11 17 0 0.00 M M 1.6 12 300 M M 0 8 20 300
9 66 33 50 12 15 0 0.00 M M 1.9 10 310 M M 0 19 280
10 67 31 49 11 16 0 0.00 M M 2.1 10 300 M M 0 18 17 310
11 70 33 52 14 13 0 0.00 M M 2.5 9 300 M M 0 8 16 280
12 69 28 49 11 16 0 0.00 M M 0.1 6 210 M M 0 8 11 220
13 67 30 49 11 16 0 0.00 M M 0.6 5 90 M M 0 8 14 140
14 61 33 47 9 18 0 0.07 M M 3.8 15 340 M M 3 18 34 350
15 46 31 39 1 26 0 0.00 M M 6.2 14 340 M M 5 30 300
16 51 32 42 4 23 0 0.00 M M 9.2 21 340 M M 0 44 340
17 58 24 41 3 24 0 0.00 M M 1.9 9 290 M M 0 8 16 310
18 63 26 45 7 20 0 0.00 M M 2.5 8 300 M M 0 8 14 300
19 67 27 47 9 18 0 0.00 M M 1.8 9 290 M M 0 8 18 310
20 52 31 42 3 23 0 0.00 M M 5.1 14 340 M M 3 27 340
21 43 28 36 -3 29 0 0.01 M M 3.9 13 330 M M 7 1 25 340
22 39 24 32 -7 33 0 0.01 M M 5.8 14 290 M M 5 27 280
23 37 15 26 -13 39 0 0.00 M M 2.9 10 290 M M 0 8 17 280
24 49 14 32 -7 33 0 0.00 M M 3.2 14 290 M M 0 8 25 280
25 52 16 34 -5 31 0 0.00 M M 1.3 8 290 M M 0 14 280
26 51 21 36 -4 29 0 T M M 2.3 7 100 M M 4 8 14 190
27 54 34 44 4 21 0 T M M 1.3 10 90 M M 7 20 80
28 64 31 48 8 17 0 0.00 M M 1.3 7 110 M M 3 18 19 110
================================================================================
SM 1569 762 646 0 0.09 M 80.4 M 41
================================================================================
AV 56.0 27.2 2.9 FASTST M M 1 MAX(MPH)
MISC ----> 21 340 44 340
================================================================================
NOTES:
# LAST OF SEVERAL OCCURRENCES
COLUMN 17 PEAK WIND IN M.P.H.
PRELIMINARY LOCAL CLIMATOLOGICAL DATA (WS FORM: F-6) , PAGE 2
STATION: MT SHASTA CITY CA
MONTH: FEBRUARY
YEAR: 2022
LATITUDE: 41 19 N
LONGITUDE: 122 19 W
[TEMPERATURE DATA] [PRECIPITATION DATA] SYMBOLS USED IN COLUMN 16
AVERAGE MONTHLY: 41.6 TOTAL FOR MONTH: 0.09 1 = FOG OR MIST
DPTR FM NORMAL: 3.5 DPTR FM NORMAL: -6.32 2 = FOG REDUCING VISIBILITY
HIGHEST: 70 ON 11 GRTST 24HR 0.07 ON 14-14 TO 1/4 MILE OR LESS
LOWEST: 14 ON 24 3 = THUNDER
SNOW, ICE PELLETS, HAIL 4 = ICE PELLETS
TOTAL MONTH: M 5 = HAIL
GRTST 24HR M ON M 6 = FREEZING RAIN OR DRIZZLE
GRTST DEPTH: M ON M 7 = DUSTSTORM OR SANDSTORM:
VSBY 1/2 MILE OR LESS
8 = SMOKE OR HAZE
[NO. OF DAYS WITH] [WEATHER - DAYS WITH] 9 = BLOWING SNOW
X = TORNADO
MAX 32 OR BELOW: 0 0.01 INCH OR MORE: 3
MAX 90 OR ABOVE: 0 0.10 INCH OR MORE: 0
MIN 32 OR BELOW: 23 0.50 INCH OR MORE: 0
MIN 0 OR BELOW: 0 1.00 INCH OR MORE: 0
[HDD (BASE 65) ]
TOTAL THIS MO. 646 CLEAR (SCALE 0-3) 23
DPTR FM NORMAL -106 PTCLDY (SCALE 4-7) 5
TOTAL FM JUL 1 3398 CLOUDY (SCALE 8-10) 0
DPTR FM NORMAL -520
[CDD (BASE 65) ]
TOTAL THIS MO. 0
DPTR FM NORMAL 0 [PRESSURE DATA]
TOTAL FM JAN 1 0 HIGHEST SLP 30.59 ON 4
DPTR FM NORMAL 0 LOWEST SLP 29.83 ON 21
[REMARKS]
#FINAL-02-22#